CRAN Package Check Results for Package benchmark

Last updated on 2015-05-27 17:47:08.

Flavor Version Tinstall Tcheck Ttotal Status Flags
r-devel-linux-x86_64-debian-clang 0.3-6 1.62 22.10 23.72 NOTE
r-devel-linux-x86_64-debian-gcc 0.3-6 1.87 21.40 23.27 NOTE
r-devel-linux-x86_64-fedora-clang 0.3-6 47.12 NOTE
r-devel-linux-x86_64-fedora-gcc 0.3-6 44.48 NOTE
r-devel-osx-x86_64-clang 0.3-6 44.51 NOTE
r-devel-windows-ix86+x86_64 0.3-6 6.00 34.00 40.00 NOTE
r-patched-linux-x86_64 0.3-6 1.58 21.59 23.16 NOTE
r-patched-solaris-sparc 0.3-6 285.60 NOTE
r-patched-solaris-x86 0.3-6 67.90 NOTE
r-release-linux-x86_64 0.3-6 1.54 21.36 22.89 NOTE
r-release-osx-x86_64-mavericks 0.3-6 NOTE
r-release-osx-x86_64-snowleopard 0.3-6 ERROR
r-release-windows-ix86+x86_64 0.3-6 6.00 39.00 45.00 NOTE
r-oldrel-windows-ix86+x86_64 0.3-6 10.00 62.00 72.00 NOTE

Check Details

Version: 0.3-6
Check: dependencies in R code
Result: NOTE
    'library' or 'require' call to ‘multcomp’ in package code.
     Please use :: or requireNamespace() instead.
     See section 'Suggested packages' in the 'Writing R Extensions' manual.
Flavors: r-devel-linux-x86_64-debian-clang, r-devel-linux-x86_64-debian-gcc, r-devel-linux-x86_64-fedora-clang, r-devel-linux-x86_64-fedora-gcc, r-devel-osx-x86_64-clang, r-devel-windows-ix86+x86_64, r-patched-linux-x86_64, r-patched-solaris-sparc, r-patched-solaris-x86, r-release-linux-x86_64, r-release-osx-x86_64-mavericks, r-release-windows-ix86+x86_64, r-oldrel-windows-ix86+x86_64

Version: 0.3-6
Check: R code for possible problems
Result: NOTE
    boxplot.AlgorithmPerformance: no visible binding for global variable
     ‘algorithms’
    boxplot.AlgorithmPerformance: no visible binding for global variable
     ‘value’
    boxplot.AlgorithmPerformance: no visible binding for global variable
     ‘samples’
    bsgraph0.dist: no visible global function definition for ‘addEdge’
    bsgraph0.graphNEL: no visible global function definition for
     ‘getDefaultAttrs’
    bsgraph0.graphNEL: no visible global function definition for ‘agopen’
    densityplot.AlgorithmPerformance: no visible binding for global
     variable ‘value’
    densityplot.AlgorithmPerformance: no visible binding for global
     variable ‘algorithms’
    mi: no visible global function definition for ‘mi.plugin’
    patch.relation_class_ids: no visible global function definition for
     ‘relation_is_strict_weak_order’
    plot.DatasetCharacterization: no visible binding for global variable
     ‘characteristics’
    plot.DatasetCharacterization: no visible binding for global variable
     ‘value’
    plot.DatasetCharacterization: no visible binding for global variable
     ‘samples’
    plot.TestResult: no visible binding for global variable ‘samples’
    plot.TestResult: no visible binding for global variable ‘value’
    stripchart.AlgorithmPerformance: no visible binding for global variable
     ‘algorithms’
    stripchart.AlgorithmPerformance: no visible binding for global variable
     ‘value’
    stripchart.AlgorithmPerformance: no visible binding for global variable
     ‘samples’
Flavors: r-devel-linux-x86_64-debian-clang, r-devel-linux-x86_64-debian-gcc, r-devel-linux-x86_64-fedora-clang, r-devel-linux-x86_64-fedora-gcc, r-devel-osx-x86_64-clang, r-devel-windows-ix86+x86_64, r-patched-linux-x86_64, r-patched-solaris-sparc, r-patched-solaris-x86, r-release-linux-x86_64, r-release-osx-x86_64-mavericks, r-release-windows-ix86+x86_64, r-oldrel-windows-ix86+x86_64

Version: 0.3-6
Check: package dependencies
Result: ERROR
    Packages required but not available: ‘ggplot2’ ‘scales’
    
    Packages suggested but not available for checking:
     ‘multcomp’ ‘Rgraphviz’ ‘psychotree’
    
    See section ‘The DESCRIPTION file’ in the ‘Writing R Extensions’
    manual.
Flavor: r-release-osx-x86_64-snowleopard