CRAN Package Check Results for Package benchmark

Last updated on 2014-04-24 15:50:34.

Flavor Version Tinstall Tcheck Ttotal Status Flags
r-devel-linux-x86_64-debian-clang 0.3-5 2.54 33.83 36.37 NOTE
r-devel-linux-x86_64-debian-gcc 0.3-5 2.43 34.09 36.52 NOTE
r-devel-linux-x86_64-fedora-clang 0.3-5 74.72 NOTE
r-devel-linux-x86_64-fedora-gcc 0.3-5 48.94 NOTE
r-devel-osx-x86_64-clang 0.3-5 70.97 NOTE
r-devel-osx-x86_64-gcc 0.3-5 ERROR
r-devel-windows-ix86+x86_64 0.3-5 8.00 55.00 63.00 NOTE
r-patched-linux-x86_64 0.3-5 2.44 33.48 35.92 NOTE
r-patched-solaris-sparc 0.3-5 367.80 NOTE
r-patched-solaris-x86 0.3-5 80.10 NOTE
r-release-linux-ix86 0.3-5 4.00 63.00 67.00 NOTE
r-release-linux-x86_64 0.3-5 2.70 33.40 36.10 NOTE
r-release-osx-x86_64-mavericks 0.3-5 WARN
r-release-osx-x86_64-snowleopard 0.3-5 NOTE
r-release-windows-ix86+x86_64 0.3-5 9.00 54.00 63.00 NOTE
r-oldrel-windows-ix86+x86_64 0.3-5 10.00 51.00 61.00 NOTE

Check Details

Version: 0.3-5
Check: package dependencies
Result: NOTE
    Depends: includes the non-default packages:
     ‘proto’ ‘ggplot2’ ‘reshape’ ‘relations’ ‘psychotools’ ‘scales’
    Adding so many packages to the search path is excessive and importing
    selectively is preferable.
Flavors: r-devel-linux-x86_64-debian-clang, r-devel-linux-x86_64-debian-gcc, r-devel-linux-x86_64-fedora-clang, r-devel-linux-x86_64-fedora-gcc, r-devel-osx-x86_64-clang, r-devel-windows-ix86+x86_64, r-patched-linux-x86_64, r-patched-solaris-sparc, r-patched-solaris-x86, r-release-linux-ix86, r-release-linux-x86_64, r-release-windows-ix86+x86_64

Version: 0.3-5
Check: dependencies in R code
Result: NOTE
    Packages in Depends field not imported from:
     ‘ggplot2’ ‘proto’ ‘reshape’ ‘scales’
     These packages need to be imported from (in the NAMESPACE file)
     for when this namespace is loaded but not attached.
    Unexported object imported by a ':::' call: ‘multcomp:::plot.confint.glht’
     See the note in ?`:::` about the use of this operator.
    See the information on DESCRIPTION files in the chapter ‘Creating R
    packages’ of the ‘Writing R Extensions’ manual.
Flavors: r-devel-linux-x86_64-debian-clang, r-devel-linux-x86_64-debian-gcc, r-devel-linux-x86_64-fedora-clang, r-devel-linux-x86_64-fedora-gcc, r-devel-osx-x86_64-clang, r-devel-windows-ix86+x86_64, r-patched-linux-x86_64, r-patched-solaris-sparc, r-patched-solaris-x86, r-release-linux-ix86, r-release-linux-x86_64, r-release-windows-ix86+x86_64, r-oldrel-windows-ix86+x86_64

Version: 0.3-5
Check: R code for possible problems
Result: NOTE
    boxplot.AlgorithmPerformance: no visible binding for global variable
     ‘algorithms’
    boxplot.AlgorithmPerformance: no visible binding for global variable
     ‘value’
    boxplot.AlgorithmPerformance: no visible binding for global variable
     ‘samples’
    densityplot.AlgorithmPerformance: no visible binding for global
     variable ‘value’
    densityplot.AlgorithmPerformance: no visible binding for global
     variable ‘algorithms’
    plot.DatasetCharacterization: no visible global function definition for
     ‘ddply’
    plot.DatasetCharacterization: no visible binding for global variable
     ‘characteristics’
    plot.DatasetCharacterization: no visible binding for global variable
     ‘value’
    plot.DatasetCharacterization: no visible binding for global variable
     ‘samples’
    plot.TestResult: no visible binding for global variable ‘samples’
    plot.TestResult: no visible binding for global variable ‘value’
    stripchart.AlgorithmPerformance: no visible binding for global variable
     ‘algorithms’
    stripchart.AlgorithmPerformance: no visible binding for global variable
     ‘value’
    stripchart.AlgorithmPerformance: no visible binding for global variable
     ‘samples’
Flavors: r-devel-linux-x86_64-debian-clang, r-devel-linux-x86_64-debian-gcc, r-devel-linux-x86_64-fedora-clang, r-devel-linux-x86_64-fedora-gcc, r-devel-osx-x86_64-clang, r-devel-windows-ix86+x86_64, r-patched-linux-x86_64, r-patched-solaris-sparc, r-patched-solaris-x86, r-release-linux-x86_64, r-release-windows-ix86+x86_64, r-oldrel-windows-ix86+x86_64

Version: 0.3-5
Check: package dependencies
Result: ERROR
    Packages required but not available: ‘ggplot2’ ‘scales’
    
    Packages suggested but not available for checking:
     ‘multcomp’ ‘archetypes’ ‘Rgraphviz’ ‘psychotree’
    
    Depends: includes the non-default packages:
     ‘proto’ ‘ggplot2’ ‘reshape’ ‘relations’ ‘psychotools’ ‘scales’
    Adding so many packages to the search path is excessive and importing
    selectively is preferable.
    
    See the information on DESCRIPTION files in the chapter ‘Creating R
    packages’ of the ‘Writing R Extensions’ manual.
Flavor: r-devel-osx-x86_64-gcc

Version: 0.3-5
Check: R code for possible problems
Result: NOTE
    boxplot.AlgorithmPerformance: no visible binding for global variable
     ‘algorithms’
    boxplot.AlgorithmPerformance: no visible binding for global variable
     ‘value’
    boxplot.AlgorithmPerformance: no visible binding for global variable
     ‘samples’
    densityplot.AlgorithmPerformance: no visible binding for global
     variable ‘value’
    densityplot.AlgorithmPerformance: no visible binding for global
     variable ‘algorithms’
    plot.DatasetCharacterization: no visible binding for global variable
     ‘characteristics’
    plot.DatasetCharacterization: no visible binding for global variable
     ‘value’
    plot.DatasetCharacterization: no visible binding for global variable
     ‘samples’
    plot.TestResult: no visible binding for global variable ‘samples’
    plot.TestResult: no visible binding for global variable ‘value’
    stripchart.AlgorithmPerformance: no visible binding for global variable
     ‘algorithms’
    stripchart.AlgorithmPerformance: no visible binding for global variable
     ‘value’
    stripchart.AlgorithmPerformance: no visible binding for global variable
     ‘samples’
Flavor: r-release-linux-ix86

Version: 0.3-5
Check: package dependencies
Result: NOTE
    Packages suggested but not available for checking:
     ‘multcomp’ ‘lme4’ ‘Rgraphviz’ ‘psychotree’
    
    Depends: includes the non-default packages:
     ‘proto’ ‘ggplot2’ ‘reshape’ ‘relations’ ‘psychotools’ ‘scales’
    Adding so many packages to the search path is excessive and importing
    selectively is preferable.
Flavor: r-release-osx-x86_64-mavericks

Version: 0.3-5
Check: dependencies in R code
Result: NOTE
    Packages in Depends field not imported from:
     ‘ggplot2’ ‘proto’ ‘reshape’ ‘scales’
     These packages need to be imported from (in the NAMESPACE file)
     for when this namespace is loaded but not attached.
    Unavailable namespace imported from by a ':::' call: ‘multcomp’
     See the note in ?`:::` about the use of this operator.
    See the information on DESCRIPTION files in the chapter ‘Creating R
    packages’ of the ‘Writing R Extensions’ manual.
Flavor: r-release-osx-x86_64-mavericks

Version: 0.3-5
Check: R code for possible problems
Result: NOTE
    boxplot.AlgorithmPerformance: no visible binding for global variable
     ‘algorithms’
    boxplot.AlgorithmPerformance: no visible binding for global variable
     ‘value’
    boxplot.AlgorithmPerformance: no visible binding for global variable
     ‘samples’
    bsgraph0.dist: no visible global function definition for ‘addEdge’
    bsgraph0.graphNEL: no visible global function definition for
     ‘getDefaultAttrs’
    bsgraph0.graphNEL: no visible global function definition for ‘agopen’
    densityplot.AlgorithmPerformance: no visible binding for global
     variable ‘value’
    densityplot.AlgorithmPerformance: no visible binding for global
     variable ‘algorithms’
    plot.DatasetCharacterization: no visible binding for global variable
     ‘characteristics’
    plot.DatasetCharacterization: no visible binding for global variable
     ‘value’
    plot.DatasetCharacterization: no visible binding for global variable
     ‘samples’
    plot.TestResult: no visible binding for global variable ‘samples’
    plot.TestResult: no visible binding for global variable ‘value’
    stripchart.AlgorithmPerformance: no visible binding for global variable
     ‘algorithms’
    stripchart.AlgorithmPerformance: no visible binding for global variable
     ‘value’
    stripchart.AlgorithmPerformance: no visible binding for global variable
     ‘samples’
Flavors: r-release-osx-x86_64-mavericks, r-release-osx-x86_64-snowleopard

Version: 0.3-5
Check: Rd cross-references
Result: NOTE
    Package unavailable to check Rd xrefs: ‘graph’
Flavors: r-release-osx-x86_64-mavericks, r-release-osx-x86_64-snowleopard

Version: 0.3-5
Check: PDF version of manual
Result: WARNING
    LaTeX errors when creating PDF version.
    This typically indicates Rd problems.
    LaTeX errors found:
    ! LaTeX Error: File `upquote.sty' not found.
    
    Type X to quit or <RETURN> to proceed,
    or enter new name. (Default extension: sty)
    
    6aa27d9/Rd2.tex:8: ==> Fatal error occurred, no output PDF file produced!
Flavor: r-release-osx-x86_64-mavericks

Version: 0.3-5
Check: package dependencies
Result: NOTE
    Packages suggested but not available for checking: 'multcomp' 'Rgraphviz'
    
    Depends: includes the non-default packages:
     'proto' 'ggplot2' 'reshape' 'relations' 'psychotools' 'scales'
    Adding so many packages to the search path is excessive and importing
    selectively is preferable.
Flavor: r-release-osx-x86_64-snowleopard

Version: 0.3-5
Check: dependencies in R code
Result: NOTE
    Packages in Depends field not imported from:
     'ggplot2' 'proto' 'reshape' 'scales'
     These packages need to be imported from for the case when
     this namespace is loaded but not attached.
    Unavailable namespace imported from by a ':::' call: 'multcomp'
     See the note in ?`:::` about the use of this operator.
    See the information on DESCRIPTION files in the chapter 'Creating R
    packages' of the 'Writing R Extensions' manual.
Flavor: r-release-osx-x86_64-snowleopard