CRAN Package Check Results for Package benchmark

Last updated on 2015-04-01 21:47:32.

Flavor Version Tinstall Tcheck Ttotal Status Flags
r-devel-linux-x86_64-debian-clang 0.3-6 1.55 22.42 23.97 NOTE
r-devel-linux-x86_64-debian-gcc 0.3-6 1.48 21.34 22.82 NOTE
r-devel-linux-x86_64-fedora-clang 0.3-6 45.55 NOTE
r-devel-linux-x86_64-fedora-gcc 0.3-6 44.52 NOTE
r-devel-osx-x86_64-clang 0.3-6 47.89 NOTE
r-prerel-windows-ix86+x86_64 0.3-6 6.00 33.00 39.00 NOTE
r-prerel-linux-x86_64 0.3-6 1.55 21.99 23.54 NOTE
r-prerel-solaris-sparc 0.3-6 309.10 NOTE
r-prerel-solaris-x86 0.3-6 60.90 NOTE
r-release-linux-x86_64 0.3-6 2.50 29.96 32.45 NOTE
r-release-osx-x86_64-mavericks 0.3-6 NOTE
r-release-osx-x86_64-snowleopard 0.3-6 NOTE
r-release-windows-ix86+x86_64 0.3-6 9.00 54.00 63.00 NOTE
r-oldrel-windows-ix86+x86_64 0.3-6 11.00 67.00 78.00 NOTE

Check Details

Version: 0.3-6
Check: dependencies in R code
Result: NOTE
    'library' or 'require' call to ‘multcomp’ in package code.
     Please use :: or requireNamespace() instead.
     See section 'Suggested packages' in the 'Writing R Extensions' manual.
Flavors: r-devel-linux-x86_64-debian-clang, r-devel-linux-x86_64-debian-gcc, r-devel-linux-x86_64-fedora-clang, r-devel-linux-x86_64-fedora-gcc, r-devel-osx-x86_64-clang, r-prerel-windows-ix86+x86_64, r-prerel-linux-x86_64, r-prerel-solaris-sparc, r-prerel-solaris-x86, r-release-linux-x86_64, r-release-windows-ix86+x86_64

Version: 0.3-6
Check: R code for possible problems
Result: NOTE
    boxplot.AlgorithmPerformance: no visible binding for global variable
     ‘algorithms’
    boxplot.AlgorithmPerformance: no visible binding for global variable
     ‘value’
    boxplot.AlgorithmPerformance: no visible binding for global variable
     ‘samples’
    bsgraph0.dist: no visible global function definition for ‘addEdge’
    bsgraph0.graphNEL: no visible global function definition for
     ‘getDefaultAttrs’
    bsgraph0.graphNEL: no visible global function definition for ‘agopen’
    densityplot.AlgorithmPerformance: no visible binding for global
     variable ‘value’
    densityplot.AlgorithmPerformance: no visible binding for global
     variable ‘algorithms’
    mi: no visible global function definition for ‘mi.plugin’
    patch.relation_class_ids: no visible global function definition for
     ‘relation_is_strict_weak_order’
    plot.DatasetCharacterization: no visible binding for global variable
     ‘characteristics’
    plot.DatasetCharacterization: no visible binding for global variable
     ‘value’
    plot.DatasetCharacterization: no visible binding for global variable
     ‘samples’
    plot.TestResult: no visible binding for global variable ‘samples’
    plot.TestResult: no visible binding for global variable ‘value’
    stripchart.AlgorithmPerformance: no visible binding for global variable
     ‘algorithms’
    stripchart.AlgorithmPerformance: no visible binding for global variable
     ‘value’
    stripchart.AlgorithmPerformance: no visible binding for global variable
     ‘samples’
Flavors: r-devel-linux-x86_64-debian-clang, r-devel-linux-x86_64-debian-gcc, r-devel-linux-x86_64-fedora-clang, r-devel-linux-x86_64-fedora-gcc, r-devel-osx-x86_64-clang, r-prerel-windows-ix86+x86_64, r-prerel-linux-x86_64, r-prerel-solaris-sparc, r-prerel-solaris-x86, r-release-linux-x86_64, r-release-osx-x86_64-mavericks, r-release-windows-ix86+x86_64

Version: 0.3-6
Check: R code for possible problems
Result: NOTE
    boxplot.AlgorithmPerformance: no visible binding for global variable
     ‘algorithms’
    boxplot.AlgorithmPerformance: no visible binding for global variable
     ‘value’
    boxplot.AlgorithmPerformance: no visible binding for global variable
     ‘samples’
    densityplot.AlgorithmPerformance: no visible binding for global
     variable ‘value’
    densityplot.AlgorithmPerformance: no visible binding for global
     variable ‘algorithms’
    plot.DatasetCharacterization: no visible binding for global variable
     ‘characteristics’
    plot.DatasetCharacterization: no visible binding for global variable
     ‘value’
    plot.DatasetCharacterization: no visible binding for global variable
     ‘samples’
    plot.TestResult: no visible binding for global variable ‘samples’
    plot.TestResult: no visible binding for global variable ‘value’
    stripchart.AlgorithmPerformance: no visible binding for global variable
     ‘algorithms’
    stripchart.AlgorithmPerformance: no visible binding for global variable
     ‘value’
    stripchart.AlgorithmPerformance: no visible binding for global variable
     ‘samples’
Flavors: r-release-osx-x86_64-snowleopard, r-oldrel-windows-ix86+x86_64