CRAN Package Check Results for Package benchmark

Last updated on 2014-08-29 21:47:34.

Flavor Version Tinstall Tcheck Ttotal Status Flags
r-devel-linux-x86_64-debian-clang 0.3-6 3.08 28.19 31.26 NOTE
r-devel-linux-x86_64-debian-gcc 0.3-6 1.98 27.81 29.79 NOTE
r-devel-linux-x86_64-fedora-clang 0.3-6 67.35 NOTE
r-devel-linux-x86_64-fedora-gcc 0.3-6 60.73 NOTE
r-devel-osx-x86_64-clang 0.3-6 58.78 NOTE
r-devel-windows-ix86+x86_64 0.3-6 10.00 48.00 58.00 NOTE
r-patched-linux-x86_64 0.3-6 2.17 32.34 34.52 NOTE
r-patched-solaris-sparc 0.3-6 415.30 NOTE
r-patched-solaris-x86 0.3-6 93.20 NOTE
r-release-linux-ix86 0.3-6 2.86 42.10 44.96 NOTE
r-release-linux-x86_64 0.3-6 2.54 33.30 35.84 NOTE
r-release-osx-x86_64-mavericks 0.3-6 NOTE
r-release-osx-x86_64-snowleopard 0.3-6 NOTE
r-release-windows-ix86+x86_64 0.3-6 10.00 57.00 67.00 NOTE
r-oldrel-windows-ix86+x86_64 0.3-6 9.00 55.00 64.00 NOTE

Check Details

Version: 0.3-6
Check: R code for possible problems
Result: NOTE
    boxplot.AlgorithmPerformance: no visible binding for global variable
     ‘algorithms’
    boxplot.AlgorithmPerformance: no visible binding for global variable
     ‘value’
    boxplot.AlgorithmPerformance: no visible binding for global variable
     ‘samples’
    bsgraph0.dist: no visible global function definition for ‘addEdge’
    bsgraph0.graphNEL: no visible global function definition for
     ‘getDefaultAttrs’
    bsgraph0.graphNEL: no visible global function definition for ‘agopen’
    densityplot.AlgorithmPerformance: no visible binding for global
     variable ‘value’
    densityplot.AlgorithmPerformance: no visible binding for global
     variable ‘algorithms’
    mi: no visible global function definition for ‘mi.plugin’
    patch.relation_class_ids: no visible global function definition for
     ‘relation_is_strict_weak_order’
    plot.DatasetCharacterization: no visible binding for global variable
     ‘characteristics’
    plot.DatasetCharacterization: no visible binding for global variable
     ‘value’
    plot.DatasetCharacterization: no visible binding for global variable
     ‘samples’
    plot.TestResult: no visible binding for global variable ‘samples’
    plot.TestResult: no visible binding for global variable ‘value’
    stripchart.AlgorithmPerformance: no visible binding for global variable
     ‘algorithms’
    stripchart.AlgorithmPerformance: no visible binding for global variable
     ‘value’
    stripchart.AlgorithmPerformance: no visible binding for global variable
     ‘samples’
Flavors: r-devel-linux-x86_64-debian-clang, r-devel-linux-x86_64-debian-gcc, r-devel-linux-x86_64-fedora-clang, r-devel-linux-x86_64-fedora-gcc, r-devel-osx-x86_64-clang, r-devel-windows-ix86+x86_64

Version: 0.3-6
Check: R code for possible problems
Result: NOTE
    boxplot.AlgorithmPerformance: no visible binding for global variable
     ‘algorithms’
    boxplot.AlgorithmPerformance: no visible binding for global variable
     ‘value’
    boxplot.AlgorithmPerformance: no visible binding for global variable
     ‘samples’
    densityplot.AlgorithmPerformance: no visible binding for global
     variable ‘value’
    densityplot.AlgorithmPerformance: no visible binding for global
     variable ‘algorithms’
    plot.DatasetCharacterization: no visible binding for global variable
     ‘characteristics’
    plot.DatasetCharacterization: no visible binding for global variable
     ‘value’
    plot.DatasetCharacterization: no visible binding for global variable
     ‘samples’
    plot.TestResult: no visible binding for global variable ‘samples’
    plot.TestResult: no visible binding for global variable ‘value’
    stripchart.AlgorithmPerformance: no visible binding for global variable
     ‘algorithms’
    stripchart.AlgorithmPerformance: no visible binding for global variable
     ‘value’
    stripchart.AlgorithmPerformance: no visible binding for global variable
     ‘samples’
Flavors: r-patched-linux-x86_64, r-patched-solaris-sparc, r-patched-solaris-x86, r-release-linux-ix86, r-release-linux-x86_64, r-release-osx-x86_64-snowleopard, r-release-windows-ix86+x86_64, r-oldrel-windows-ix86+x86_64

Version: 0.3-6
Check: package dependencies
Result: NOTE
    Package suggested but not available for checking: ‘Rgraphviz’
Flavor: r-release-osx-x86_64-mavericks

Version: 0.3-6
Check: R code for possible problems
Result: NOTE
    boxplot.AlgorithmPerformance: no visible binding for global variable
     ‘algorithms’
    boxplot.AlgorithmPerformance: no visible binding for global variable
     ‘value’
    boxplot.AlgorithmPerformance: no visible binding for global variable
     ‘samples’
    bsgraph0.dist: no visible global function definition for ‘addEdge’
    bsgraph0.graphNEL: no visible global function definition for
     ‘getDefaultAttrs’
    bsgraph0.graphNEL: no visible global function definition for ‘agopen’
    densityplot.AlgorithmPerformance: no visible binding for global
     variable ‘value’
    densityplot.AlgorithmPerformance: no visible binding for global
     variable ‘algorithms’
    plot.DatasetCharacterization: no visible binding for global variable
     ‘characteristics’
    plot.DatasetCharacterization: no visible binding for global variable
     ‘value’
    plot.DatasetCharacterization: no visible binding for global variable
     ‘samples’
    plot.TestResult: no visible binding for global variable ‘samples’
    plot.TestResult: no visible binding for global variable ‘value’
    stripchart.AlgorithmPerformance: no visible binding for global variable
     ‘algorithms’
    stripchart.AlgorithmPerformance: no visible binding for global variable
     ‘value’
    stripchart.AlgorithmPerformance: no visible binding for global variable
     ‘samples’
Flavor: r-release-osx-x86_64-mavericks

Version: 0.3-6
Check: Rd cross-references
Result: NOTE
    Package unavailable to check Rd xrefs: ‘graph’
Flavor: r-release-osx-x86_64-mavericks