CRAN Package Check Results for Package benchmark

Last updated on 2015-03-06 14:46:50.

Flavor Version Tinstall Tcheck Ttotal Status Flags
r-devel-linux-x86_64-debian-clang 0.3-6 1.83 23.08 24.91 NOTE
r-devel-linux-x86_64-debian-gcc 0.3-6 1.71 24.15 25.86 NOTE
r-devel-linux-x86_64-fedora-clang 0.3-6 48.37 NOTE
r-devel-linux-x86_64-fedora-gcc 0.3-6 45.99 NOTE
r-devel-osx-x86_64-clang 0.3-6 50.36 NOTE
r-devel-windows-ix86+x86_64 0.3-6 7.00 37.00 44.00 NOTE
r-patched-linux-x86_64 0.3-6 2.82 32.92 35.74 NOTE
r-patched-solaris-sparc 0.3-6 381.90 NOTE
r-patched-solaris-x86 0.3-6 84.80 NOTE
r-release-linux-ix86 0.3-6 3.27 45.59 48.86 NOTE
r-release-linux-x86_64 0.3-6 2.78 34.33 37.11 NOTE
r-release-osx-x86_64-mavericks 0.3-6 NOTE
r-release-osx-x86_64-snowleopard 0.3-6 NOTE
r-release-windows-ix86+x86_64 0.3-6 11.00 54.00 65.00 NOTE
r-oldrel-windows-ix86+x86_64 0.3-6 12.00 60.00 72.00 NOTE

Check Details

Version: 0.3-6
Check: dependencies in R code
Result: NOTE
    'library' or 'require' call to ‘multcomp’ in package code.
     Please use :: or requireNamespace() instead.
     See section 'Suggested packages' in the 'Writing R Extensions' manual.
Flavors: r-devel-linux-x86_64-debian-clang, r-devel-linux-x86_64-debian-gcc, r-devel-linux-x86_64-fedora-clang, r-devel-linux-x86_64-fedora-gcc, r-devel-osx-x86_64-clang, r-devel-windows-ix86+x86_64, r-patched-linux-x86_64, r-patched-solaris-sparc, r-patched-solaris-x86

Version: 0.3-6
Check: R code for possible problems
Result: NOTE
    boxplot.AlgorithmPerformance: no visible binding for global variable
     ‘algorithms’
    boxplot.AlgorithmPerformance: no visible binding for global variable
     ‘value’
    boxplot.AlgorithmPerformance: no visible binding for global variable
     ‘samples’
    bsgraph0.dist: no visible global function definition for ‘addEdge’
    bsgraph0.graphNEL: no visible global function definition for
     ‘getDefaultAttrs’
    bsgraph0.graphNEL: no visible global function definition for ‘agopen’
    densityplot.AlgorithmPerformance: no visible binding for global
     variable ‘value’
    densityplot.AlgorithmPerformance: no visible binding for global
     variable ‘algorithms’
    mi: no visible global function definition for ‘mi.plugin’
    patch.relation_class_ids: no visible global function definition for
     ‘relation_is_strict_weak_order’
    plot.DatasetCharacterization: no visible binding for global variable
     ‘characteristics’
    plot.DatasetCharacterization: no visible binding for global variable
     ‘value’
    plot.DatasetCharacterization: no visible binding for global variable
     ‘samples’
    plot.TestResult: no visible binding for global variable ‘samples’
    plot.TestResult: no visible binding for global variable ‘value’
    stripchart.AlgorithmPerformance: no visible binding for global variable
     ‘algorithms’
    stripchart.AlgorithmPerformance: no visible binding for global variable
     ‘value’
    stripchart.AlgorithmPerformance: no visible binding for global variable
     ‘samples’
Flavors: r-devel-linux-x86_64-debian-clang, r-devel-linux-x86_64-debian-gcc, r-devel-linux-x86_64-fedora-clang, r-devel-linux-x86_64-fedora-gcc, r-devel-osx-x86_64-clang, r-devel-windows-ix86+x86_64, r-patched-linux-x86_64, r-patched-solaris-sparc, r-patched-solaris-x86, r-release-linux-ix86, r-release-linux-x86_64, r-release-osx-x86_64-mavericks, r-release-windows-ix86+x86_64

Version: 0.3-6
Check: R code for possible problems
Result: NOTE
    boxplot.AlgorithmPerformance: no visible binding for global variable
     ‘algorithms’
    boxplot.AlgorithmPerformance: no visible binding for global variable
     ‘value’
    boxplot.AlgorithmPerformance: no visible binding for global variable
     ‘samples’
    densityplot.AlgorithmPerformance: no visible binding for global
     variable ‘value’
    densityplot.AlgorithmPerformance: no visible binding for global
     variable ‘algorithms’
    plot.DatasetCharacterization: no visible binding for global variable
     ‘characteristics’
    plot.DatasetCharacterization: no visible binding for global variable
     ‘value’
    plot.DatasetCharacterization: no visible binding for global variable
     ‘samples’
    plot.TestResult: no visible binding for global variable ‘samples’
    plot.TestResult: no visible binding for global variable ‘value’
    stripchart.AlgorithmPerformance: no visible binding for global variable
     ‘algorithms’
    stripchart.AlgorithmPerformance: no visible binding for global variable
     ‘value’
    stripchart.AlgorithmPerformance: no visible binding for global variable
     ‘samples’
Flavors: r-release-osx-x86_64-snowleopard, r-oldrel-windows-ix86+x86_64