CRAN Package Check Results for Package bennu

Last updated on 2024-02-20 22:58:57 CET.

Flavor Version Tinstall Tcheck Ttotal Status Flags
r-devel-linux-x86_64-debian-clang 0.3.0 NOTE
r-devel-linux-x86_64-debian-gcc 0.3.0 151.36 176.74 328.10 NOTE
r-devel-linux-x86_64-fedora-clang 0.3.0 519.41 NOTE
r-devel-linux-x86_64-fedora-gcc 0.3.0 583.06 NOTE
r-devel-windows-x86_64 0.3.0 131.00 211.00 342.00 NOTE
r-patched-linux-x86_64 0.3.0 132.11 237.39 369.50 NOTE
r-release-linux-x86_64 0.3.0 126.64 222.45 349.09 NOTE
r-release-macos-arm64 0.3.0 223.00 NOTE
r-release-macos-x86_64 0.3.0 344.00 NOTE
r-release-windows-x86_64 0.3.0 163.00 271.00 434.00 NOTE
r-oldrel-macos-arm64 0.3.0 161.00 NOTE
r-oldrel-windows-x86_64 0.3.0 151.00 268.00 419.00 NOTE

Check Details

Version: 0.3.0
Check: for GNU extensions in Makefiles
Result: NOTE GNU make is a SystemRequirements. Flavors: r-devel-linux-x86_64-debian-clang, r-devel-linux-x86_64-debian-gcc, r-devel-linux-x86_64-fedora-clang, r-devel-linux-x86_64-fedora-gcc, r-devel-windows-x86_64, r-patched-linux-x86_64, r-release-linux-x86_64, r-release-macos-arm64, r-release-macos-x86_64, r-release-windows-x86_64, r-oldrel-macos-arm64, r-oldrel-windows-x86_64

Version: 0.3.0
Check: Rd cross-references
Result: NOTE Undeclared package ‘tibble’ in Rd xrefs Flavor: r-devel-linux-x86_64-fedora-clang

Version: 0.3.0
Check: installed package size
Result: NOTE installed size is 36.5Mb sub-directories of 1Mb or more: libs 35.9Mb Flavors: r-release-macos-arm64, r-release-macos-x86_64, r-oldrel-macos-arm64