CRAN Package Check Results for Package bentcableAR

Last updated on 2014-04-17 10:47:45.

Flavor Version Tinstall Tcheck Ttotal Status Flags
r-devel-linux-x86_64-debian-clang 0.2.3 0.77 27.49 28.26 NOTE
r-devel-linux-x86_64-debian-gcc 0.2.3 0.72 27.98 28.70 NOTE
r-devel-linux-x86_64-fedora-clang 0.2.3 58.98 NOTE
r-devel-linux-x86_64-fedora-gcc 0.2.3 58.35 NOTE
r-devel-macosx-x86_64-clang 0.2.3 52.72 NOTE
r-devel-macosx-x86_64-gcc 0.2.3 NOTE
r-devel-windows-ix86+x86_64 0.2.3 2.00 56.00 58.00 NOTE
r-patched-linux-x86_64 0.2.3 0.80 28.44 29.25 NOTE
r-patched-solaris-sparc 0.2.3 340.40 NOTE
r-patched-solaris-x86 0.2.3 68.10 NOTE
r-release-linux-ix86 0.2.3 3.00 45.00 48.00 NOTE
r-release-linux-x86_64 0.2.3 0.78 29.01 29.79 NOTE
r-release-windows-ix86+x86_64 0.2.3 4.00 57.00 61.00 NOTE
r-oldrel-windows-ix86+x86_64 0.2.3 2.00 41.00 43.00 NOTE

Check Details

Version: 0.2.3
Check: R code for possible problems
Result: NOTE
    cable.Sig.ar.p: warning in ar(w.vect, aic = FALSE, order = p, demean =
     TRUE, method = method): partial argument match of 'order' to
     'order.max'
    cable.Sig.ar.p: warning in acf(w.vect, plot = FALSE, lag = p, demean =
     TRUE): partial argument match of 'lag' to 'lag.max'
    cable.ar.p.iter: warning in nls(formula = y.vect ~ fullcable.t(t.vect,
     b0, b1, b2, tau, gamm), trace = TRUE, alg = "plinear", start =
     list(b0 = init[1], b1 = init[2], b2 = init[3], tau = init[4], gamm =
     init[5])): partial argument match of 'alg' to 'algorithm'
    cable.ar.p.iter: warning in nls(formula = y.vect ~ fullcable.t(t.vect,
     b0, b1, b2, tau, gamm), trace = TRUE, alg = "port", start = list(b0 =
     init[1], b1 = init[2], b2 = init[3], tau = init[4], gamm = init[5])):
     partial argument match of 'alg' to 'algorithm'
    stick.ar.0: warning in nls(formula = y.vect ~ fullcable.t(t.vect, b0,
     b1, b2, tau, 0), alg = "plinear", start = list(b0 = init.vect[1], b1
     = init.vect[2], b2 = init.vect[3], tau = init.vect[4]), trace =
     TRUE): partial argument match of 'alg' to 'algorithm'
    stick.ar.0: warning in nls(formula = y.vect ~ fullcable.t(t.vect, b0,
     b1, b2, tau, 0), alg = "port", start = list(b0 = init.vect[1], b1 =
     init.vect[2], b2 = init.vect[3], tau = init.vect[4]), trace = TRUE):
     partial argument match of 'alg' to 'algorithm'
Flavors: r-devel-linux-x86_64-debian-clang, r-devel-linux-x86_64-debian-gcc, r-devel-linux-x86_64-fedora-clang, r-devel-linux-x86_64-fedora-gcc, r-devel-macosx-x86_64-clang, r-devel-macosx-x86_64-gcc, r-devel-windows-ix86+x86_64, r-patched-linux-x86_64, r-patched-solaris-sparc, r-patched-solaris-x86, r-release-linux-ix86, r-release-linux-x86_64, r-release-windows-ix86+x86_64, r-oldrel-windows-ix86+x86_64