CRAN Package Check Results for Package bentcableAR

Last updated on 2015-07-28 11:51:27.

Flavor Version Tinstall Tcheck Ttotal Status Flags
r-devel-linux-x86_64-debian-clang 0.3.0 0.70 16.42 17.12 NOTE
r-devel-linux-x86_64-debian-gcc 0.3.0 0.65 15.88 16.54 NOTE
r-devel-linux-x86_64-fedora-clang 0.3.0 33.54 NOTE
r-devel-linux-x86_64-fedora-gcc 0.3.0 31.26 NOTE
r-devel-osx-x86_64-clang 0.3.0 31.22 OK
r-devel-windows-ix86+x86_64 0.3.0 3.00 28.00 31.00 NOTE
r-patched-linux-x86_64 0.3.0 0.71 17.04 17.75 OK
r-patched-solaris-sparc 0.3.0 217.30 OK
r-patched-solaris-x86 0.3.0 45.00 OK
r-release-linux-x86_64 0.3.0 0.68 16.72 17.40 OK
r-release-osx-x86_64-mavericks 0.3.0 OK
r-release-windows-ix86+x86_64 0.3.0 3.00 27.00 30.00 OK
r-oldrel-windows-ix86+x86_64 0.3.0 4.00 36.00 40.00 OK

Check Details

Version: 0.3.0
Check: R code for possible problems
Result: NOTE
    bentcable.ar: no visible global function definition for ‘plot’
    bentcable.ar: no visible global function definition for ‘title’
    bentcable.ar: no visible global function definition for ‘coef’
    bentcable.ar: no visible global function definition for ‘abline’
    bentcable.dev.plot: no visible global function definition for ‘contour’
    bentcable.dev.plot: no visible global function definition for ‘plot’
    cable.Sig.ar.p: no visible global function definition for ‘ar’
    cable.Sig.ar.p: no visible global function definition for ‘acf’
    cable.ar.p.diag: no visible global function definition for ‘par’
    cable.ar.p.diag: no visible global function definition for ‘plot’
    cable.ar.p.diag: no visible global function definition for ‘text’
    cable.ar.p.diag: no visible global function definition for ‘abline’
    cable.ar.p.diag: no visible global function definition for ‘acf’
    cable.ar.p.diag: no visible global function definition for ‘pacf’
    cable.ar.p.iter: no visible global function definition for ‘nls’
    cable.ar.p.iter: no visible global function definition for ‘optim’
    cable.ar.p.plot: no visible global function definition for ‘plot’
    cable.ar.p.plot: no visible global function definition for ‘abline’
    cable.change.conf: no visible global function definition for ‘coef’
    cable.change.conf: no visible global function definition for ‘qnorm’
    cable.dev: no visible global function definition for ‘na.omit’
    cable.diagnose.resid: no visible global function definition for ‘resid’
    cable.diagnose.resid: no visible global function definition for ‘pacf’
    cable.diagnose.resid: no visible global function definition for ‘ar’
    cable.fit.known.change: no visible global function definition for ‘lm’
    cable.fit.known.change: no visible global function definition for
     ‘coef’
    cable.lines: no visible global function definition for ‘segments’
    cable.lines: no visible global function definition for ‘lines’
    cable.lines: no visible global function definition for ‘abline’
    cable.loop: no visible global function definition for ‘lm’
    cable.loop.ar.p: no visible global function definition for ‘arima’
    is.stationary: no visible global function definition for ‘arima.sim’
    stick.ar.0: no visible global function definition for ‘nls’
    Undefined global functions or variables:
     abline acf ar arima arima.sim coef contour lines lm na.omit nls optim
     pacf par plot qnorm resid segments text title
    Consider adding
     importFrom("graphics", "abline", "contour", "lines", "par", "plot",
     "segments", "text", "title")
     importFrom("stats", "acf", "ar", "arima", "arima.sim", "coef", "lm",
     "na.omit", "nls", "optim", "pacf", "qnorm", "resid")
    to your NAMESPACE.
Flavors: r-devel-linux-x86_64-debian-clang, r-devel-linux-x86_64-debian-gcc, r-devel-linux-x86_64-fedora-clang, r-devel-linux-x86_64-fedora-gcc, r-devel-windows-ix86+x86_64