CRAN Package Check Results for Package bentcableAR

Last updated on 2015-06-30 06:46:49.

Flavor Version Tinstall Tcheck Ttotal Status Flags
r-devel-linux-x86_64-debian-clang 0.3.0 0.71 17.09 17.80 NOTE
r-devel-linux-x86_64-debian-gcc 0.3.0 0.64 16.00 16.64 NOTE
r-devel-linux-x86_64-fedora-clang 0.3.0 31.61 OK
r-devel-linux-x86_64-fedora-gcc 0.3.0 31.61 OK
r-devel-osx-x86_64-clang 0.3.0 33.65 OK
r-devel-windows-ix86+x86_64 0.3.0 4.00 28.00 32.00 OK
r-patched-linux-x86_64 0.3.0 0.66 16.24 16.90 OK
r-patched-solaris-sparc 0.3.0 221.30 OK
r-patched-solaris-x86 0.3.0 45.30 OK
r-release-linux-x86_64 0.3.0 0.70 16.33 17.03 OK
r-release-osx-x86_64-mavericks 0.3.0 OK
r-release-windows-ix86+x86_64 0.3.0 2.00 32.00 34.00 OK
r-oldrel-windows-ix86+x86_64 0.3.0 4.00 36.00 40.00 OK

Check Details

Version: 0.3.0
Check: R code for possible problems
Result: NOTE
    bentcable.ar: no visible global function definition for ‘plot’
    bentcable.ar: no visible global function definition for ‘title’
    bentcable.ar: no visible global function definition for ‘coef’
    bentcable.ar: no visible global function definition for ‘abline’
    bentcable.dev.plot: no visible global function definition for ‘contour’
    bentcable.dev.plot: no visible global function definition for ‘plot’
    cable.Sig.ar.p: no visible global function definition for ‘ar’
    cable.Sig.ar.p: no visible global function definition for ‘acf’
    cable.ar.p.diag: no visible global function definition for ‘par’
    cable.ar.p.diag: no visible global function definition for ‘plot’
    cable.ar.p.diag: no visible global function definition for ‘text’
    cable.ar.p.diag: no visible global function definition for ‘abline’
    cable.ar.p.diag: no visible global function definition for ‘acf’
    cable.ar.p.diag: no visible global function definition for ‘pacf’
    cable.ar.p.iter: no visible global function definition for ‘nls’
    cable.ar.p.iter: no visible global function definition for ‘optim’
    cable.ar.p.plot: no visible global function definition for ‘plot’
    cable.ar.p.plot: no visible global function definition for ‘abline’
    cable.change.conf: no visible global function definition for ‘coef’
    cable.change.conf: no visible global function definition for ‘qnorm’
    cable.dev: no visible global function definition for ‘na.omit’
    cable.diagnose.resid: no visible global function definition for ‘resid’
    cable.diagnose.resid: no visible global function definition for ‘pacf’
    cable.diagnose.resid: no visible global function definition for ‘ar’
    cable.fit.known.change: no visible global function definition for ‘lm’
    cable.fit.known.change: no visible global function definition for
     ‘coef’
    cable.lines: no visible global function definition for ‘segments’
    cable.lines: no visible global function definition for ‘lines’
    cable.lines: no visible global function definition for ‘abline’
    cable.loop: no visible global function definition for ‘lm’
    cable.loop.ar.p: no visible global function definition for ‘arima’
    is.stationary: no visible global function definition for ‘arima.sim’
    stick.ar.0: no visible global function definition for ‘nls’
Flavors: r-devel-linux-x86_64-debian-clang, r-devel-linux-x86_64-debian-gcc