CRAN Package Check Results for Package ber

Last updated on 2014-12-22 09:54:10.

Flavor Version Tinstall Tcheck Ttotal Status Flags
r-devel-linux-x86_64-debian-clang 4.0 0.61 11.91 12.52 NOTE
r-devel-linux-x86_64-debian-gcc 4.0 0.62 11.91 12.54 NOTE
r-devel-linux-x86_64-fedora-clang 4.0 25.71 NOTE
r-devel-linux-x86_64-fedora-gcc 4.0 23.77 NOTE
r-devel-osx-x86_64-clang 4.0 28.31 NOTE
r-devel-windows-ix86+x86_64 4.0 3.00 21.00 24.00 NOTE
r-patched-linux-x86_64 4.0 0.72 12.05 12.77 NOTE
r-patched-solaris-sparc 4.0 152.20 NOTE
r-patched-solaris-x86 4.0 34.70 NOTE
r-release-linux-ix86 4.0 0.88 16.81 17.69 NOTE
r-release-linux-x86_64 4.0 0.69 12.02 12.71 NOTE
r-release-osx-x86_64-mavericks 4.0 NOTE
r-release-windows-ix86+x86_64 4.0 3.00 20.00 23.00 NOTE
r-oldrel-windows-ix86+x86_64 4.0 3.00 22.00 25.00 NOTE

Check Details

Version: 4.0
Check: dependencies in R code
Result: NOTE
    'library' or 'require' call to ‘MASS’ which was already attached by Depends.
     Please remove these calls from your code.
    See the information on DESCRIPTION files in the chapter ‘Creating R
    packages’ of the ‘Writing R Extensions’ manual.
Flavors: r-devel-linux-x86_64-debian-clang, r-devel-linux-x86_64-debian-gcc, r-devel-linux-x86_64-fedora-clang, r-devel-linux-x86_64-fedora-gcc, r-devel-osx-x86_64-clang, r-devel-windows-ix86+x86_64, r-patched-linux-x86_64, r-patched-solaris-sparc, r-patched-solaris-x86, r-release-linux-ix86, r-release-linux-x86_64, r-release-osx-x86_64-mavericks, r-release-windows-ix86+x86_64, r-oldrel-windows-ix86+x86_64