CRAN Package Check Results for Package ber

Last updated on 2015-08-01 03:48:45.

Flavor Version Tinstall Tcheck Ttotal Status Flags
r-devel-linux-x86_64-debian-clang 4.0 0.56 10.97 11.53 NOTE
r-devel-linux-x86_64-debian-gcc 4.0 0.54 10.49 11.04 NOTE
r-devel-linux-x86_64-fedora-clang 4.0 21.27 NOTE
r-devel-linux-x86_64-fedora-gcc 4.0 20.16 NOTE
r-devel-osx-x86_64-clang 4.0 21.44 NOTE
r-devel-windows-ix86+x86_64 4.0 5.00 20.00 25.00 NOTE
r-patched-linux-x86_64 4.0 0.57 11.18 11.75 NOTE
r-patched-solaris-sparc 4.0 137.60 NOTE
r-patched-solaris-x86 4.0 31.50 NOTE
r-release-linux-x86_64 4.0 0.64 10.67 11.30 NOTE
r-release-osx-x86_64-mavericks 4.0 NOTE
r-release-windows-ix86+x86_64 4.0 3.00 28.00 31.00 NOTE
r-oldrel-windows-ix86+x86_64 4.0 3.00 32.00 35.00 NOTE

Check Details

Version: 4.0
Check: dependencies in R code
Result: NOTE
    'library' or 'require' call to ‘MASS’ which was already attached by Depends.
     Please remove these calls from your code.
Flavors: r-devel-linux-x86_64-debian-clang, r-devel-linux-x86_64-debian-gcc, r-devel-linux-x86_64-fedora-clang, r-devel-linux-x86_64-fedora-gcc, r-devel-osx-x86_64-clang, r-devel-windows-ix86+x86_64, r-patched-linux-x86_64, r-patched-solaris-sparc, r-patched-solaris-x86, r-release-linux-x86_64, r-release-osx-x86_64-mavericks, r-release-windows-ix86+x86_64, r-oldrel-windows-ix86+x86_64

Version: 4.0
Check: R code for possible problems
Result: NOTE
    ber: no visible global function definition for ‘model.matrix’
    ber: no visible global function definition for ‘as.formula’
    ber_bg: no visible global function definition for ‘model.matrix’
    ber_bg: no visible global function definition for ‘as.formula’
    combat_np: no visible global function definition for ‘as.formula’
    combat_np: no visible global function definition for ‘model.matrix’
    combat_p: no visible global function definition for ‘as.formula’
    combat_p: no visible global function definition for ‘model.matrix’
    combat_p: no visible binding for global variable ‘var’
    combat_p: no visible global function definition for ‘par’
    combat_p: no visible global function definition for ‘density’
    combat_p: no visible global function definition for ‘plot’
    combat_p: no visible global function definition for ‘lines’
    combat_p: no visible global function definition for ‘dnorm’
    combat_p: no visible global function definition for ‘qqnorm’
    combat_p: no visible global function definition for ‘qqline’
    combat_p: no visible global function definition for ‘rgamma’
    combat_p: no visible global function definition for ‘qqplot’
    combat_p: no visible global function definition for ‘title’
    mean_centering: no visible global function definition for
     ‘model.matrix’
    standardization: no visible global function definition for
     ‘model.matrix’
    Undefined global functions or variables:
     as.formula density dnorm lines model.matrix par plot qqline qqnorm
     qqplot rgamma title var
    Consider adding
     importFrom("graphics", "lines", "par", "plot", "title")
     importFrom("stats", "as.formula", "density", "dnorm", "model.matrix",
     "qqline", "qqnorm", "qqplot", "rgamma", "var")
    to your NAMESPACE.
Flavors: r-devel-linux-x86_64-debian-clang, r-devel-linux-x86_64-debian-gcc, r-devel-linux-x86_64-fedora-clang, r-devel-linux-x86_64-fedora-gcc, r-devel-windows-ix86+x86_64