CRAN Package Check Results for Package ber

Last updated on 2015-03-02 19:52:08.

Flavor Version Tinstall Tcheck Ttotal Status Flags
r-devel-linux-x86_64-debian-clang 4.0 0.58 10.98 11.55 NOTE
r-devel-linux-x86_64-debian-gcc 4.0 0.61 10.70 11.31 NOTE
r-devel-linux-x86_64-fedora-clang 4.0 22.87 NOTE
r-devel-linux-x86_64-fedora-gcc 4.0 21.33 NOTE
r-devel-osx-x86_64-clang 4.0 25.23 NOTE
r-devel-windows-ix86+x86_64 4.0 5.00 24.00 29.00 NOTE
r-patched-linux-x86_64 4.0 0.60 12.34 12.93 NOTE
r-patched-solaris-sparc 4.0 152.10 NOTE
r-patched-solaris-x86 4.0 35.20 NOTE
r-release-linux-ix86 4.0 0.90 18.03 18.94 NOTE
r-release-linux-x86_64 4.0 0.59 12.16 12.75 NOTE
r-release-osx-x86_64-mavericks 4.0 NOTE
r-release-windows-ix86+x86_64 4.0 6.00 28.00 34.00 NOTE
r-oldrel-windows-ix86+x86_64 4.0 3.00 21.00 24.00 NOTE

Check Details

Version: 4.0
Check: dependencies in R code
Result: NOTE
    'library' or 'require' call to ‘MASS’ which was already attached by Depends.
     Please remove these calls from your code.
Flavors: r-devel-linux-x86_64-debian-clang, r-devel-linux-x86_64-debian-gcc, r-devel-linux-x86_64-fedora-clang, r-devel-linux-x86_64-fedora-gcc, r-devel-osx-x86_64-clang, r-devel-windows-ix86+x86_64, r-patched-linux-x86_64, r-patched-solaris-x86

Version: 4.0
Check: dependencies in R code
Result: NOTE
    'library' or 'require' call to ‘MASS’ which was already attached by Depends.
     Please remove these calls from your code.
    See the information on DESCRIPTION files in the chapter ‘Creating R
    packages’ of the ‘Writing R Extensions’ manual.
Flavors: r-patched-solaris-sparc, r-release-linux-ix86, r-release-linux-x86_64, r-release-osx-x86_64-mavericks, r-release-windows-ix86+x86_64, r-oldrel-windows-ix86+x86_64