CRAN Package Check Results for Package ber

Last updated on 2014-04-24 07:52:23.

Flavor Version Tinstall Tcheck Ttotal Status Flags
r-devel-linux-x86_64-debian-clang 4.0 0.66 11.93 12.59 NOTE
r-devel-linux-x86_64-debian-gcc 4.0 0.60 11.91 12.52 NOTE
r-devel-linux-x86_64-fedora-clang 4.0 23.65 NOTE
r-devel-linux-x86_64-fedora-gcc 4.0 22.76 NOTE
r-devel-osx-x86_64-clang 4.0 25.84 NOTE
r-devel-osx-x86_64-gcc 4.0 NOTE
r-devel-windows-ix86+x86_64 4.0 2.00 18.00 20.00 NOTE
r-patched-linux-x86_64 4.0 0.59 12.36 12.95 NOTE
r-patched-solaris-sparc 4.0 135.70 NOTE
r-patched-solaris-x86 4.0 33.80 NOTE
r-release-linux-ix86 4.0 1.00 25.00 26.00 NOTE
r-release-linux-x86_64 4.0 0.62 11.64 12.26 NOTE
r-release-osx-x86_64-mavericks 4.0 WARN
r-release-windows-ix86+x86_64 4.0 2.00 19.00 21.00 NOTE
r-oldrel-windows-ix86+x86_64 4.0 3.00 19.00 22.00 NOTE

Check Details

Version: 4.0
Check: dependencies in R code
Result: NOTE
    'library' or 'require' call to ‘MASS’ which was already attached by Depends.
     Please remove these calls from your code.
    See the information on DESCRIPTION files in the chapter ‘Creating R
    packages’ of the ‘Writing R Extensions’ manual.
Flavors: r-devel-linux-x86_64-debian-clang, r-devel-linux-x86_64-debian-gcc, r-devel-linux-x86_64-fedora-clang, r-devel-linux-x86_64-fedora-gcc, r-devel-osx-x86_64-clang, r-devel-osx-x86_64-gcc, r-devel-windows-ix86+x86_64, r-patched-linux-x86_64, r-patched-solaris-sparc, r-patched-solaris-x86, r-release-linux-ix86, r-release-linux-x86_64, r-release-osx-x86_64-mavericks, r-release-windows-ix86+x86_64, r-oldrel-windows-ix86+x86_64

Version: 4.0
Check: PDF version of manual
Result: WARNING
    LaTeX errors when creating PDF version.
    This typically indicates Rd problems.
    LaTeX errors found:
    ! LaTeX Error: File `upquote.sty' not found.
    
    Type X to quit or <RETURN> to proceed,
    or enter new name. (Default extension: sty)
    
    a9ce0a6/Rd2.tex:8: ==> Fatal error occurred, no output PDF file produced!
Flavor: r-release-osx-x86_64-mavericks