CRAN Package Check Results for Package ber

Last updated on 2014-10-24 19:47:35.

Flavor Version Tinstall Tcheck Ttotal Status Flags
r-devel-linux-x86_64-debian-clang 4.0 0.63 11.77 12.40 NOTE
r-devel-linux-x86_64-debian-gcc 4.0 0.64 12.17 12.81 NOTE
r-devel-linux-x86_64-fedora-clang 4.0 23.73 NOTE
r-devel-linux-x86_64-fedora-gcc 4.0 23.22 NOTE
r-devel-osx-x86_64-clang 4.0 28.36 NOTE
r-devel-windows-ix86+x86_64 4.0 3.00 20.00 23.00 NOTE
r-patched-linux-x86_64 4.0 0.62 12.35 12.97 NOTE
r-patched-solaris-sparc 4.0 138.80 NOTE
r-patched-solaris-x86 4.0 34.00 NOTE
r-release-linux-ix86 4.0 0.88 18.30 19.18 NOTE
r-release-linux-x86_64 4.0 0.58 11.84 12.41 NOTE
r-release-osx-x86_64-mavericks 4.0 NOTE
r-release-windows-ix86+x86_64 4.0 2.00 21.00 23.00 NOTE
r-oldrel-windows-ix86+x86_64 4.0 2.00 20.00 22.00 NOTE

Check Details

Version: 4.0
Check: dependencies in R code
Result: NOTE
    'library' or 'require' call to ‘MASS’ which was already attached by Depends.
     Please remove these calls from your code.
    See the information on DESCRIPTION files in the chapter ‘Creating R
    packages’ of the ‘Writing R Extensions’ manual.
Flavors: r-devel-linux-x86_64-debian-clang, r-devel-linux-x86_64-debian-gcc, r-devel-linux-x86_64-fedora-clang, r-devel-linux-x86_64-fedora-gcc, r-devel-osx-x86_64-clang, r-devel-windows-ix86+x86_64, r-patched-linux-x86_64, r-patched-solaris-sparc, r-patched-solaris-x86, r-release-linux-ix86, r-release-linux-x86_64, r-release-osx-x86_64-mavericks, r-release-windows-ix86+x86_64, r-oldrel-windows-ix86+x86_64