CRAN Package Check Results for Package ber

Last updated on 2014-08-29 21:47:34.

Flavor Version Tinstall Tcheck Ttotal Status Flags
r-devel-linux-x86_64-debian-clang 4.0 0.54 10.86 11.41 NOTE
r-devel-linux-x86_64-debian-gcc 4.0 0.60 10.68 11.28 NOTE
r-devel-linux-x86_64-fedora-clang 4.0 23.91 NOTE
r-devel-linux-x86_64-fedora-gcc 4.0 21.99 NOTE
r-devel-osx-x86_64-clang 4.0 24.88 NOTE
r-devel-windows-ix86+x86_64 4.0 2.00 19.00 21.00 NOTE
r-patched-linux-x86_64 4.0 0.57 11.44 12.00 NOTE
r-patched-solaris-sparc 4.0 138.80 NOTE
r-patched-solaris-x86 4.0 33.20 NOTE
r-release-linux-ix86 4.0 0.89 17.44 18.33 NOTE
r-release-linux-x86_64 4.0 0.58 11.58 12.17 NOTE
r-release-osx-x86_64-mavericks 4.0 NOTE
r-release-windows-ix86+x86_64 4.0 3.00 20.00 23.00 NOTE
r-oldrel-windows-ix86+x86_64 4.0 2.00 21.00 23.00 NOTE

Check Details

Version: 4.0
Check: dependencies in R code
Result: NOTE
    'library' or 'require' call to ‘MASS’ which was already attached by Depends.
     Please remove these calls from your code.
    See the information on DESCRIPTION files in the chapter ‘Creating R
    packages’ of the ‘Writing R Extensions’ manual.
Flavors: r-devel-linux-x86_64-debian-clang, r-devel-linux-x86_64-debian-gcc, r-devel-linux-x86_64-fedora-clang, r-devel-linux-x86_64-fedora-gcc, r-devel-osx-x86_64-clang, r-devel-windows-ix86+x86_64, r-patched-linux-x86_64, r-patched-solaris-sparc, r-patched-solaris-x86, r-release-linux-ix86, r-release-linux-x86_64, r-release-osx-x86_64-mavericks, r-release-windows-ix86+x86_64, r-oldrel-windows-ix86+x86_64