CRAN Package Check Results for Package ber

Last updated on 2015-05-30 15:47:37.

Flavor Version Tinstall Tcheck Ttotal Status Flags
r-devel-linux-x86_64-debian-clang 4.0 0.63 11.12 11.76 NOTE
r-devel-linux-x86_64-debian-gcc 4.0 0.56 10.46 11.02 NOTE
r-devel-linux-x86_64-fedora-clang 4.0 22.65 NOTE
r-devel-linux-x86_64-fedora-gcc 4.0 19.66 NOTE
r-devel-osx-x86_64-clang 4.0 24.47 NOTE
r-devel-windows-ix86+x86_64 4.0 3.00 18.00 21.00 NOTE
r-patched-linux-x86_64 4.0 0.56 10.80 11.36 NOTE
r-patched-solaris-sparc 4.0 142.70 NOTE
r-patched-solaris-x86 4.0 31.40 NOTE
r-release-linux-x86_64 4.0 0.57 11.68 12.26 NOTE
r-release-osx-x86_64-mavericks 4.0 NOTE
r-release-osx-x86_64-snowleopard 4.0 NOTE
r-release-windows-ix86+x86_64 4.0 2.00 19.00 21.00 NOTE
r-oldrel-windows-ix86+x86_64 4.0 3.00 27.00 30.00 NOTE

Check Details

Version: 4.0
Check: dependencies in R code
Result: NOTE
    'library' or 'require' call to ‘MASS’ which was already attached by Depends.
     Please remove these calls from your code.
Flavors: r-devel-linux-x86_64-debian-clang, r-devel-linux-x86_64-debian-gcc, r-devel-linux-x86_64-fedora-clang, r-devel-linux-x86_64-fedora-gcc, r-devel-osx-x86_64-clang, r-devel-windows-ix86+x86_64, r-patched-linux-x86_64, r-patched-solaris-sparc, r-patched-solaris-x86, r-release-linux-x86_64, r-release-osx-x86_64-mavericks, r-release-osx-x86_64-snowleopard, r-release-windows-ix86+x86_64, r-oldrel-windows-ix86+x86_64