CRAN Package Check Results for Package ber

Last updated on 2015-07-04 23:47:06.

Flavor Version Tinstall Tcheck Ttotal Status Flags
r-devel-linux-x86_64-debian-clang 4.0 0.58 10.77 11.35 NOTE
r-devel-linux-x86_64-debian-gcc 4.0 0.54 10.58 11.12 NOTE
r-devel-linux-x86_64-fedora-clang 4.0 20.56 NOTE
r-devel-linux-x86_64-fedora-gcc 4.0 18.94 NOTE
r-devel-osx-x86_64-clang 4.0 21.22 NOTE
r-devel-windows-ix86+x86_64 4.0 4.00 18.00 22.00 NOTE
r-patched-linux-x86_64 4.0 0.56 10.64 11.20 NOTE
r-patched-solaris-sparc 4.0 142.70 NOTE
r-patched-solaris-x86 4.0 31.50 NOTE
r-release-linux-x86_64 4.0 0.57 10.75 11.32 NOTE
r-release-osx-x86_64-mavericks 4.0 NOTE
r-release-windows-ix86+x86_64 4.0 4.00 18.00 22.00 NOTE
r-oldrel-windows-ix86+x86_64 4.0 4.00 22.00 26.00 NOTE

Check Details

Version: 4.0
Check: dependencies in R code
Result: NOTE
    'library' or 'require' call to ‘MASS’ which was already attached by Depends.
     Please remove these calls from your code.
Flavors: r-devel-linux-x86_64-debian-clang, r-devel-linux-x86_64-debian-gcc, r-devel-linux-x86_64-fedora-clang, r-devel-linux-x86_64-fedora-gcc, r-devel-osx-x86_64-clang, r-devel-windows-ix86+x86_64, r-patched-linux-x86_64, r-patched-solaris-sparc, r-patched-solaris-x86, r-release-linux-x86_64, r-release-osx-x86_64-mavericks, r-release-windows-ix86+x86_64, r-oldrel-windows-ix86+x86_64

Version: 4.0
Check: R code for possible problems
Result: NOTE
    ber: no visible global function definition for ‘model.matrix’
    ber: no visible global function definition for ‘as.formula’
    ber_bg: no visible global function definition for ‘model.matrix’
    ber_bg: no visible global function definition for ‘as.formula’
    combat_np: no visible global function definition for ‘as.formula’
    combat_np: no visible global function definition for ‘model.matrix’
    combat_p: no visible global function definition for ‘as.formula’
    combat_p: no visible global function definition for ‘model.matrix’
    combat_p: no visible binding for global variable ‘var’
    combat_p: no visible global function definition for ‘par’
    combat_p: no visible global function definition for ‘density’
    combat_p: no visible global function definition for ‘plot’
    combat_p: no visible global function definition for ‘lines’
    combat_p: no visible global function definition for ‘dnorm’
    combat_p: no visible global function definition for ‘qqnorm’
    combat_p: no visible global function definition for ‘qqline’
    combat_p: no visible global function definition for ‘rgamma’
    combat_p: no visible global function definition for ‘qqplot’
    combat_p: no visible global function definition for ‘title’
    mean_centering: no visible global function definition for
     ‘model.matrix’
    standardization: no visible global function definition for
     ‘model.matrix’
    Undefined global functions or variables:
     as.formula density dnorm lines model.matrix par plot qqline qqnorm
     qqplot rgamma title var
Flavors: r-devel-linux-x86_64-debian-clang, r-devel-linux-x86_64-debian-gcc, r-devel-linux-x86_64-fedora-clang, r-devel-linux-x86_64-fedora-gcc, r-devel-windows-ix86+x86_64