CRAN Package Check Results for Package ber

Last updated on 2015-01-26 03:52:17.

Flavor Version Tinstall Tcheck Ttotal Status Flags
r-devel-linux-x86_64-debian-clang 4.0 0.60 10.99 11.60 NOTE
r-devel-linux-x86_64-debian-gcc 4.0 0.58 10.87 11.45 NOTE
r-devel-linux-x86_64-fedora-clang 4.0 24.88 NOTE
r-devel-linux-x86_64-fedora-gcc 4.0 25.31 NOTE
r-devel-osx-x86_64-clang 4.0 33.25 NOTE
r-devel-windows-ix86+x86_64 4.0 4.00 19.00 23.00 NOTE
r-patched-linux-x86_64 4.0 0.62 12.06 12.68 NOTE
r-patched-solaris-sparc 4.0 152.10 NOTE
r-patched-solaris-x86 4.0 34.20 NOTE
r-release-linux-ix86 4.0 0.89 17.44 18.33 NOTE
r-release-linux-x86_64 4.0 0.60 11.89 12.49 NOTE
r-release-osx-x86_64-mavericks 4.0 NOTE
r-release-windows-ix86+x86_64 4.0 3.00 20.00 23.00 NOTE
r-oldrel-windows-ix86+x86_64 4.0 3.00 20.00 23.00 NOTE

Check Details

Version: 4.0
Check: dependencies in R code
Result: NOTE
    'library' or 'require' call to ‘MASS’ which was already attached by Depends.
     Please remove these calls from your code.
Flavors: r-devel-linux-x86_64-debian-clang, r-devel-linux-x86_64-debian-gcc, r-devel-linux-x86_64-fedora-clang, r-devel-linux-x86_64-fedora-gcc, r-devel-osx-x86_64-clang, r-devel-windows-ix86+x86_64

Version: 4.0
Check: dependencies in R code
Result: NOTE
    'library' or 'require' call to ‘MASS’ which was already attached by Depends.
     Please remove these calls from your code.
    See the information on DESCRIPTION files in the chapter ‘Creating R
    packages’ of the ‘Writing R Extensions’ manual.
Flavors: r-patched-linux-x86_64, r-patched-solaris-sparc, r-patched-solaris-x86, r-release-linux-ix86, r-release-linux-x86_64, r-release-osx-x86_64-mavericks, r-release-windows-ix86+x86_64, r-oldrel-windows-ix86+x86_64