CRAN Package Check Results for Package bestglm

Last updated on 2019-11-14 21:46:57 CET.

Flavor Version Tinstall Tcheck Ttotal Status Flags
r-devel-linux-x86_64-debian-clang 0.37.1 8.53 67.71 76.24 OK
r-devel-linux-x86_64-debian-gcc 0.37.1 7.47 52.63 60.10 OK
r-devel-linux-x86_64-fedora-clang 0.37.1 96.21 OK
r-devel-linux-x86_64-fedora-gcc 0.37.1 94.56 OK
r-devel-windows-ix86+x86_64 0.37.1 21.00 114.00 135.00 OK
r-patched-linux-x86_64 0.37 1.91 2.41 4.32 ERROR
r-patched-solaris-x86 0.37.1 130.50 OK
r-release-linux-x86_64 0.37.1 8.04 65.72 73.76 OK
r-release-windows-ix86+x86_64 0.37.1 26.00 111.00 137.00 OK
r-release-osx-x86_64 0.37.1 OK
r-oldrel-windows-ix86+x86_64 0.37.1 13.00 101.00 114.00 OK
r-oldrel-osx-x86_64 0.37 OK

Check Details

Version: 0.37
Check: whether package can be installed
Result: ERROR
    Installation failed.
Flavor: r-patched-linux-x86_64