CRAN Package Check Results for Package bestglm

Last updated on 2015-07-08 03:47:55.

Flavor Version Tinstall Tcheck Ttotal Status Flags
r-devel-linux-x86_64-debian-clang 0.34 1.02 57.94 58.97 NOTE
r-devel-linux-x86_64-debian-gcc 0.34 0.94 57.24 58.18 NOTE
r-devel-linux-x86_64-fedora-clang 0.34 114.84 NOTE
r-devel-linux-x86_64-fedora-gcc 0.34 102.45 NOTE
r-devel-osx-x86_64-clang 0.34 97.53 OK
r-devel-windows-ix86+x86_64 0.34 10.00 140.00 150.00 NOTE
r-patched-linux-x86_64 0.34 1.05 56.96 58.01 OK
r-patched-solaris-sparc 0.34 744.40 OK
r-patched-solaris-x86 0.34 136.50 OK
r-release-linux-x86_64 0.34 1.04 56.25 57.28 OK
r-release-osx-x86_64-mavericks 0.34 OK
r-release-windows-ix86+x86_64 0.34 12.00 135.00 147.00 OK
r-oldrel-windows-ix86+x86_64 0.34 8.00 116.00 124.00 OK

Check Details

Version: 0.34
Check: R code for possible problems
Result: NOTE
    CVDH: no visible global function definition for ‘resid’
    CVDH: no visible global function definition for ‘lm’
    CVDH: no visible global function definition for ‘predict’
    CVDH: no visible global function definition for ‘var’
    CVHTF: no visible binding for global variable ‘gaussian’
    CVHTF: no visible global function definition for ‘lm’
    CVHTF: no visible global function definition for ‘predict’
    CVHTF: no visible global function definition for ‘glm’
    CVHTF: no visible global function definition for ‘var’
    CVd: no visible binding for global variable ‘gaussian’
    CVd: no visible global function definition for ‘lm’
    CVd: no visible global function definition for ‘predict’
    CVd: no visible global function definition for ‘glm’
    CVd: no visible global function definition for ‘sd’
    LOOCV: no visible global function definition for ‘lm’
    LOOCV: no visible global function definition for ‘resid’
    LOOCV: no visible global function definition for ‘lm.influence’
    LOOCV: no visible global function definition for ‘sd’
    bestglm: no visible binding for global variable ‘gaussian’
    bestglm: no visible global function definition for ‘glm’
    bestglm: no visible global function definition for ‘lm’
    bestglm: no visible global function definition for ‘deviance’
    bestglm: no visible global function definition for ‘resid’
    bestglm: no visible global function definition for ‘logLik’
    bestglm: no visible global function definition for ‘lsfit’
    bestglm: no visible global function definition for ‘qchisq’
    print.bestglm: no visible global function definition for ‘aov’
    summary.bestglm: no visible global function definition for ‘deviance’
    summary.bestglm: no visible global function definition for ‘pchisq’
    Undefined global functions or variables:
     aov deviance gaussian glm lm lm.influence logLik lsfit pchisq predict
     qchisq resid sd var
Flavors: r-devel-linux-x86_64-debian-clang, r-devel-linux-x86_64-debian-gcc, r-devel-linux-x86_64-fedora-clang, r-devel-linux-x86_64-fedora-gcc, r-devel-windows-ix86+x86_64