CRAN Package Check Results for Package bestglm

Last updated on 2017-02-22 23:53:42.

Flavor Version Tinstall Tcheck Ttotal Status Flags
r-devel-linux-x86_64-debian-clang 0.35 1.34 49.46 50.80 NOTE
r-devel-linux-x86_64-debian-gcc 0.35 1.36 48.81 50.17 NOTE
r-devel-linux-x86_64-fedora-clang 0.35 92.80 NOTE --no-stop-on-test-error
r-devel-linux-x86_64-fedora-gcc 0.35 86.86 NOTE --no-stop-on-test-error
r-devel-macos-x86_64-clang 0.35 73.69 NOTE --no-stop-on-test-error
r-devel-windows-ix86+x86_64 0.35 12.00 147.00 159.00 OK
r-patched-linux-x86_64 0.35 1.31 45.17 46.48 OK
r-patched-solaris-sparc 0.35 481.00 OK
r-patched-solaris-x86 0.35 99.20 OK
r-release-linux-x86_64 0.35 1.29 43.05 44.33 OK
r-release-osx-x86_64-mavericks 0.35 OK
r-release-windows-ix86+x86_64 0.35 10.00 123.00 133.00 OK
r-oldrel-windows-ix86+x86_64 0.35 10.00 126.00 136.00 OK

Check Details

Version: 0.35
Check: compiled code
Result: NOTE
    File ‘bestglm/libs/bestglm.so’:
     Found no calls to: ‘R_registerRoutines’, ‘R_useDynamicSymbols’
    
    It is good practice to register native routines and to disable symbol
    search.
    
    See ‘Writing portable packages’ in the ‘Writing R Extensions’ manual.
Flavors: r-devel-linux-x86_64-debian-clang, r-devel-linux-x86_64-debian-gcc

Version: 0.35
Flags: --no-stop-on-test-error
Check: compiled code
Result: NOTE
    File ‘bestglm/libs/bestglm.so’:
     Found no calls to: ‘R_registerRoutines’, ‘R_useDynamicSymbols’
    
    It is good practice to register native routines and to disable symbol
    search.
    
    See ‘Writing portable packages’ in the ‘Writing R Extensions’ manual.
Flavors: r-devel-linux-x86_64-fedora-clang, r-devel-linux-x86_64-fedora-gcc, r-devel-macos-x86_64-clang