CRAN Package Check Results for Package betacal

Last updated on 2022-05-23 09:51:04 CEST.

Flavor Version Tinstall Tcheck Ttotal Status Flags
r-devel-linux-x86_64-debian-clang 0.1.0 1.66 30.31 31.97 NOTE
r-devel-linux-x86_64-debian-gcc 0.1.0 1.38 22.73 24.11 NOTE
r-devel-linux-x86_64-fedora-clang 0.1.0 38.48 NOTE
r-devel-linux-x86_64-fedora-gcc 0.1.0 37.58 NOTE
r-devel-windows-x86_64 0.1.0 11.00 43.00 54.00 NOTE
r-patched-linux-x86_64 0.1.0 1.80 29.45 31.25 NOTE
r-release-linux-x86_64 0.1.0 NOTE
r-release-macos-arm64 0.1.0 14.00 NOTE
r-release-macos-x86_64 0.1.0 21.00 NOTE
r-release-windows-x86_64 0.1.0 5.00 41.00 46.00 NOTE
r-oldrel-macos-arm64 0.1.0 21.00 NOTE
r-oldrel-macos-x86_64 0.1.0 29.00 NOTE
r-oldrel-windows-ix86+x86_64 0.1.0 5.00 31.00 36.00 NOTE

Check Details

Version: 0.1.0
Check: LazyData
Result: NOTE
     'LazyData' is specified without a 'data' directory
Flavors: r-devel-linux-x86_64-debian-clang, r-devel-linux-x86_64-debian-gcc, r-devel-linux-x86_64-fedora-clang, r-devel-linux-x86_64-fedora-gcc, r-devel-windows-x86_64, r-patched-linux-x86_64, r-release-linux-x86_64, r-release-macos-arm64, r-release-macos-x86_64, r-release-windows-x86_64, r-oldrel-macos-arm64, r-oldrel-macos-x86_64, r-oldrel-windows-ix86+x86_64