CRAN Package Check Results for Package betalink

Last updated on 2020-09-20 00:47:06 CEST.

Flavor Version Tinstall Tcheck Ttotal Status Flags
r-devel-linux-x86_64-debian-clang 2.2.1 2.49 21.86 24.35 NOTE
r-devel-linux-x86_64-debian-gcc 2.2.1 1.97 17.24 19.21 NOTE
r-devel-linux-x86_64-fedora-clang 2.2.1 38.40 NOTE
r-devel-linux-x86_64-fedora-gcc 2.2.1 29.64 NOTE
r-devel-windows-ix86+x86_64 2.2.1 6.00 37.00 43.00 NOTE
r-patched-linux-x86_64 2.2.1 2.73 21.38 24.11 NOTE
r-patched-solaris-x86 2.2.1 45.10 NOTE
r-release-linux-x86_64 2.2.1 2.54 21.90 24.44 NOTE
r-release-macos-x86_64 2.2.1 NOTE
r-release-windows-ix86+x86_64 2.2.1 6.00 31.00 37.00 NOTE
r-oldrel-macos-x86_64 2.2.1 NOTE
r-oldrel-windows-ix86+x86_64 2.2.1 3.00 30.00 33.00 NOTE

Check Details

Version: 2.2.1
Check: DESCRIPTION meta-information
Result: NOTE
    Checking should be performed on sources prepared by 'R CMD build'.
Flavors: r-devel-linux-x86_64-debian-clang, r-devel-linux-x86_64-debian-gcc, r-devel-linux-x86_64-fedora-clang, r-devel-linux-x86_64-fedora-gcc, r-devel-windows-ix86+x86_64, r-patched-linux-x86_64, r-patched-solaris-x86, r-release-linux-x86_64, r-release-macos-x86_64, r-release-windows-ix86+x86_64, r-oldrel-macos-x86_64, r-oldrel-windows-ix86+x86_64