CRAN Package Check Results for Package betapart

Last updated on 2016-07-27 15:47:35.

Flavor Version Tinstall Tcheck Ttotal Status Flags
r-devel-linux-x86_64-debian-clang 1.3 3.78 41.99 45.77 NOTE
r-devel-linux-x86_64-debian-gcc 1.3 3.40 41.43 44.83 NOTE
r-devel-linux-x86_64-fedora-clang 1.3 74.92 NOTE
r-devel-linux-x86_64-fedora-gcc 1.3 73.11 NOTE
r-devel-osx-x86_64-clang 1.3 61.87 NOTE
r-devel-windows-ix86+x86_64 1.3 13.00 99.00 112.00 NOTE
r-patched-linux-x86_64 1.3 4.01 40.96 44.97 NOTE
r-patched-solaris-sparc 1.3 453.70 NOTE
r-patched-solaris-x86 1.3 102.10 NOTE
r-release-linux-x86_64 1.3 4.32 41.28 45.60 NOTE
r-release-osx-x86_64-mavericks 1.3 NOTE
r-release-windows-ix86+x86_64 1.3 13.00 99.00 112.00 NOTE
r-oldrel-windows-ix86+x86_64 1.3 13.00 95.00 108.00 OK

Check Details

Version: 1.3
Check: R code for possible problems
Result: NOTE
    beta.pair: no visible global function definition for ‘as.dist’
    beta.sample: no visible global function definition for ‘txtProgressBar’
    beta.sample: no visible global function definition for
     ‘setTxtProgressBar’
    beta.sample: no visible binding for global variable ‘sd’
    bray.part: no visible global function definition for ‘as.dist’
    functional.beta.pair: no visible global function definition for
     ‘as.dist’
    functional.betapart.core: no visible global function definition for
     ‘write.table’
    functional.betapart.core: no visible global function definition for
     ‘combn’
    phylo.betapart.core : dist.mat: no visible global function definition
     for ‘as.dist’
    phylo.betapart.core: no visible global function definition for ‘combn’
    Undefined global functions or variables:
     as.dist combn sd setTxtProgressBar txtProgressBar write.table
    Consider adding
     importFrom("stats", "as.dist", "sd")
     importFrom("utils", "combn", "setTxtProgressBar", "txtProgressBar",
     "write.table")
    to your NAMESPACE file.
Flavors: r-devel-linux-x86_64-debian-clang, r-devel-linux-x86_64-debian-gcc, r-devel-linux-x86_64-fedora-clang, r-devel-linux-x86_64-fedora-gcc, r-devel-osx-x86_64-clang, r-devel-windows-ix86+x86_64, r-patched-linux-x86_64, r-patched-solaris-sparc, r-patched-solaris-x86, r-release-linux-x86_64, r-release-osx-x86_64-mavericks, r-release-windows-ix86+x86_64