CRAN Package Check Results for Package betapart

Last updated on 2015-05-22 17:46:31.

Flavor Version Tinstall Tcheck Ttotal Status Flags
r-devel-linux-x86_64-debian-clang 1.3 3.31 35.81 39.12 OK
r-devel-linux-x86_64-debian-gcc 1.3 3.07 35.01 38.08 OK
r-devel-linux-x86_64-fedora-clang 1.3 82.11 OK
r-devel-linux-x86_64-fedora-gcc 1.3 79.19 OK
r-devel-osx-x86_64-clang 1.3 75.44 OK
r-devel-windows-ix86+x86_64 1.3 9.00 53.00 62.00 OK
r-patched-linux-x86_64 1.3 3.07 35.90 38.97 OK
r-patched-solaris-sparc 1.3 484.50 OK
r-patched-solaris-x86 1.3 111.20 OK
r-release-linux-x86_64 1.3 3.06 35.57 38.63 OK
r-release-osx-x86_64-mavericks 1.3 OK
r-release-osx-x86_64-snowleopard 1.3 ERROR
r-release-windows-ix86+x86_64 1.3 10.00 59.00 69.00 OK
r-oldrel-windows-ix86+x86_64 1.3 15.00 75.00 90.00 OK

Check Details

Version: 1.3
Check: package dependencies
Result: ERROR
    Package required but not available: ‘picante’
    
    Package suggested but not available for checking: ‘vegan’
    
    See section ‘The DESCRIPTION file’ in the ‘Writing R Extensions’
    manual.
Flavor: r-release-osx-x86_64-snowleopard