CRAN Package Check Results for Package betapart

Last updated on 2016-04-30 18:46:43.

Flavor Version Tinstall Tcheck Ttotal Status Flags
r-devel-linux-x86_64-debian-gcc 1.3 2.93 36.38 39.31 NOTE
r-devel-linux-x86_64-fedora-clang 1.3 74.71 NOTE
r-devel-linux-x86_64-fedora-gcc 1.3 71.03 NOTE
r-devel-osx-x86_64-clang 1.3 82.46 NOTE
r-devel-windows-ix86+x86_64 1.3 8.00 67.00 75.00 NOTE
r-patched-linux-x86_64 1.3 3.48 35.17 38.65 NOTE
r-patched-solaris-sparc 1.3 448.70 NOTE
r-patched-solaris-x86 1.3 103.70 NOTE
r-release-linux-x86_64 1.3 3.28 38.30 41.58 OK
r-release-osx-x86_64-mavericks 1.3 OK
r-release-windows-ix86+x86_64 1.3 13.00 84.00 97.00 OK
r-oldrel-windows-ix86+x86_64 1.3 19.00 116.00 135.00 OK

Check Details

Version: 1.3
Check: R code for possible problems
Result: NOTE
    beta.pair: no visible global function definition for ‘as.dist’
    beta.sample: no visible global function definition for ‘txtProgressBar’
    beta.sample: no visible global function definition for
     ‘setTxtProgressBar’
    beta.sample: no visible binding for global variable ‘sd’
    bray.part: no visible global function definition for ‘as.dist’
    functional.beta.pair: no visible global function definition for
     ‘as.dist’
    functional.betapart.core: no visible global function definition for
     ‘write.table’
    functional.betapart.core: no visible global function definition for
     ‘combn’
    phylo.betapart.core : dist.mat: no visible global function definition
     for ‘as.dist’
    phylo.betapart.core: no visible global function definition for ‘combn’
    Undefined global functions or variables:
     as.dist combn sd setTxtProgressBar txtProgressBar write.table
    Consider adding
     importFrom("stats", "as.dist", "sd")
     importFrom("utils", "combn", "setTxtProgressBar", "txtProgressBar",
     "write.table")
    to your NAMESPACE file.
Flavors: r-devel-linux-x86_64-debian-gcc, r-devel-linux-x86_64-fedora-clang, r-devel-linux-x86_64-fedora-gcc, r-devel-osx-x86_64-clang, r-devel-windows-ix86+x86_64, r-patched-linux-x86_64, r-patched-solaris-sparc, r-patched-solaris-x86