CRAN Package Check Results for Package betapart

Last updated on 2015-09-03 23:47:24.

Flavor Version Tinstall Tcheck Ttotal Status Flags
r-devel-linux-x86_64-debian-clang 1.3 3.04 37.24 40.28 NOTE
r-devel-linux-x86_64-debian-gcc 1.3 3.04 36.03 39.07 NOTE
r-devel-linux-x86_64-fedora-clang 1.3 76.79 NOTE
r-devel-linux-x86_64-fedora-gcc 1.3 75.26 NOTE
r-devel-osx-x86_64-clang 1.3 62.13 OK
r-devel-windows-ix86+x86_64 1.3 9.00 59.00 68.00 NOTE
r-patched-linux-x86_64 1.3 3.02 35.61 38.62 OK
r-patched-solaris-sparc 1.3 501.80 OK
r-patched-solaris-x86 1.3 113.20 OK
r-release-linux-x86_64 1.3 2.97 36.90 39.87 OK
r-release-osx-x86_64-mavericks 1.3 OK
r-release-windows-ix86+x86_64 1.3 11.00 58.00 69.00 OK
r-oldrel-windows-ix86+x86_64 1.3 18.00 76.00 94.00 OK

Check Details

Version: 1.3
Check: R code for possible problems
Result: NOTE
    beta.pair: no visible global function definition for ‘as.dist’
    beta.sample: no visible global function definition for ‘txtProgressBar’
    beta.sample: no visible global function definition for
     ‘setTxtProgressBar’
    beta.sample: no visible binding for global variable ‘sd’
    bray.part: no visible global function definition for ‘as.dist’
    functional.beta.pair: no visible global function definition for
     ‘as.dist’
    functional.betapart.core: no visible global function definition for
     ‘write.table’
    functional.betapart.core: no visible global function definition for
     ‘combn’
    phylo.betapart.core : dist.mat: no visible global function definition
     for ‘as.dist’
    phylo.betapart.core: no visible global function definition for ‘combn’
    Undefined global functions or variables:
     as.dist combn sd setTxtProgressBar txtProgressBar write.table
    Consider adding
     importFrom("stats", "as.dist", "sd")
     importFrom("utils", "combn", "setTxtProgressBar", "txtProgressBar",
     "write.table")
    to your NAMESPACE.
Flavors: r-devel-linux-x86_64-debian-clang, r-devel-linux-x86_64-debian-gcc, r-devel-linux-x86_64-fedora-clang, r-devel-linux-x86_64-fedora-gcc, r-devel-windows-ix86+x86_64