CRAN Package Check Results for Package betapart

Last updated on 2016-02-06 18:50:18.

Flavor Version Tinstall Tcheck Ttotal Status Flags
r-devel-linux-x86_64-debian-gcc 1.3 3.10 35.09 38.19 NOTE
r-devel-linux-x86_64-fedora-clang 1.3 75.99 NOTE
r-devel-linux-x86_64-fedora-gcc 1.3 75.60 NOTE
r-devel-osx-x86_64-clang 1.3 82.85 NOTE
r-devel-windows-ix86+x86_64 1.3 13.00 61.00 74.00 NOTE
r-patched-linux-x86_64 1.3 3.28 36.67 39.94 OK
r-patched-solaris-sparc 1.3 483.30 OK
r-patched-solaris-x86 1.3 107.50 OK
r-release-linux-x86_64 1.3 3.04 37.03 40.07 OK
r-release-osx-x86_64-mavericks 1.3 OK
r-release-windows-ix86+x86_64 1.3 9.00 62.00 71.00 OK
r-oldrel-windows-ix86+x86_64 1.3 21.00 88.00 109.00 OK

Check Details

Version: 1.3
Check: R code for possible problems
Result: NOTE
    beta.pair: no visible global function definition for ‘as.dist’
    beta.sample: no visible global function definition for ‘txtProgressBar’
    beta.sample: no visible global function definition for
     ‘setTxtProgressBar’
    beta.sample: no visible binding for global variable ‘sd’
    bray.part: no visible global function definition for ‘as.dist’
    functional.beta.pair: no visible global function definition for
     ‘as.dist’
    functional.betapart.core: no visible global function definition for
     ‘write.table’
    functional.betapart.core: no visible global function definition for
     ‘combn’
    phylo.betapart.core : dist.mat: no visible global function definition
     for ‘as.dist’
    phylo.betapart.core: no visible global function definition for ‘combn’
    Undefined global functions or variables:
     as.dist combn sd setTxtProgressBar txtProgressBar write.table
    Consider adding
     importFrom("stats", "as.dist", "sd")
     importFrom("utils", "combn", "setTxtProgressBar", "txtProgressBar",
     "write.table")
    to your NAMESPACE file.
Flavors: r-devel-linux-x86_64-debian-gcc, r-devel-linux-x86_64-fedora-clang, r-devel-osx-x86_64-clang

Version: 1.3
Check: R code for possible problems
Result: NOTE
    beta.pair: no visible global function definition for ‘as.dist’
    beta.sample: no visible global function definition for ‘txtProgressBar’
    beta.sample: no visible global function definition for
     ‘setTxtProgressBar’
    beta.sample: no visible binding for global variable ‘sd’
    bray.part: no visible global function definition for ‘as.dist’
    functional.beta.pair: no visible global function definition for
     ‘as.dist’
    functional.betapart.core: no visible global function definition for
     ‘write.table’
    functional.betapart.core: no visible global function definition for
     ‘combn’
    phylo.betapart.core : dist.mat: no visible global function definition
     for ‘as.dist’
    phylo.betapart.core: no visible global function definition for ‘combn’
    Undefined global functions or variables:
     as.dist combn sd setTxtProgressBar txtProgressBar write.table
    Consider adding
     importFrom("stats", "as.dist", "sd")
     importFrom("utils", "combn", "setTxtProgressBar", "txtProgressBar",
     "write.table")
    to your NAMESPACE.
Flavors: r-devel-linux-x86_64-fedora-gcc, r-devel-windows-ix86+x86_64