CRAN Package Check Results for Package betapart

Last updated on 2015-07-31 10:47:17.

Flavor Version Tinstall Tcheck Ttotal Status Flags
r-devel-linux-x86_64-debian-clang 1.3 3.31 37.23 40.54 NOTE
r-devel-linux-x86_64-debian-gcc 1.3 2.98 36.01 38.99 NOTE
r-devel-linux-x86_64-fedora-clang 1.3 80.76 NOTE
r-devel-linux-x86_64-fedora-gcc 1.3 78.73 NOTE
r-devel-osx-x86_64-clang 1.3 68.59 OK
r-devel-windows-ix86+x86_64 1.3 13.00 57.00 70.00 NOTE
r-patched-linux-x86_64 1.3 3.09 36.06 39.15 OK
r-patched-solaris-sparc 1.3 501.80 OK
r-patched-solaris-x86 1.3 112.80 OK
r-release-linux-x86_64 1.3 3.02 35.86 38.89 OK
r-release-osx-x86_64-mavericks 1.3 OK
r-release-windows-ix86+x86_64 1.3 13.00 60.00 73.00 OK
r-oldrel-windows-ix86+x86_64 1.3 12.00 103.00 115.00 OK

Check Details

Version: 1.3
Check: R code for possible problems
Result: NOTE
    beta.pair: no visible global function definition for ‘as.dist’
    beta.sample: no visible global function definition for ‘txtProgressBar’
    beta.sample: no visible global function definition for
     ‘setTxtProgressBar’
    beta.sample: no visible binding for global variable ‘sd’
    bray.part: no visible global function definition for ‘as.dist’
    functional.beta.pair: no visible global function definition for
     ‘as.dist’
    functional.betapart.core: no visible global function definition for
     ‘write.table’
    functional.betapart.core: no visible global function definition for
     ‘combn’
    phylo.betapart.core : dist.mat: no visible global function definition
     for ‘as.dist’
    phylo.betapart.core: no visible global function definition for ‘combn’
    Undefined global functions or variables:
     as.dist combn sd setTxtProgressBar txtProgressBar write.table
    Consider adding
     importFrom("stats", "as.dist", "sd")
     importFrom("utils", "combn", "setTxtProgressBar", "txtProgressBar",
     "write.table")
    to your NAMESPACE.
Flavors: r-devel-linux-x86_64-debian-clang, r-devel-linux-x86_64-debian-gcc, r-devel-linux-x86_64-fedora-clang, r-devel-linux-x86_64-fedora-gcc, r-devel-windows-ix86+x86_64