CRAN Package Check Results for Package betapart

Last updated on 2014-04-17 10:47:45.

Flavor Version Tinstall Tcheck Ttotal Status Flags
r-devel-linux-x86_64-debian-clang 1.3 1.52 18.94 20.47 OK
r-devel-linux-x86_64-debian-gcc 1.3 1.95 19.14 21.09 OK
r-devel-linux-x86_64-fedora-clang 1.3 38.07 OK
r-devel-linux-x86_64-fedora-gcc 1.3 35.93 OK
r-devel-macosx-x86_64-clang 1.3 42.05 OK
r-devel-macosx-x86_64-gcc 1.3 ERROR
r-devel-windows-ix86+x86_64 1.3 5.00 30.00 35.00 OK
r-patched-linux-x86_64 1.3 1.92 19.24 21.16 OK
r-patched-solaris-sparc 1.3 236.50 OK
r-patched-solaris-x86 1.3 52.60 OK
r-release-linux-ix86 1.3 3.00 37.00 40.00 OK
r-release-linux-x86_64 1.3 1.99 18.94 20.94 OK
r-release-macosx-x86_64 1.3 OK
r-release-windows-ix86+x86_64 1.3 5.00 32.00 37.00 OK
r-oldrel-windows-ix86+x86_64 1.3 5.00 32.00 37.00 OK

Check Details

Version: 1.3
Check: package dependencies
Result: ERROR
    Package required but not available: ‘picante’
    
    Package suggested but not available for checking: ‘vegan’
    
    See the information on DESCRIPTION files in the chapter ‘Creating R
    packages’ of the ‘Writing R Extensions’ manual.
Flavor: r-devel-macosx-x86_64-gcc