CRAN Package Check Results for Package betapart

Last updated on 2017-01-21 16:48:24.

Flavor Version Tinstall Tcheck Ttotal Status Flags
r-devel-linux-x86_64-debian-clang 1.4 2.56 38.28 40.85 OK
r-devel-linux-x86_64-debian-gcc 1.4 3.14 38.11 41.24 OK
r-devel-linux-x86_64-fedora-clang 1.4 62.72 OK --no-stop-on-test-error
r-devel-linux-x86_64-fedora-gcc 1.4 81.00 OK --no-stop-on-test-error
r-devel-macos-x86_64-clang 1.4 67.57 OK --no-stop-on-test-error
r-devel-windows-ix86+x86_64 1.4 15.00 108.00 123.00 OK
r-patched-linux-x86_64 1.4 2.78 36.15 38.94 OK
r-patched-solaris-sparc 1.4 479.60 OK
r-patched-solaris-x86 1.4 104.10 OK
r-release-linux-x86_64 1.4 2.87 34.33 37.20 OK
r-release-osx-x86_64-mavericks 1.4 OK
r-release-windows-ix86+x86_64 1.4 12.00 84.00 96.00 WARN
r-oldrel-windows-ix86+x86_64 1.4 13.00 90.00 103.00 WARN

Check Details

Version: 1.4
Check: whether package can be installed
Result: WARN
    Found the following significant warnings:
     Warning: D:/temp/RtmpKMMD40/R.INSTALLac8147d2686/betapart/man/bbsData.Rd:1: All text must be in a section
     Warning: D:/temp/RtmpKMMD40/R.INSTALLac8147d2686/betapart/man/beta.multi.Rd:1: All text must be in a section
     Warning: D:/temp/RtmpKMMD40/R.INSTALLac8147d2686/betapart/man/beta.multi.abund.Rd:1: All text must be in a section
     Warning: D:/temp/RtmpKMMD40/R.INSTALLac8147d2686/betapart/man/beta.pair.Rd:1: All text must be in a section
     Warning: D:/temp/RtmpKMMD40/R.INSTALLac8147d2686/betapart/man/beta.pair.abund.Rd:1: All text must be in a section
     Warning: D:/temp/RtmpKMMD40/R.INSTALLac8147d2686/betapart/man/beta.sample.Rd:1: All text must be in a section
     Warning: D:/temp/RtmpKMMD40/R.INSTALLac8147d2686/betapart/man/beta.sample.abund.Rd:1: All text must be in a section
     Warning: D:/temp/RtmpKMMD40/R.INSTALLac8147d2686/betapart/man/beta.temp.Rd:1: All text must be in a section
     Warning: D:/temp/RtmpKMMD40/R.INSTALLac8147d2686/betapart/man/betapart-package.Rd:1: All text must be in a section
     Warning: D:/temp/RtmpKMMD40/R.INSTALLac8147d2686/betapart/man/betapart.core.Rd:1: All text must be in a section
     Warning: D:/temp/RtmpKMMD40/R.INSTALLac8147d2686/betapart/man/betapart.core.abund.Rd:1: All text must be in a section
     Warning: D:/temp/RtmpKMMD40/R.INSTALLac8147d2686/betapart/man/bray.part.Rd:1: All text must be in a section
     Warning: D:/temp/RtmpKMMD40/R.INSTALLac8147d2686/betapart/man/ceram.n.Rd:1: All text must be in a section
     Warning: D:/temp/RtmpKMMD40/R.INSTALLac8147d2686/betapart/man/ceram.s.Rd:1: All text must be in a section
     Warning: D:/temp/RtmpKMMD40/R.INSTALLac8147d2686/betapart/man/functional.beta.multi.Rd:1: All text must be in a section
     Warning: D:/temp/RtmpKMMD40/R.INSTALLac8147d2686/betapart/man/functional.beta.pair.Rd:1: All text must be in a section
     Warning: D:/temp/RtmpKMMD40/R.INSTALLac8147d2686/betapart/man/functional.betapart.core.Rd:1: All text must be in a section
     Warning: D:/temp/RtmpKMMD40/R.INSTALLac8147d2686/betapart/man/phylo.beta.multi.rd:1: All text must be in a section
     Warning: D:/temp/RtmpKMMD40/R.INSTALLac8147d2686/betapart/man/phylo.beta.pair.rd:1: All text must be in a section
     Warning: D:/temp/RtmpKMMD40/R.INSTALLac8147d2686/betapart/man/phylo.betapart.core.rd:1: All text must be in a section
Flavor: r-release-windows-ix86+x86_64

Version: 1.4
Check: Rd files
Result: WARN
    prepare_Rd: bbsData.Rd:1: All text must be in a section
    prepare_Rd: beta.multi.Rd:1: All text must be in a section
    prepare_Rd: beta.multi.abund.Rd:1: All text must be in a section
    prepare_Rd: beta.pair.Rd:1: All text must be in a section
    prepare_Rd: beta.pair.abund.Rd:1: All text must be in a section
    prepare_Rd: beta.sample.Rd:1: All text must be in a section
    prepare_Rd: beta.sample.abund.Rd:1: All text must be in a section
    prepare_Rd: beta.temp.Rd:1: All text must be in a section
    prepare_Rd: betapart-package.Rd:1: All text must be in a section
    prepare_Rd: betapart.core.Rd:1: All text must be in a section
    prepare_Rd: betapart.core.abund.Rd:1: All text must be in a section
    prepare_Rd: bray.part.Rd:1: All text must be in a section
    prepare_Rd: ceram.n.Rd:1: All text must be in a section
    prepare_Rd: ceram.s.Rd:1: All text must be in a section
    prepare_Rd: functional.beta.multi.Rd:1: All text must be in a section
    prepare_Rd: functional.beta.pair.Rd:1: All text must be in a section
    prepare_Rd: functional.betapart.core.Rd:1: All text must be in a section
    prepare_Rd: phylo.beta.multi.rd:1: All text must be in a section
    prepare_Rd: phylo.beta.pair.rd:1: All text must be in a section
    prepare_Rd: phylo.betapart.core.rd:1: All text must be in a section
Flavors: r-release-windows-ix86+x86_64, r-oldrel-windows-ix86+x86_64

Version: 1.4
Check: whether package can be installed
Result: WARN
    Found the following significant warnings:
     Warning: D:/temp/Rtmp4S3sHT/R.INSTALL2e5c377e1323/betapart/man/bbsData.Rd:1: All text must be in a section
     Warning: D:/temp/Rtmp4S3sHT/R.INSTALL2e5c377e1323/betapart/man/beta.multi.Rd:1: All text must be in a section
     Warning: D:/temp/Rtmp4S3sHT/R.INSTALL2e5c377e1323/betapart/man/beta.multi.abund.Rd:1: All text must be in a section
     Warning: D:/temp/Rtmp4S3sHT/R.INSTALL2e5c377e1323/betapart/man/beta.pair.Rd:1: All text must be in a section
     Warning: D:/temp/Rtmp4S3sHT/R.INSTALL2e5c377e1323/betapart/man/beta.pair.abund.Rd:1: All text must be in a section
     Warning: D:/temp/Rtmp4S3sHT/R.INSTALL2e5c377e1323/betapart/man/beta.sample.Rd:1: All text must be in a section
     Warning: D:/temp/Rtmp4S3sHT/R.INSTALL2e5c377e1323/betapart/man/beta.sample.abund.Rd:1: All text must be in a section
     Warning: D:/temp/Rtmp4S3sHT/R.INSTALL2e5c377e1323/betapart/man/beta.temp.Rd:1: All text must be in a section
     Warning: D:/temp/Rtmp4S3sHT/R.INSTALL2e5c377e1323/betapart/man/betapart-package.Rd:1: All text must be in a section
     Warning: D:/temp/Rtmp4S3sHT/R.INSTALL2e5c377e1323/betapart/man/betapart.core.Rd:1: All text must be in a section
     Warning: D:/temp/Rtmp4S3sHT/R.INSTALL2e5c377e1323/betapart/man/betapart.core.abund.Rd:1: All text must be in a section
     Warning: D:/temp/Rtmp4S3sHT/R.INSTALL2e5c377e1323/betapart/man/bray.part.Rd:1: All text must be in a section
     Warning: D:/temp/Rtmp4S3sHT/R.INSTALL2e5c377e1323/betapart/man/ceram.n.Rd:1: All text must be in a section
     Warning: D:/temp/Rtmp4S3sHT/R.INSTALL2e5c377e1323/betapart/man/ceram.s.Rd:1: All text must be in a section
     Warning: D:/temp/Rtmp4S3sHT/R.INSTALL2e5c377e1323/betapart/man/functional.beta.multi.Rd:1: All text must be in a section
     Warning: D:/temp/Rtmp4S3sHT/R.INSTALL2e5c377e1323/betapart/man/functional.beta.pair.Rd:1: All text must be in a section
     Warning: D:/temp/Rtmp4S3sHT/R.INSTALL2e5c377e1323/betapart/man/functional.betapart.core.Rd:1: All text must be in a section
     Warning: D:/temp/Rtmp4S3sHT/R.INSTALL2e5c377e1323/betapart/man/phylo.beta.multi.rd:1: All text must be in a section
     Warning: D:/temp/Rtmp4S3sHT/R.INSTALL2e5c377e1323/betapart/man/phylo.beta.pair.rd:1: All text must be in a section
     Warning: D:/temp/Rtmp4S3sHT/R.INSTALL2e5c377e1323/betapart/man/phylo.betapart.core.rd:1: All text must be in a section
Flavor: r-oldrel-windows-ix86+x86_64