CRAN Package Check Results for Package betareg

Last updated on 2015-05-25 22:47:00.

Flavor Version Tinstall Tcheck Ttotal Status Flags
r-devel-linux-x86_64-debian-clang 3.0-5 1.94 88.43 90.37 NOTE
r-devel-linux-x86_64-debian-gcc 3.0-5 1.88 89.85 91.73 NOTE
r-devel-linux-x86_64-fedora-clang 3.0-5 186.24 NOTE
r-devel-linux-x86_64-fedora-gcc 3.0-5 179.67 NOTE
r-devel-osx-x86_64-clang 3.0-5 163.25 NOTE
r-devel-windows-ix86+x86_64 3.0-5 5.00 128.00 133.00 NOTE
r-patched-linux-x86_64 3.0-5 1.90 88.20 90.10 NOTE
r-patched-solaris-sparc 3.0-5 1130.20 NOTE
r-patched-solaris-x86 3.0-5 209.30 NOTE
r-release-linux-x86_64 3.0-5 1.87 92.78 94.65 NOTE
r-release-osx-x86_64-mavericks 3.0-5 NOTE
r-release-osx-x86_64-snowleopard 3.0-5 ERROR
r-release-windows-ix86+x86_64 3.0-5 9.00 126.00 135.00 NOTE
r-oldrel-windows-ix86+x86_64 3.0-5 9.00 137.00 146.00 NOTE

Check Details

Version: 3.0-5
Check: dependencies in R code
Result: NOTE
    'library' or 'require' call to ‘party’ in package code.
     Please use :: or requireNamespace() instead.
     See section 'Suggested packages' in the 'Writing R Extensions' manual.
Flavors: r-devel-linux-x86_64-debian-clang, r-devel-linux-x86_64-debian-gcc, r-devel-linux-x86_64-fedora-clang, r-devel-linux-x86_64-fedora-gcc, r-devel-osx-x86_64-clang, r-devel-windows-ix86+x86_64, r-patched-linux-x86_64, r-patched-solaris-sparc, r-patched-solaris-x86, r-release-linux-x86_64, r-release-osx-x86_64-mavericks, r-release-windows-ix86+x86_64, r-oldrel-windows-ix86+x86_64

Version: 3.0-5
Check: re-building of vignette outputs
Result: NOTE
    Error in re-building vignettes:
     ...
    
    The following objects are masked from 'package:base':
    
     as.Date, as.Date.numeric
    
    Loading required package: sandwich
    Error in texi2dvi(file = file, pdf = TRUE, clean = clean, quiet = quiet, :
     Running 'texi2dvi' on 'betareg-ext.tex' failed.
    LaTeX errors:
    ! Undefined control sequence.
    l.18 ...^_|<80><84>eYPƲ<ac>d2<99>H$<de>{<ef><bd><f7><df>^^?_^^H<a1><be><91>j^^B^^E<af>\<b9>
     BDgϞ<dd><de><de>ƫ\.<97>H$P^^[ka^^O<c9>G...
    The control sequence at the end of the top line
    of your error message was never \def'ed. If you have
    ! Undefined control sequence.
    l.18 ...^^T<af>8<e7><b6>m^^G<f3>P<d7><c4><eb>^^F]<91><b3>K<e4>r9<ce><f9><85><0b>^^W.^<bc><f8><c9>'<9f>\<b9>
     rŲ<ac><f1><f1><f1>\.w<fe><fc><f9>K<97>.^^QQ"<91><c0>^^?...
    The control sequence at the end of the top line
    of your error message was never \def'ed. If you have
    ! Undefined control sequence.
    l.22 ...T<8f>lj^^H<0b><95>H ^^Oc^^L]Զ^^V<86><b2>D<84>z,<cb><ca>f<b3><a0><ba>J<a8>J0\U
     <b6>`<a9>><ab><b7>o(%U<b7><97>J<a5>h4<ba><8f>z<88><a8>{<ee><f4>`9...
    The control sequence at the en
    Calls: buildVignettes -> texi2pdf -> texi2dvi
    Execution halted
Flavor: r-release-osx-x86_64-mavericks

Version: 3.0-5
Check: package dependencies
Result: ERROR
    Packages required but not available: ‘lmtest’ ‘sandwich’
    
    Packages suggested but not available for checking:
     ‘car’ ‘party’ ‘strucchange’
    
    See section ‘The DESCRIPTION file’ in the ‘Writing R Extensions’
    manual.
Flavor: r-release-osx-x86_64-snowleopard