CRAN Package Check Results for Package betareg

Last updated on 2016-12-10 12:53:31.

Flavor Version Tinstall Tcheck Ttotal Status Flags
r-devel-linux-x86_64-debian-clang 3.1-0 2.20 116.94 119.14 OK
r-devel-linux-x86_64-debian-gcc 3.1-0 2.02 114.44 116.46 OK
r-devel-linux-x86_64-fedora-clang 3.1-0 226.98 OK --no-stop-on-test-error
r-devel-linux-x86_64-fedora-gcc 3.1-0 222.27 OK --no-stop-on-test-error
r-devel-macos-x86_64-clang 3.1-0 157.60 OK --no-stop-on-test-error
r-devel-windows-ix86+x86_64 3.1-0 7.00 188.00 195.00 OK
r-patched-linux-x86_64 3.1-0 2.00 99.89 101.89 OK
r-patched-solaris-sparc 3.1-0 983.30 OK
r-patched-solaris-x86 3.1-0 199.60 OK
r-release-linux-x86_64 3.1-0 2.00 100.11 102.11 OK
r-release-osx-x86_64-mavericks 3.1-0 NOTE
r-release-windows-ix86+x86_64 3.1-0 8.00 156.00 164.00 OK
r-oldrel-windows-ix86+x86_64 3.1-0 12.00 165.00 177.00 OK

Check Details

Version: 3.1-0
Check: re-building of vignette outputs
Result: NOTE
    Error in re-building vignettes:
     ...
    Warning in grepl("(Rerun to get|biblatex.*\\(re\\)run)", readLines(log, :
     input string 425 is invalid in this locale
    Error in texi2dvi(file = file, pdf = TRUE, clean = clean, quiet = quiet, :
     Running 'texi2dvi' on 'betareg-ext.tex' failed.
    LaTeX errors:
    ! LaTeX Error: Missing \begin{document}.
    
    See the LaTeX manual or LaTeX Companion for explanation.
    Type H <return> for immediate help.
     ...
    ! Extra }, or forgotten \endgroup.
    l.17 ...x(^^T<f2>}?^^R<89>^^L,<e7><d3><e2><ff>۴<^^Q<f0>Ȝs<d7>uM<d3>ܩZ<cb>[<fc><f4>}
     ?^^T^^J
    I've deleted a group-closing symbol because it seems to be
    spurious, as in `$x}$'. But perhaps the } is legitimate and
    ! Missing $ inserted.
    <inserted text>
     $
    l.18 ...<9a>f<ad>V<b3>,<eb><db>o<bf>=z<f4><e8><c4>ĄeYB^^HM<d3>^^P3p<ce>QF<83><9d>D^^Q]<8c>^
     6<9b><cd>d2B^^H<c7>q^^P<be><98><a6>iY^^V^^Q#...
    ! Extra }, or forgotten $.
    l.18 ...t<ee>ܹF<a3><c1>^^X[XX0M3<91>H^^P<d1><db>o<bf>m<9a><e6><f0><f0>0^^Q<f9><be><af>$A<d9><f7>}
     <df><f7>5<ad>#<ce
    Calls: buildVignettes -> texi2pdf -> texi2dvi
    Execution halted
Flavor: r-release-osx-x86_64-mavericks