CRAN Package Check Results for Package betareg

Last updated on 2014-07-23 09:49:45.

Flavor Version Tinstall Tcheck Ttotal Status Flags
r-devel-linux-x86_64-debian-clang 3.0-4 2.87 100.51 103.38 OK
r-devel-linux-x86_64-debian-gcc 3.0-4 2.92 97.64 100.56 OK
r-devel-linux-x86_64-fedora-clang 3.0-4 224.43 OK
r-devel-linux-x86_64-fedora-gcc 3.0-4 217.76 OK
r-devel-osx-x86_64-clang 3.0-4 188.14 OK
r-devel-windows-ix86+x86_64 3.0-4 7.00 134.00 141.00 OK
r-patched-linux-x86_64 3.0-4 2.93 99.64 102.57 OK
r-patched-solaris-sparc 3.0-4 1234.70 OK
r-patched-solaris-x86 3.0-4 256.10 OK
r-release-linux-ix86 3.0-4 3.60 126.46 130.06 OK
r-release-linux-x86_64 3.0-4 2.85 104.11 106.96 OK
r-release-osx-x86_64-mavericks 3.0-4 OK
r-release-osx-x86_64-snowleopard 3.0-4 NOTE
r-release-windows-ix86+x86_64 3.0-4 8.00 145.00 153.00 OK
r-oldrel-windows-ix86+x86_64 3.0-4 9.00 146.00 155.00 OK

Check Details

Version: 3.0-4
Check: re-building of vignette outputs
Result: NOTE
    Error in re-building vignettes:
     ...
    Loading required package: Formula
    Loading required package: party
    Loading required package: grid
    Loading required package: zoo
    
    Attaching package: 'zoo'
    
    The following objects are masked from 'package:base':
    
     as.Date, as.Date.numeric
    
    Loading required package: sandwich
    Loading required package: strucchange
    Loading required package: modeltools
    Loading required package: stats4
    Error in texi2dvi(file = file, pdf = TRUE, clean = clean, quiet = quiet, :
     Running 'texi2dvi' on 'betareg-ext.tex' failed.
    Messages:
    sh: gs: command not found
    !!! Error: Closing Ghostscript (exit status: 127)!
    /usr/bin/texi2dvi: thumbpdf exited with bad status, quitting.
    Calls: buildVignettes -> texi2pdf -> texi2dvi
    Execution halted
Flavor: r-release-osx-x86_64-snowleopard