CRAN Package Check Results for Package betareg

Last updated on 2019-05-23 10:53:52 CEST.

Flavor Version Tinstall Tcheck Ttotal Status Flags
r-devel-linux-x86_64-debian-clang 3.1-2 10.33 156.97 167.30 NOTE
r-devel-linux-x86_64-debian-gcc 3.1-2 10.17 119.65 129.82 NOTE
r-devel-linux-x86_64-fedora-clang 3.1-2 189.34 NOTE
r-devel-linux-x86_64-fedora-gcc 3.1-2 185.15 NOTE
r-devel-windows-ix86+x86_64 3.1-2 17.00 177.00 194.00 NOTE
r-patched-linux-x86_64 3.1-2 11.35 155.94 167.29 NOTE
r-patched-solaris-x86 3.1-2 267.80 NOTE
r-release-linux-x86_64 3.1-2 11.41 156.20 167.61 OK
r-release-windows-ix86+x86_64 3.1-2 23.00 230.00 253.00 OK
r-release-osx-x86_64 3.1-2 OK
r-oldrel-windows-ix86+x86_64 3.1-2 16.00 153.00 169.00 OK
r-oldrel-osx-x86_64 3.1-2 OK

Check Details

Version: 3.1-2
Check: running R code from vignettes
Result: NOTE
     'betareg-ext.Rnw'... [14s/17s] NOTE
    differences from 'betareg-ext.Rout.save'
    176c176
    < | 0.38093218 -0.08622808 4.80766206
    ---
    > | 0.38093218 -0.08622808 4.80766205
     'betareg.Rnw'... [6s/7s] OK
Flavor: r-devel-linux-x86_64-debian-clang

Version: 3.1-2
Check: running R code from vignettes
Result: NOTE
     ‘betareg-ext.Rnw’... [10s/14s] NOTE
    differences from ‘betareg-ext.Rout.save’
    158c158
    < 2 1.6565251 1.46570751 1.272597 2.0478578
    ---
    > 2 1.6565251 1.46570750 1.272597 2.0478577
     ‘betareg.Rnw’... [4s/5s] OK
Flavor: r-devel-linux-x86_64-debian-gcc

Version: 3.1-2
Check: running R code from vignettes
Result: NOTE
     ‘betareg-ext.Rnw’... [16s/17s] NOTE
    differences from ‘betareg-ext.Rout.save’
    176c176
    < | 0.38093218 -0.08622808 4.80766206
    ---
    > | 0.38093218 -0.08622808 4.80766205
     ‘betareg.Rnw’... OK
Flavor: r-devel-linux-x86_64-fedora-clang

Version: 3.1-2
Check: running R code from vignettes
Result: NOTE
     ‘betareg-ext.Rnw’... [15s/15s] NOTE
    differences from ‘betareg-ext.Rout.save’
    176c176
    < | 0.38093218 -0.08622808 4.80766206
    ---
    > | 0.38093218 -0.08622808 4.80766205
     ‘betareg.Rnw’... OK
Flavor: r-devel-linux-x86_64-fedora-gcc

Version: 3.1-2
Check: running R code from vignettes
Result: NOTE
     'betareg-ext.Rnw'... [14s] NOTE
    differences from 'betareg-ext.Rout.save'
    176c176
    < | 0.38093218 -0.08622808 4.80766206
    ---
    > | 0.38093218 -0.08622808 4.80766205
     'betareg.Rnw'... [5s] OK
Flavor: r-devel-windows-ix86+x86_64

Version: 3.1-2
Check: running R code from vignettes
Result: NOTE
     ‘betareg-ext.Rnw’... [14s/15s] NOTE
    differences from ‘betareg-ext.Rout.save’
    176c176
    < | 0.38093218 -0.08622808 4.80766206
    ---
    > | 0.38093218 -0.08622808 4.80766205
     ‘betareg.Rnw’... [5s/6s] OK
Flavor: r-patched-linux-x86_64

Version: 3.1-2
Check: running R code from vignettes
Result: NOTE
     ‘betareg-ext.Rnw’... [20s/26s] NOTE
    differences from ‘betareg-ext.Rout.save’
    176c176
    < | 0.38093218 -0.08622808 4.80766206
    ---
    > | 0.38093218 -0.08622808 4.80766205
     ‘betareg.Rnw’... [9s/12s] OK
Flavor: r-patched-solaris-x86