CRAN Package Check Results for Package betareg

Last updated on 2016-07-26 16:48:49.

Flavor Version Tinstall Tcheck Ttotal Status Flags
r-devel-linux-x86_64-debian-clang 3.0-5 2.28 113.89 116.18 NOTE
r-devel-linux-x86_64-debian-gcc 3.0-5 2.21 110.16 112.37 NOTE
r-devel-linux-x86_64-fedora-clang 3.0-5 187.15 NOTE
r-devel-linux-x86_64-fedora-gcc 3.0-5 181.02 NOTE
r-devel-osx-x86_64-clang 3.0-5 142.51 NOTE
r-devel-windows-ix86+x86_64 3.0-5 10.00 167.00 177.00 NOTE
r-patched-linux-x86_64 3.0-5 2.52 112.44 114.96 NOTE
r-patched-solaris-sparc 3.0-5 1042.10 NOTE
r-patched-solaris-x86 3.0-5 204.60 NOTE
r-release-linux-x86_64 3.0-5 2.14 112.17 114.31 NOTE
r-release-osx-x86_64-mavericks 3.0-5 NOTE
r-release-windows-ix86+x86_64 3.0-5 10.00 166.00 176.00 NOTE
r-oldrel-windows-ix86+x86_64 3.0-5 10.00 206.00 216.00 NOTE

Check Details

Version: 3.0-5
Check: dependencies in R code
Result: NOTE
    'library' or 'require' call to ‘party’ in package code.
     Please use :: or requireNamespace() instead.
     See section 'Suggested packages' in the 'Writing R Extensions' manual.
Flavors: r-devel-linux-x86_64-debian-clang, r-devel-linux-x86_64-debian-gcc, r-devel-linux-x86_64-fedora-clang, r-devel-linux-x86_64-fedora-gcc, r-devel-osx-x86_64-clang, r-devel-windows-ix86+x86_64, r-patched-linux-x86_64, r-patched-solaris-sparc, r-patched-solaris-x86, r-release-linux-x86_64, r-release-osx-x86_64-mavericks, r-release-windows-ix86+x86_64, r-oldrel-windows-ix86+x86_64

Version: 3.0-5
Check: R code for possible problems
Result: NOTE
    FLXMRbeta: no visible global function definition for ‘is’
    FLXMRbeta_extra: no visible global function definition for ‘is’
    FLXMRbeta_extra: no visible binding for global variable ‘is’
    FLXMRbetafix: no visible global function definition for ‘is’
    betamix: no visible global function definition for ‘is’
    coef.betamix: no visible global function definition for ‘is’
    plot.betareg: no visible global function definition for
     ‘dev.interactive’
    summary.betareg: no visible global function definition for ‘tail’
    FLXgetDesign,FLXMRbeta_extra: no visible global function definition for
     ‘as’
    FLXgetModelmatrix,FLXMRbeta: no visible global function definition for
     ‘callNextMethod’
    FLXgetModelmatrix,FLXMRbetafix: no visible global function definition
     for ‘getMethod’
    FLXgetParameters,FLXMRbeta_extra: no visible global function definition
     for ‘callNextMethod’
    FLXgetParameters,FLXMRbetafix : <anonymous>: no visible global function
     definition for ‘slot’
    FLXgradlogLikfun,FLXMRbeta_extra: no visible global function definition
     for ‘as’
    FLXmstep,FLXMRbeta_extra: no visible global function definition for
     ‘as’
    FLXremoveComponent,FLXMRbeta_extra: no visible global function
     definition for ‘as’
    FLXreplaceParameters,FLXMRbeta : <anonymous>: no visible global
     function definition for ‘slotNames’
    FLXreplaceParameters,FLXMRbeta : <anonymous>: no visible global
     function definition for ‘slot’
    FLXreplaceParameters,FLXMRbeta_extra: no visible global function
     definition for ‘as’
    FLXreplaceParameters,FLXMRbetafix : <anonymous>: no visible global
     function definition for ‘slotNames’
    FLXreplaceParameters,FLXMRbetafix : <anonymous>: no visible global
     function definition for ‘slot’
    refit_optim,FLXMRbeta_extra: no visible global function definition for
     ‘as’
    Undefined global functions or variables:
     as callNextMethod dev.interactive getMethod is slot slotNames tail
    Consider adding
     importFrom("grDevices", "dev.interactive")
     importFrom("methods", "as", "callNextMethod", "getMethod", "is",
     "slot", "slotNames")
     importFrom("utils", "tail")
    to your NAMESPACE file (and ensure that your DESCRIPTION Imports field
    contains 'methods').
Flavors: r-devel-linux-x86_64-debian-clang, r-devel-linux-x86_64-debian-gcc, r-devel-linux-x86_64-fedora-clang, r-devel-linux-x86_64-fedora-gcc, r-devel-osx-x86_64-clang, r-devel-windows-ix86+x86_64, r-patched-linux-x86_64, r-patched-solaris-sparc, r-patched-solaris-x86, r-release-linux-x86_64, r-release-osx-x86_64-mavericks, r-release-windows-ix86+x86_64

Version: 3.0-5
Check: re-building of vignette outputs
Result: NOTE
    Error in re-building vignettes:
     ...
    Warning in grepl("(Rerun to get|biblatex.*\\(re\\)run)", readLines(log, :
     input string 409 is invalid in this locale
    Warning in grepl("(Rerun to get|biblatex.*\\(re\\)run)", readLines(log, :
     input string 410 is invalid in this locale
    Warning in grepl("(Rerun to get|biblatex.*\\(re\\)run)", readLines(log, :
     input string 418 is invalid in this locale
    Error in texi2dvi(file = file, pdf = TRUE, clean = clean, quiet = quiet, :
     Running 'texi2dvi' on 'betareg-ext.tex' failed.
    LaTeX errors:
    ! Undefined control sequence.
    l.18 ...^_|<80><84>eYPƲ<ac>d2<99>H$<de>{<ef><bd><f7><df>^^?_^^H<a1><be><91>j^^B^^E<af>\<b9>
     BDgϞ<dd><de><de>ƫ\.<97>H$P^^[ka^^O<c9>G...
    The control sequence at the end of the top line
    of your error message was never \def'ed. If you have
    ! Undefined control sequence.
    l.18 ...^^T<af>8<e7><b6>m^^G<f3>P<d7><c4><eb>^^F]<91><b3>K<e4>r9<ce><f9><85><0b>^^W.^<bc><f8><c9>'<9f>\<b9>
     rŲ<ac><f1><f1><f1>\.w<fe><fc><f9>K<97>.^^QQ"<91><c0>^^?...
    The control sequence at the end of the top line
    of your error message was never \def'ed. If you have
    ! Undefined control sequence.
    l.22 ...T<8f>lj^^H<0b><95>H ^^Oc^^L]Զ^^V<86><b2>D<84>z,<cb><ca>f<b3><a0><ba>J<a8>J0\U
     <b6>`<a9>><ab><b7>o(%U<b7><97>J<a5>h4<ba><8f>z<88><a8>{<ee><f4>`9...
    The control sequence at the en
    Calls: buildVignettes -> texi2pdf -> texi2dvi
    Execution halted
Flavor: r-release-osx-x86_64-mavericks