CRAN Package Check Results for Package betareg

Last updated on 2014-08-22 00:46:41.

Flavor Version Tinstall Tcheck Ttotal Status Flags
r-devel-linux-x86_64-debian-clang 3.0-4 2.78 97.60 100.38 OK
r-devel-linux-x86_64-debian-gcc 3.0-4 2.68 96.22 98.90 OK
r-devel-linux-x86_64-fedora-clang 3.0-4 219.98 NOTE
r-devel-linux-x86_64-fedora-gcc 3.0-4 212.68 NOTE
r-devel-osx-x86_64-clang 3.0-4 185.73 NOTE
r-devel-windows-ix86+x86_64 3.0-4 7.00 140.00 147.00 OK
r-patched-linux-x86_64 3.0-4 2.90 98.82 101.72 OK
r-patched-solaris-sparc 3.0-4 1293.60 OK
r-patched-solaris-x86 3.0-4 256.80 OK
r-release-linux-ix86 3.0-4 3.59 126.89 130.48 OK
r-release-linux-x86_64 3.0-4 2.85 104.16 107.01 OK
r-release-osx-x86_64-mavericks 3.0-4 OK
r-release-osx-x86_64-snowleopard 3.0-4 NOTE
r-release-windows-ix86+x86_64 3.0-4 10.00 153.00 163.00 OK
r-oldrel-windows-ix86+x86_64 3.0-4 10.00 148.00 158.00 OK

Check Details

Version: 3.0-4
Check: R code for possible problems
Result: NOTE
    betamix: no visible global function definition for ‘getModel’
    coef.betatree: no visible global function definition for ‘nodes’
    sctest.betatree: no visible global function definition for ‘sctest’
Flavors: r-devel-linux-x86_64-fedora-clang, r-devel-linux-x86_64-fedora-gcc, r-devel-osx-x86_64-clang

Version: 3.0-4
Check: re-building of vignette outputs
Result: NOTE
    Error in re-building vignettes:
     ...
    Loading required package: Formula
    Loading required package: party
    Loading required package: grid
    Loading required package: zoo
    
    Attaching package: 'zoo'
    
    The following objects are masked from 'package:base':
    
     as.Date, as.Date.numeric
    
    Loading required package: sandwich
    Loading required package: strucchange
    Loading required package: modeltools
    Loading required package: stats4
    Error in texi2dvi(file = file, pdf = TRUE, clean = clean, quiet = quiet, :
     Running 'texi2dvi' on 'betareg-ext.tex' failed.
    Messages:
    sh: gs: command not found
    !!! Error: Closing Ghostscript (exit status: 127)!
    /usr/bin/texi2dvi: thumbpdf exited with bad status, quitting.
    Calls: buildVignettes -> texi2pdf -> texi2dvi
    Execution halted
Flavor: r-release-osx-x86_64-snowleopard