CRAN Package Check Results for Package betareg

Last updated on 2014-09-02 20:48:45.

Flavor Version Tinstall Tcheck Ttotal Status Flags
r-devel-linux-x86_64-debian-clang 3.0-4 2.75 97.70 100.46 NOTE
r-devel-linux-x86_64-debian-gcc 3.0-4 2.67 97.47 100.14 NOTE
r-devel-linux-x86_64-fedora-clang 3.0-4 221.29 NOTE
r-devel-linux-x86_64-fedora-gcc 3.0-4 200.22 NOTE
r-devel-osx-x86_64-clang 3.0-4 181.96 NOTE
r-devel-windows-ix86+x86_64 3.0-4 8.00 130.00 138.00 NOTE
r-patched-linux-x86_64 3.0-4 2.76 103.53 106.29 OK
r-patched-solaris-sparc 3.0-4 1293.60 OK
r-patched-solaris-x86 3.0-4 257.60 OK
r-release-linux-ix86 3.0-4 3.54 127.82 131.36 OK
r-release-linux-x86_64 3.0-4 3.08 102.16 105.24 OK
r-release-osx-x86_64-mavericks 3.0-4 OK
r-release-osx-x86_64-snowleopard 3.0-4 NOTE
r-release-windows-ix86+x86_64 3.0-4 7.00 146.00 153.00 OK
r-oldrel-windows-ix86+x86_64 3.0-4 9.00 145.00 154.00 OK

Check Details

Version: 3.0-4
Check: R code for possible problems
Result: NOTE
    betamix: no visible global function definition for ‘getModel’
    coef.betatree: no visible global function definition for ‘nodes’
    sctest.betatree: no visible global function definition for ‘sctest’
Flavors: r-devel-linux-x86_64-debian-clang, r-devel-linux-x86_64-debian-gcc, r-devel-linux-x86_64-fedora-clang, r-devel-linux-x86_64-fedora-gcc, r-devel-osx-x86_64-clang, r-devel-windows-ix86+x86_64

Version: 3.0-4
Check: re-building of vignette outputs
Result: NOTE
    Error in re-building vignettes:
     ...
    Loading required package: Formula
    Loading required package: party
    Loading required package: grid
    Loading required package: zoo
    
    Attaching package: 'zoo'
    
    The following objects are masked from 'package:base':
    
     as.Date, as.Date.numeric
    
    Loading required package: sandwich
    Loading required package: strucchange
    Loading required package: modeltools
    Loading required package: stats4
    Error in texi2dvi(file = file, pdf = TRUE, clean = clean, quiet = quiet, :
     Running 'texi2dvi' on 'betareg-ext.tex' failed.
    Messages:
    sh: gs: command not found
    !!! Error: Closing Ghostscript (exit status: 127)!
    /usr/bin/texi2dvi: thumbpdf exited with bad status, quitting.
    Calls: buildVignettes -> texi2pdf -> texi2dvi
    Execution halted
Flavor: r-release-osx-x86_64-snowleopard