CRAN Package Check Results for Package betareg

Last updated on 2015-03-27 07:48:40.

Flavor Version Tinstall Tcheck Ttotal Status Flags
r-devel-linux-x86_64-debian-clang 3.0-5 1.96 91.64 93.61 NOTE
r-devel-linux-x86_64-debian-gcc 3.0-5 1.91 86.92 88.84 NOTE
r-devel-linux-x86_64-fedora-clang 3.0-5 187.93 NOTE
r-devel-linux-x86_64-fedora-gcc 3.0-5 177.27 NOTE
r-devel-osx-x86_64-clang 3.0-5 173.85 NOTE
r-prerel-windows-ix86+x86_64 3.0-5 8.00 126.00 134.00 NOTE
r-prerel-linux-x86_64 3.0-5 1.87 86.52 88.40 NOTE
r-prerel-solaris-sparc 3.0-5 1162.20 NOTE
r-prerel-solaris-x86 3.0-5 217.20 NOTE
r-release-linux-x86_64 3.0-5 2.76 101.94 104.70 NOTE
r-release-osx-x86_64-mavericks 3.0-5 NOTE
r-release-osx-x86_64-snowleopard 3.0-5 OK
r-release-windows-ix86+x86_64 3.0-5 9.00 148.00 157.00 NOTE
r-oldrel-windows-ix86+x86_64 3.0-5 9.00 147.00 156.00 OK

Check Details

Version: 3.0-5
Check: dependencies in R code
Result: NOTE
    'library' or 'require' call to ‘party’ in package code.
     Please use :: or requireNamespace() instead.
     See section 'Suggested packages' in the 'Writing R Extensions' manual.
Flavors: r-devel-linux-x86_64-debian-clang, r-devel-linux-x86_64-debian-gcc, r-devel-linux-x86_64-fedora-clang, r-devel-linux-x86_64-fedora-gcc, r-devel-osx-x86_64-clang, r-prerel-windows-ix86+x86_64, r-prerel-linux-x86_64, r-prerel-solaris-sparc, r-prerel-solaris-x86, r-release-linux-x86_64, r-release-windows-ix86+x86_64

Version: 3.0-5
Check: re-building of vignette outputs
Result: NOTE
    Error in re-building vignettes:
     ...
    
    The following objects are masked from 'package:base':
    
     as.Date, as.Date.numeric
    
    Loading required package: sandwich
    Error in texi2dvi(file = file, pdf = TRUE, clean = clean, quiet = quiet, :
     Running 'texi2dvi' on 'betareg-ext.tex' failed.
    LaTeX errors:
    ! Undefined control sequence.
    l.18 ...^_|<80><84>eYPƲ<ac>d2<99>H$<de>{<ef><bd><f7><df>^^?_^^H<a1><be><91>j^^B^^E<af>\<b9>
     BDgϞ<dd><de><de>ƫ\.<97>H$P^^[ka^^O<c9>G...
    The control sequence at the end of the top line
    of your error message was never \def'ed. If you have
    ! Undefined control sequence.
    l.18 ...^^T<af>8<e7><b6>m^^G<f3>P<d7><c4><eb>^^F]<91><b3>K<e4>r9<ce><f9><85><0b>^^W.^<bc><f8><c9>'<9f>\<b9>
     rŲ<ac><f1><f1><f1>\.w<fe><fc><f9>K<97>.^^QQ"<91><c0>^^?...
    The control sequence at the end of the top line
    of your error message was never \def'ed. If you have
    ! Undefined control sequence.
    l.22 ...T<8f>lj^^H<0b><95>H ^^Oc^^L]Զ^^V<86><b2>D<84>z,<cb><ca>f<b3><a0><ba>J<a8>J0\U
     <b6>`<a9>><ab><b7>o(%U<b7><97>J<a5>h4<ba><8f>z<88><a8>{<ee><f4>`9...
    The control sequence at the en
    Calls: buildVignettes -> texi2pdf -> texi2dvi
    Execution halted
Flavor: r-release-osx-x86_64-mavericks