CRAN Package Check Results for Package betareg

Last updated on 2014-04-24 15:50:34.

Flavor Version Tinstall Tcheck Ttotal Status Flags
r-devel-linux-x86_64-debian-clang 3.0-4 2.99 102.50 105.49 OK
r-devel-linux-x86_64-debian-gcc 3.0-4 2.94 102.90 105.84 OK
r-devel-linux-x86_64-fedora-clang 3.0-4 229.28 OK
r-devel-linux-x86_64-fedora-gcc 3.0-4 226.69 OK
r-devel-osx-x86_64-clang 3.0-4 185.44 OK
r-devel-osx-x86_64-gcc 3.0-4 ERROR
r-devel-windows-ix86+x86_64 3.0-4 8.00 137.00 145.00 OK
r-patched-linux-x86_64 3.0-4 2.98 103.38 106.36 OK
r-patched-solaris-sparc 3.0-4 1234.70 OK
r-patched-solaris-x86 3.0-4 245.00 OK
r-release-linux-ix86 3.0-4 5.00 158.00 163.00 OK
r-release-linux-x86_64 3.0-4 2.98 102.65 105.62 OK
r-release-osx-x86_64-mavericks 3.0-4 WARN
r-release-osx-x86_64-snowleopard 3.0-4 NOTE
r-release-windows-ix86+x86_64 3.0-4 8.00 144.00 152.00 OK
r-oldrel-windows-ix86+x86_64 3.0-4 8.00 137.00 145.00 OK

Check Details

Version: 3.0-4
Check: package dependencies
Result: ERROR
    Packages required but not available: ‘lmtest’ ‘sandwich’
    
    Packages suggested but not available for checking:
     ‘car’ ‘party’ ‘strucchange’
    
    See the information on DESCRIPTION files in the chapter ‘Creating R
    packages’ of the ‘Writing R Extensions’ manual.
Flavor: r-devel-osx-x86_64-gcc

Version: 3.0-4
Check: PDF version of manual
Result: WARNING
    LaTeX errors when creating PDF version.
    This typically indicates Rd problems.
    LaTeX errors found:
    ! LaTeX Error: File `upquote.sty' not found.
    
    Type X to quit or <RETURN> to proceed,
    or enter new name. (Default extension: sty)
    
    e8d3b41/Rd2.tex:8: ==> Fatal error occurred, no output PDF file produced!
Flavor: r-release-osx-x86_64-mavericks

Version: 3.0-4
Check: re-building of vignette outputs
Result: NOTE
    Error in re-building vignettes:
     ...
    Loading required package: Formula
    Loading required package: party
    Loading required package: grid
    Loading required package: zoo
    
    Attaching package: 'zoo'
    
    The following objects are masked from 'package:base':
    
     as.Date, as.Date.numeric
    
    Loading required package: sandwich
    Loading required package: strucchange
    Loading required package: modeltools
    Loading required package: stats4
    Error in texi2dvi(file = file, pdf = TRUE, clean = clean, quiet = quiet, :
     Running 'texi2dvi' on 'betareg-ext.tex' failed.
    Messages:
    sh: gs: command not found
    !!! Error: Closing Ghostscript (exit status: 127)!
    /usr/bin/texi2dvi: thumbpdf exited with bad status, quitting.
    Calls: buildVignettes -> texi2pdf -> texi2dvi
    Execution halted
Flavor: r-release-osx-x86_64-snowleopard