CRAN Package Check Results for Package betategarch

Last updated on 2017-01-23 12:50:10.

Flavor Version Tinstall Tcheck Ttotal Status Flags
r-devel-linux-x86_64-debian-clang 3.3 1.29 18.79 20.08 OK
r-devel-linux-x86_64-debian-gcc 3.3 1.30 18.69 19.99 OK
r-devel-linux-x86_64-fedora-clang 3.3 32.64 OK --no-stop-on-test-error
r-devel-linux-x86_64-fedora-gcc 3.3 31.47 OK --no-stop-on-test-error
r-devel-macos-x86_64-clang 3.3 25.58 OK --no-stop-on-test-error
r-devel-windows-ix86+x86_64 3.3 5.00 43.00 48.00 OK
r-patched-linux-x86_64 3.3 1.05 16.23 17.28 OK
r-patched-solaris-sparc 3.3 169.90 OK
r-patched-solaris-x86 3.3 36.20 OK
r-release-linux-x86_64 3.3 1.08 15.46 16.53 OK
r-release-osx-x86_64-mavericks 3.3 OK
r-release-windows-ix86+x86_64 3.3 17.00 42.00 59.00 OK
r-oldrel-windows-ix86+x86_64 3.3 4.00 2.00 6.00 ERROR

Check Details

Version: 3.3
Check: whether package can be installed
Result: ERROR
    Installation failed.
Flavor: r-oldrel-windows-ix86+x86_64