CRAN Package Check Results for Package betategarch

Last updated on 2017-10-21 22:46:29.

Flavor Version Tinstall Tcheck Ttotal Status Flags
r-devel-linux-x86_64-debian-clang 3.3 1.24 17.72 18.96 NOTE
r-devel-linux-x86_64-debian-gcc 3.3 1.17 18.28 19.44 NOTE
r-devel-linux-x86_64-fedora-clang 3.3 32.72 NOTE
r-devel-linux-x86_64-fedora-gcc 3.3 31.12 NOTE
r-devel-windows-ix86+x86_64 3.3 6.00 42.00 48.00 OK
r-patched-linux-x86_64 3.3 1.28 17.81 19.09 NOTE
r-patched-solaris-x86 3.3 46.80 OK
r-release-linux-x86_64 3.3 1.26 18.17 19.43 NOTE
r-release-windows-ix86+x86_64 3.3 9.00 65.00 74.00 OK
r-release-osx-x86_64 3.3 OK
r-oldrel-windows-ix86+x86_64 3.3 6.00 50.00 56.00 OK
r-oldrel-osx-x86_64 3.3 OK

Check Details

Version: 3.3
Check: compiled code
Result: NOTE
    File ‘betategarch/libs/betategarch.so’:
     Found no calls to: ‘R_registerRoutines’, ‘R_useDynamicSymbols’
    
    It is good practice to register native routines and to disable symbol
    search.
    
    See ‘Writing portable packages’ in the ‘Writing R Extensions’ manual.
Flavors: r-devel-linux-x86_64-debian-clang, r-devel-linux-x86_64-debian-gcc, r-devel-linux-x86_64-fedora-clang, r-devel-linux-x86_64-fedora-gcc, r-patched-linux-x86_64, r-release-linux-x86_64