CRAN Package Check Results for Package betategarch

Last updated on 2017-03-23 03:47:37.

Flavor Version Tinstall Tcheck Ttotal Status Flags
r-devel-linux-x86_64-debian-clang 3.3 1.31 17.85 19.15 NOTE
r-devel-linux-x86_64-debian-gcc 3.3 1.31 18.05 19.36 NOTE
r-devel-linux-x86_64-fedora-clang 3.3 34.96 NOTE --no-stop-on-test-error
r-devel-linux-x86_64-fedora-gcc 3.3 31.74 NOTE --no-stop-on-test-error
r-devel-macos-x86_64-clang 3.3 25.70 NOTE --no-stop-on-test-error
r-devel-windows-ix86+x86_64 3.3 6.00 42.00 48.00 OK
r-patched-linux-x86_64 3.3 1.04 14.91 15.95 OK
r-patched-solaris-sparc 3.3 183.40 OK
r-patched-solaris-x86 3.3 42.40 OK
r-release-linux-x86_64 3.3 1.02 15.19 16.22 OK
r-release-osx-x86_64-mavericks 3.3 OK
r-release-windows-ix86+x86_64 3.3 19.00 41.00 60.00 OK
r-oldrel-windows-ix86+x86_64 3.3 2.00 2.00 4.00 ERROR

Check Details

Version: 3.3
Check: compiled code
Result: NOTE
    File ‘betategarch/libs/betategarch.so’:
     Found no calls to: ‘R_registerRoutines’, ‘R_useDynamicSymbols’
    
    It is good practice to register native routines and to disable symbol
    search.
    
    See ‘Writing portable packages’ in the ‘Writing R Extensions’ manual.
Flavors: r-devel-linux-x86_64-debian-clang, r-devel-linux-x86_64-debian-gcc

Version: 3.3
Flags: --no-stop-on-test-error
Check: compiled code
Result: NOTE
    File ‘betategarch/libs/betategarch.so’:
     Found no calls to: ‘R_registerRoutines’, ‘R_useDynamicSymbols’
    
    It is good practice to register native routines and to disable symbol
    search.
    
    See ‘Writing portable packages’ in the ‘Writing R Extensions’ manual.
Flavors: r-devel-linux-x86_64-fedora-clang, r-devel-linux-x86_64-fedora-gcc, r-devel-macos-x86_64-clang

Version: 3.3
Check: whether package can be installed
Result: ERROR
    Installation failed.
Flavor: r-oldrel-windows-ix86+x86_64