CRAN Package Check Results for Package betategarch

Last updated on 2014-04-21 12:43:13.

Flavor Version Tinstall Tcheck Ttotal Status Flags
r-devel-linux-x86_64-debian-clang 3.1 1.13 15.57 16.70 OK
r-devel-linux-x86_64-debian-gcc 3.1 1.09 16.23 17.32 OK
r-devel-linux-x86_64-fedora-clang 3.1 32.87 OK
r-devel-linux-x86_64-fedora-gcc 3.1 31.62 OK
r-devel-osx-x86_64-clang 3.1 31.85 OK
r-devel-osx-x86_64-gcc 3.1 ERROR
r-devel-windows-ix86+x86_64 3.1 5.00 32.00 37.00 OK
r-patched-linux-x86_64 3.1 1.17 15.70 16.86 OK
r-patched-solaris-sparc 3.1 192.60 OK
r-patched-solaris-x86 3.1 44.20 OK
r-release-linux-x86_64 3.1 1.11 15.68 16.79 OK
r-release-osx-x86_64-mavericks 3.1 WARN
r-release-osx-x86_64-snowleopard 3.1 OK
r-release-windows-ix86+x86_64 3.1 7.00 32.00 39.00 OK
r-oldrel-windows-ix86+x86_64 3.1 6.00 31.00 37.00 OK

Check Details

Version: 3.1
Check: package dependencies
Result: ERROR
    Package required but not available: ‘zoo’
    
    See the information on DESCRIPTION files in the chapter ‘Creating R
    packages’ of the ‘Writing R Extensions’ manual.
Flavor: r-devel-osx-x86_64-gcc

Version: 3.1
Check: PDF version of manual
Result: WARNING
    LaTeX errors when creating PDF version.
    This typically indicates Rd problems.
    LaTeX errors found:
    ! LaTeX Error: File `upquote.sty' not found.
    
    Type X to quit or <RETURN> to proceed,
    or enter new name. (Default extension: sty)
    
    5d9901a/Rd2.tex:8: ==> Fatal error occurred, no output PDF file produced!
Flavor: r-release-osx-x86_64-mavericks