CRAN Package Check Results for Package betategarch

Last updated on 2017-02-25 23:47:28.

Flavor Version Tinstall Tcheck Ttotal Status Flags
r-devel-linux-x86_64-debian-clang 3.3 1.28 17.80 19.08 NOTE
r-devel-linux-x86_64-debian-gcc 3.3 1.33 17.45 18.79 NOTE
r-devel-linux-x86_64-fedora-clang 3.3 31.86 NOTE --no-stop-on-test-error
r-devel-linux-x86_64-fedora-gcc 3.3 30.87 NOTE --no-stop-on-test-error
r-devel-macos-x86_64-clang 3.3 26.85 NOTE --no-stop-on-test-error
r-devel-windows-ix86+x86_64 3.3 7.00 63.00 70.00 OK
r-patched-linux-x86_64 3.3 1.06 14.70 15.76 OK
r-patched-solaris-sparc 3.3 169.90 OK
r-patched-solaris-x86 3.3 35.60 OK
r-release-linux-x86_64 3.3 1.10 15.26 16.35 OK
r-release-osx-x86_64-mavericks 3.3 OK
r-release-windows-ix86+x86_64 3.3 11.00 60.00 71.00 OK
r-oldrel-windows-ix86+x86_64 3.3 2.00 3.00 5.00 ERROR

Check Details

Version: 3.3
Check: compiled code
Result: NOTE
    File ‘betategarch/libs/betategarch.so’:
     Found no calls to: ‘R_registerRoutines’, ‘R_useDynamicSymbols’
    
    It is good practice to register native routines and to disable symbol
    search.
    
    See ‘Writing portable packages’ in the ‘Writing R Extensions’ manual.
Flavors: r-devel-linux-x86_64-debian-clang, r-devel-linux-x86_64-debian-gcc

Version: 3.3
Flags: --no-stop-on-test-error
Check: compiled code
Result: NOTE
    File ‘betategarch/libs/betategarch.so’:
     Found no calls to: ‘R_registerRoutines’, ‘R_useDynamicSymbols’
    
    It is good practice to register native routines and to disable symbol
    search.
    
    See ‘Writing portable packages’ in the ‘Writing R Extensions’ manual.
Flavors: r-devel-linux-x86_64-fedora-clang, r-devel-linux-x86_64-fedora-gcc, r-devel-macos-x86_64-clang

Version: 3.3
Check: whether package can be installed
Result: ERROR
    Installation failed.
Flavor: r-oldrel-windows-ix86+x86_64