CRAN Package Check Results for Package betategarch

Last updated on 2017-08-21 06:46:33.

Flavor Version Tinstall Tcheck Ttotal Status Flags
r-devel-linux-x86_64-debian-clang 3.3 1.38 18.15 19.53 NOTE
r-devel-linux-x86_64-debian-gcc 3.3 1.32 18.44 19.76 NOTE
r-devel-linux-x86_64-fedora-clang 3.3 35.00 NOTE
r-devel-linux-x86_64-fedora-gcc 3.3 36.87 NOTE
r-devel-windows-ix86+x86_64 3.3 6.00 44.00 50.00 OK
r-patched-linux-x86_64 3.3 1.38 18.05 19.43 NOTE
r-patched-solaris-x86 3.3 44.70 OK
r-release-linux-x86_64 3.3 1.24 18.12 19.37 NOTE
r-release-windows-ix86+x86_64 3.3 8.00 58.00 66.00 OK
r-release-osx-x86_64 3.3 OK
r-oldrel-windows-ix86+x86_64 3.3 6.00 39.00 45.00 OK
r-oldrel-osx-x86_64 3.3 OK

Check Details

Version: 3.3
Check: compiled code
Result: NOTE
    File ‘betategarch/libs/betategarch.so’:
     Found no calls to: ‘R_registerRoutines’, ‘R_useDynamicSymbols’
    
    It is good practice to register native routines and to disable symbol
    search.
    
    See ‘Writing portable packages’ in the ‘Writing R Extensions’ manual.
Flavors: r-devel-linux-x86_64-debian-clang, r-devel-linux-x86_64-debian-gcc, r-devel-linux-x86_64-fedora-clang, r-devel-linux-x86_64-fedora-gcc, r-patched-linux-x86_64, r-release-linux-x86_64