CRAN Package Check Results for Package betategarch

Last updated on 2017-04-30 05:48:10.

Flavor Version Tinstall Tcheck Ttotal Status Flags
r-devel-linux-x86_64-debian-clang 3.3 1.38 18.03 19.41 NOTE
r-devel-linux-x86_64-debian-gcc 3.3 1.35 17.90 19.25 NOTE
r-devel-linux-x86_64-fedora-clang 3.3 32.42 NOTE --no-stop-on-test-error
r-devel-linux-x86_64-fedora-gcc 3.3 34.41 NOTE --no-stop-on-test-error
r-devel-windows-ix86+x86_64 3.3 10.00 59.00 69.00 OK
r-patched-linux-x86_64 3.3 1.39 17.47 18.86 NOTE
r-patched-solaris-sparc 3.3 183.40 OK
r-patched-solaris-x86 3.3 41.60 OK
r-release-linux-x86_64 3.3 1.32 17.63 18.95 NOTE
r-release-windows-ix86+x86_64 3.3 13.00 60.00 73.00 OK
r-release-osx-x86_64 3.3 OK
r-oldrel-windows-ix86+x86_64 3.3 11.00 52.00 63.00 OK
r-oldrel-osx-x86_64 3.3 OK

Check Details

Version: 3.3
Check: compiled code
Result: NOTE
    File ‘betategarch/libs/betategarch.so’:
     Found no calls to: ‘R_registerRoutines’, ‘R_useDynamicSymbols’
    
    It is good practice to register native routines and to disable symbol
    search.
    
    See ‘Writing portable packages’ in the ‘Writing R Extensions’ manual.
Flavors: r-devel-linux-x86_64-debian-clang, r-devel-linux-x86_64-debian-gcc, r-patched-linux-x86_64, r-release-linux-x86_64

Version: 3.3
Flags: --no-stop-on-test-error
Check: compiled code
Result: NOTE
    File ‘betategarch/libs/betategarch.so’:
     Found no calls to: ‘R_registerRoutines’, ‘R_useDynamicSymbols’
    
    It is good practice to register native routines and to disable symbol
    search.
    
    See ‘Writing portable packages’ in the ‘Writing R Extensions’ manual.
Flavors: r-devel-linux-x86_64-fedora-clang, r-devel-linux-x86_64-fedora-gcc