CRAN Package Check Results for Package betategarch

Last updated on 2017-06-26 10:47:02.

Flavor Version Tinstall Tcheck Ttotal Status Flags
r-devel-linux-x86_64-debian-clang 3.3 1.42 18.27 19.69 NOTE
r-devel-linux-x86_64-debian-gcc 3.3 1.22 17.22 18.44 NOTE
r-devel-linux-x86_64-fedora-clang 3.3 32.60 NOTE
r-devel-linux-x86_64-fedora-gcc 3.3 31.51 NOTE
r-devel-windows-ix86+x86_64 3.3 8.00 58.00 66.00 OK
r-patched-linux-x86_64 3.3 1.23 17.71 18.94 NOTE
r-patched-solaris-sparc 3.3 183.40 OK
r-patched-solaris-x86 3.3 41.90 OK
r-release-linux-x86_64 3.3 1.24 17.88 19.13 NOTE
r-release-windows-ix86+x86_64 3.3 11.00 59.00 70.00 OK
r-release-osx-x86_64 3.3 OK
r-oldrel-windows-ix86+x86_64 3.3 6.00 50.00 56.00 OK
r-oldrel-osx-x86_64 3.3 OK

Check Details

Version: 3.3
Check: compiled code
Result: NOTE
    File ‘betategarch/libs/betategarch.so’:
     Found no calls to: ‘R_registerRoutines’, ‘R_useDynamicSymbols’
    
    It is good practice to register native routines and to disable symbol
    search.
    
    See ‘Writing portable packages’ in the ‘Writing R Extensions’ manual.
Flavors: r-devel-linux-x86_64-debian-clang, r-devel-linux-x86_64-debian-gcc, r-devel-linux-x86_64-fedora-clang, r-devel-linux-x86_64-fedora-gcc, r-patched-linux-x86_64, r-release-linux-x86_64