CRAN Package Check Results for Package betategarch

Last updated on 2015-08-29 20:47:52.

Flavor Version Tinstall Tcheck Ttotal Status Flags
r-devel-linux-x86_64-debian-clang 3.2 1.00 13.65 14.64 NOTE
r-devel-linux-x86_64-debian-gcc 3.2 0.92 13.26 14.17 NOTE
r-devel-linux-x86_64-fedora-clang 3.2 28.19 NOTE
r-devel-linux-x86_64-fedora-gcc 3.2 26.30 NOTE
r-devel-osx-x86_64-clang 3.2 26.10 OK
r-devel-windows-ix86+x86_64 3.2 11.00 37.00 48.00 NOTE
r-patched-linux-x86_64 3.2 1.02 14.01 15.02 OK
r-patched-solaris-sparc 3.2 181.80 OK
r-patched-solaris-x86 3.2 40.70 OK
r-release-linux-x86_64 3.2 1.02 14.27 15.29 OK
r-release-osx-x86_64-mavericks 3.2 OK
r-release-windows-ix86+x86_64 3.2 8.00 35.00 43.00 OK
r-oldrel-windows-ix86+x86_64 3.2 9.00 39.00 48.00 OK

Check Details

Version: 3.2
Check: R code for possible problems
Result: NOTE
    predict.tegarch: no visible global function definition for ‘fitted’
    print.tegarch: no visible global function definition for ‘vcov’
    rST: no visible global function definition for ‘rt’
    rST: no visible global function definition for ‘runif’
    tegarch: no visible global function definition for ‘nlminb’
    tegarch: no visible global function definition for ‘optimHess’
    vcov.tegarch: no visible global function definition for ‘optimHess’
    Undefined global functions or variables:
     fitted nlminb optimHess rt runif vcov
    Consider adding
     importFrom("stats", "fitted", "nlminb", "optimHess", "rt", "runif",
     "vcov")
    to your NAMESPACE.
Flavors: r-devel-linux-x86_64-debian-clang, r-devel-linux-x86_64-debian-gcc, r-devel-linux-x86_64-fedora-clang, r-devel-linux-x86_64-fedora-gcc, r-devel-windows-ix86+x86_64