CRAN Package Check Results for Package betategarch

Last updated on 2016-07-29 03:47:59.

Flavor Version Tinstall Tcheck Ttotal Status Flags
r-devel-linux-x86_64-debian-clang 3.2 1.40 19.21 20.60 NOTE
r-devel-linux-x86_64-debian-gcc 3.2 1.32 18.65 19.97 NOTE
r-devel-linux-x86_64-fedora-clang 3.2 26.20 NOTE
r-devel-linux-x86_64-fedora-gcc 3.2 24.07 NOTE
r-devel-osx-x86_64-clang 3.2 23.11 NOTE
r-devel-windows-ix86+x86_64 3.2 8.00 40.00 48.00 NOTE
r-patched-linux-x86_64 3.2 1.38 18.13 19.51 NOTE
r-patched-solaris-sparc 3.2 168.40 NOTE
r-patched-solaris-x86 3.2 36.30 NOTE
r-release-linux-x86_64 3.2 1.14 18.66 19.80 NOTE
r-release-osx-x86_64-mavericks 3.2 NOTE
r-release-windows-ix86+x86_64 3.2 9.00 44.00 53.00 NOTE
r-oldrel-windows-ix86+x86_64 3.2 9.00 54.00 63.00 OK

Check Details

Version: 3.2
Check: R code for possible problems
Result: NOTE
    predict.tegarch: no visible global function definition for ‘fitted’
    print.tegarch: no visible global function definition for ‘vcov’
    rST: no visible global function definition for ‘rt’
    rST: no visible global function definition for ‘runif’
    tegarch: no visible global function definition for ‘nlminb’
    tegarch: no visible global function definition for ‘optimHess’
    vcov.tegarch: no visible global function definition for ‘optimHess’
    Undefined global functions or variables:
     fitted nlminb optimHess rt runif vcov
    Consider adding
     importFrom("stats", "fitted", "nlminb", "optimHess", "rt", "runif",
     "vcov")
    to your NAMESPACE file.
Flavors: r-devel-linux-x86_64-debian-clang, r-devel-linux-x86_64-debian-gcc, r-devel-linux-x86_64-fedora-clang, r-devel-linux-x86_64-fedora-gcc, r-devel-osx-x86_64-clang, r-devel-windows-ix86+x86_64, r-patched-linux-x86_64, r-patched-solaris-sparc, r-patched-solaris-x86, r-release-linux-x86_64, r-release-osx-x86_64-mavericks, r-release-windows-ix86+x86_64