CRAN Package Check Results for Package betategarch

Last updated on 2016-02-09 16:46:49.

Flavor Version Tinstall Tcheck Ttotal Status Flags
r-devel-linux-x86_64-debian-gcc 3.2 1.07 13.56 14.63 NOTE
r-devel-linux-x86_64-fedora-clang 3.2 26.96 NOTE
r-devel-linux-x86_64-fedora-gcc 3.2 25.16 NOTE
r-devel-osx-x86_64-clang 3.2 29.48 NOTE
r-devel-windows-ix86+x86_64 3.2 10.00 52.00 62.00 NOTE
r-patched-linux-x86_64 3.2 1.23 14.01 15.24 OK
r-patched-solaris-sparc 3.2 169.50 OK
r-patched-solaris-x86 3.2 37.10 OK
r-release-linux-x86_64 3.2 1.10 13.83 14.94 OK
r-release-osx-x86_64-mavericks 3.2 OK
r-release-windows-ix86+x86_64 3.2 9.00 53.00 62.00 OK
r-oldrel-windows-ix86+x86_64 3.2 9.00 41.00 50.00 OK

Check Details

Version: 3.2
Check: R code for possible problems
Result: NOTE
    predict.tegarch: no visible global function definition for ‘fitted’
    print.tegarch: no visible global function definition for ‘vcov’
    rST: no visible global function definition for ‘rt’
    rST: no visible global function definition for ‘runif’
    tegarch: no visible global function definition for ‘nlminb’
    tegarch: no visible global function definition for ‘optimHess’
    vcov.tegarch: no visible global function definition for ‘optimHess’
    Undefined global functions or variables:
     fitted nlminb optimHess rt runif vcov
    Consider adding
     importFrom("stats", "fitted", "nlminb", "optimHess", "rt", "runif",
     "vcov")
    to your NAMESPACE file.
Flavors: r-devel-linux-x86_64-debian-gcc, r-devel-linux-x86_64-fedora-clang, r-devel-linux-x86_64-fedora-gcc, r-devel-osx-x86_64-clang, r-devel-windows-ix86+x86_64