CRAN Package Check Results for Package betategarch

Last updated on 2016-05-28 05:47:34.

Flavor Version Tinstall Tcheck Ttotal Status Flags
r-devel-linux-x86_64-debian-gcc 3.2 1.09 14.55 15.64 NOTE
r-devel-linux-x86_64-fedora-clang 3.2 30.03 NOTE
r-devel-linux-x86_64-fedora-gcc 3.2 24.55 NOTE
r-devel-osx-x86_64-clang 3.2 30.02 NOTE
r-devel-windows-ix86+x86_64 3.2 4.00 41.00 45.00 NOTE
r-patched-linux-x86_64 3.2 1.16 14.31 15.46 NOTE
r-patched-solaris-sparc 3.2 167.90 NOTE
r-patched-solaris-x86 3.2 37.70 NOTE
r-release-linux-x86_64 3.2 1.24 14.17 15.41 NOTE
r-release-osx-x86_64-mavericks 3.2 NOTE
r-release-windows-ix86+x86_64 3.2 8.00 40.00 48.00 NOTE

Check Details

Version: 3.2
Check: R code for possible problems
Result: NOTE
    predict.tegarch: no visible global function definition for ‘fitted’
    print.tegarch: no visible global function definition for ‘vcov’
    rST: no visible global function definition for ‘rt’
    rST: no visible global function definition for ‘runif’
    tegarch: no visible global function definition for ‘nlminb’
    tegarch: no visible global function definition for ‘optimHess’
    vcov.tegarch: no visible global function definition for ‘optimHess’
    Undefined global functions or variables:
     fitted nlminb optimHess rt runif vcov
    Consider adding
     importFrom("stats", "fitted", "nlminb", "optimHess", "rt", "runif",
     "vcov")
    to your NAMESPACE file.
Flavors: r-devel-linux-x86_64-debian-gcc, r-devel-linux-x86_64-fedora-clang, r-devel-linux-x86_64-fedora-gcc, r-devel-osx-x86_64-clang, r-devel-windows-ix86+x86_64, r-patched-linux-x86_64, r-patched-solaris-sparc, r-patched-solaris-x86, r-release-linux-x86_64, r-release-osx-x86_64-mavericks, r-release-windows-ix86+x86_64