CRAN Package Check Results for Package betategarch

Last updated on 2015-05-06 09:47:03.

Flavor Version Tinstall Tcheck Ttotal Status Flags
r-devel-linux-x86_64-debian-clang 3.2 1.05 14.47 15.52 OK
r-devel-linux-x86_64-debian-gcc 3.2 1.04 13.99 15.04 OK
r-devel-linux-x86_64-fedora-clang 3.2 29.23 OK
r-devel-linux-x86_64-fedora-gcc 3.2 27.57 OK
r-devel-osx-x86_64-clang 3.2 29.99 OK
r-devel-windows-ix86+x86_64 3.2 6.00 30.00 36.00 OK
r-patched-linux-x86_64 3.2 1.03 13.93 14.96 OK
r-patched-solaris-sparc 3.2 185.30 OK
r-patched-solaris-x86 3.2 40.30 OK
r-release-linux-x86_64 3.2 1.04 14.08 15.12 OK
r-release-osx-x86_64-mavericks 3.2 OK
r-release-osx-x86_64-snowleopard 3.2 ERROR
r-release-windows-ix86+x86_64 3.2 5.00 32.00 37.00 OK
r-oldrel-windows-ix86+x86_64 3.2 7.00 54.00 61.00 OK

Check Details

Version: 3.2
Check: package dependencies
Result: ERROR
    Package required but not available: ‘zoo’
    
    See section ‘The DESCRIPTION file’ in the ‘Writing R Extensions’
    manual.
Flavor: r-release-osx-x86_64-snowleopard