CRAN Package Check Results for Package betategarch

Last updated on 2016-08-25 04:49:28.

Flavor Version Tinstall Tcheck Ttotal Status Flags
r-devel-linux-x86_64-debian-clang 3.2 1.12 15.79 16.91 NOTE
r-devel-linux-x86_64-debian-gcc 3.2 1.08 15.36 16.44 NOTE
r-devel-linux-x86_64-fedora-clang 3.2 28.25 NOTE
r-devel-linux-x86_64-fedora-gcc 3.2 27.56 NOTE
r-devel-osx-x86_64-clang 3.2 22.99 NOTE
r-devel-windows-ix86+x86_64 3.2 7.00 40.00 47.00 NOTE
r-patched-linux-x86_64 3.2 1.17 15.63 16.80 NOTE
r-patched-solaris-sparc 3.2 168.40 NOTE
r-patched-solaris-x86 3.2 37.10 NOTE
r-release-linux-x86_64 3.2 1.27 15.57 16.83 NOTE
r-release-osx-x86_64-mavericks 3.2 NOTE
r-release-windows-ix86+x86_64 3.2 7.00 38.00 45.00 NOTE
r-oldrel-windows-ix86+x86_64 3.2 6.00 37.00 43.00 OK

Check Details

Version: 3.2
Check: R code for possible problems
Result: NOTE
    predict.tegarch: no visible global function definition for ‘fitted’
    print.tegarch: no visible global function definition for ‘vcov’
    rST: no visible global function definition for ‘rt’
    rST: no visible global function definition for ‘runif’
    tegarch: no visible global function definition for ‘nlminb’
    tegarch: no visible global function definition for ‘optimHess’
    vcov.tegarch: no visible global function definition for ‘optimHess’
    Undefined global functions or variables:
     fitted nlminb optimHess rt runif vcov
    Consider adding
     importFrom("stats", "fitted", "nlminb", "optimHess", "rt", "runif",
     "vcov")
    to your NAMESPACE file.
Flavors: r-devel-linux-x86_64-debian-clang, r-devel-linux-x86_64-debian-gcc, r-devel-linux-x86_64-fedora-clang, r-devel-linux-x86_64-fedora-gcc, r-devel-osx-x86_64-clang, r-devel-windows-ix86+x86_64, r-patched-linux-x86_64, r-patched-solaris-sparc, r-patched-solaris-x86, r-release-linux-x86_64, r-release-osx-x86_64-mavericks, r-release-windows-ix86+x86_64