CRAN Package Check Results for Package betategarch

Last updated on 2016-12-02 18:47:25.

Flavor Version Tinstall Tcheck Ttotal Status Flags
r-devel-linux-x86_64-debian-clang 3.3 1.27 19.38 20.65 OK
r-devel-linux-x86_64-debian-gcc 3.3 1.31 19.67 20.98 OK
r-devel-linux-x86_64-fedora-clang 3.3 33.02 OK
r-devel-linux-x86_64-fedora-gcc 3.3 31.52 OK
r-devel-macos-x86_64-clang 3.3 26.62 OK
r-devel-windows-ix86+x86_64 3.3 6.00 45.00 51.00 OK
r-patched-linux-x86_64 3.3 1.20 15.85 17.05 OK
r-patched-solaris-sparc 3.3 163.80 OK
r-patched-solaris-x86 3.3 36.30 OK
r-release-linux-x86_64 3.3 1.15 15.95 17.10 OK
r-release-osx-x86_64-mavericks 3.3 OK
r-release-windows-ix86+x86_64 3.3 6.00 51.00 57.00 OK
r-oldrel-windows-ix86+x86_64 3.3 2.00 2.00 4.00 ERROR

Check Details

Version: 3.3
Check: whether package can be installed
Result: ERROR
    Installation failed.
Flavor: r-oldrel-windows-ix86+x86_64