CRAN Package Check Results for Package betategarch

Last updated on 2016-04-29 19:49:40.

Flavor Version Tinstall Tcheck Ttotal Status Flags
r-devel-linux-x86_64-debian-gcc 3.2 1.04 14.34 15.38 NOTE
r-devel-linux-x86_64-fedora-clang 3.2 26.60 NOTE
r-devel-linux-x86_64-fedora-gcc 3.2 24.87 NOTE
r-devel-osx-x86_64-clang 3.2 30.19 NOTE
r-devel-windows-ix86+x86_64 3.2 5.00 40.00 45.00 NOTE
r-patched-linux-x86_64 3.2 1.06 14.21 15.26 NOTE
r-patched-solaris-sparc 3.2 167.40 NOTE
r-patched-solaris-x86 3.2 37.50 NOTE
r-release-linux-x86_64 3.2 1.11 14.97 16.07 OK
r-release-osx-x86_64-mavericks 3.2 OK
r-release-windows-ix86+x86_64 3.2 5.00 36.00 41.00 OK
r-oldrel-windows-ix86+x86_64 3.2 8.00 42.00 50.00 OK

Check Details

Version: 3.2
Check: R code for possible problems
Result: NOTE
    predict.tegarch: no visible global function definition for ‘fitted’
    print.tegarch: no visible global function definition for ‘vcov’
    rST: no visible global function definition for ‘rt’
    rST: no visible global function definition for ‘runif’
    tegarch: no visible global function definition for ‘nlminb’
    tegarch: no visible global function definition for ‘optimHess’
    vcov.tegarch: no visible global function definition for ‘optimHess’
    Undefined global functions or variables:
     fitted nlminb optimHess rt runif vcov
    Consider adding
     importFrom("stats", "fitted", "nlminb", "optimHess", "rt", "runif",
     "vcov")
    to your NAMESPACE file.
Flavors: r-devel-linux-x86_64-debian-gcc, r-devel-linux-x86_64-fedora-clang, r-devel-linux-x86_64-fedora-gcc, r-devel-osx-x86_64-clang, r-devel-windows-ix86+x86_64, r-patched-linux-x86_64, r-patched-solaris-sparc, r-patched-solaris-x86