CRAN Package Check Results for Package betategarch

Last updated on 2018-05-28 08:48:24 CEST.

Flavor Version Tinstall Tcheck Ttotal Status Flags
r-devel-linux-x86_64-debian-clang 3.3 3.08 23.27 26.35 NOTE
r-devel-linux-x86_64-debian-gcc 3.3 2.02 20.49 22.51 NOTE
r-devel-linux-x86_64-fedora-clang 3.3 34.52 NOTE
r-devel-linux-x86_64-fedora-gcc 3.3 32.40 NOTE
r-devel-windows-ix86+x86_64 3.3 7.00 52.00 59.00 OK
r-patched-linux-x86_64 3.3 3.12 23.76 26.88 NOTE
r-patched-solaris-x86 3.3 51.10 OK
r-release-linux-x86_64 3.3 2.45 23.99 26.44 NOTE
r-release-windows-ix86+x86_64 3.3 11.00 46.00 57.00 OK
r-release-osx-x86_64 3.3 OK
r-oldrel-windows-ix86+x86_64 3.3 9.00 47.00 56.00 OK
r-oldrel-osx-x86_64 3.3 OK

Check Details

Version: 3.3
Check: compiled code
Result: NOTE
    File ‘betategarch/libs/betategarch.so’:
     Found no calls to: ‘R_registerRoutines’, ‘R_useDynamicSymbols’
    
    It is good practice to register native routines and to disable symbol
    search.
    
    See ‘Writing portable packages’ in the ‘Writing R Extensions’ manual.
Flavors: r-devel-linux-x86_64-debian-clang, r-devel-linux-x86_64-debian-gcc, r-devel-linux-x86_64-fedora-clang, r-devel-linux-x86_64-fedora-gcc, r-patched-linux-x86_64, r-release-linux-x86_64