CRAN Package Check Results for Package beyondWhittle

Last updated on 2022-12-09 02:51:33 CET.

Flavor Version Tinstall Tcheck Ttotal Status Flags
r-devel-linux-x86_64-debian-clang 1.1.3 158.11 170.07 328.18 OK
r-devel-linux-x86_64-debian-gcc 1.1.3 118.45 143.40 261.85 OK
r-devel-linux-x86_64-fedora-clang 1.1.3 500.38 OK
r-devel-linux-x86_64-fedora-gcc 1.1.3 427.75 OK
r-devel-windows-x86_64 1.1.3 244.00 270.00 514.00 OK
r-patched-linux-x86_64 1.1.3 129.69 166.88 296.57 OK
r-release-linux-x86_64 1.1.3 130.03 162.14 292.17 OK
r-release-macos-arm64 1.1.3 81.00 NOTE
r-release-macos-x86_64 1.1.3 201.00 NOTE
r-release-windows-x86_64 1.1.3 200.00 228.00 428.00 OK
r-oldrel-macos-arm64 1.1.3 85.00 NOTE
r-oldrel-macos-x86_64 1.1.3 131.00 NOTE
r-oldrel-windows-ix86+x86_64 1.1.3 381.00 383.00 764.00 OK

Check Details

Version: 1.1.3
Check: installed package size
Result: NOTE
     installed size is 5.3Mb
     sub-directories of 1Mb or more:
     libs 4.9Mb
Flavors: r-release-macos-arm64, r-release-macos-x86_64, r-oldrel-macos-arm64, r-oldrel-macos-x86_64