CRAN Package Check Results for Package bfa

Last updated on 2014-10-25 11:48:31.

Flavor Version Tinstall Tcheck Ttotal Status Flags
r-devel-linux-x86_64-debian-clang 0.3.1 37.33 18.28 55.61 NOTE
r-devel-linux-x86_64-debian-gcc 0.3.1 42.70 17.92 60.62 NOTE
r-devel-linux-x86_64-fedora-clang 0.3.1 125.61 NOTE
r-devel-linux-x86_64-fedora-gcc 0.3.1 125.38 NOTE
r-devel-osx-x86_64-clang 0.3.1 89.80 NOTE
r-devel-windows-ix86+x86_64 0.3.1 121.00 49.00 170.00 NOTE
r-patched-linux-x86_64 0.3.1 44.77 18.46 63.23 NOTE
r-patched-solaris-sparc 0.3.1 730.80 NOTE
r-patched-solaris-x86 0.3.1 147.70 NOTE
r-release-linux-ix86 0.3.1 54.07 25.60 79.67 OK
r-release-linux-x86_64 0.3.1 43.00 18.12 61.13 OK
r-release-osx-x86_64-mavericks 0.3.1 OK
r-release-osx-x86_64-snowleopard 0.3.1 OK
r-release-windows-ix86+x86_64 0.3.1 126.00 56.00 182.00 OK
r-oldrel-windows-ix86+x86_64 0.3.1 130.00 59.00 189.00 OK

Check Details

Version: 0.3.1
Check: compiled code
Result: NOTE
    File ‘bfa/libs/bfa.so’:
     Found ‘srand’, possibly from ‘srand’ (C)
     Object: ‘main_mcmc.o’
    
    Compiled code should not call entry points which might terminate R nor
    write to stdout/stderr instead of to the console, nor the C RNG.
    
    See ‘Writing portable packages’ in the ‘Writing R Extensions’ manual.
Flavors: r-devel-linux-x86_64-debian-clang, r-devel-linux-x86_64-debian-gcc, r-devel-linux-x86_64-fedora-clang, r-devel-linux-x86_64-fedora-gcc, r-patched-linux-x86_64, r-patched-solaris-x86

Version: 0.3.1
Check: compiled code
Result: NOTE
    File ‘bfa/libs/bfa.so’:
     Found ‘_srand’, possibly from ‘srand’ (C)
     Object: ‘main_mcmc.o’
    
    Compiled code should not call entry points which might terminate R nor
    write to stdout/stderr instead of to the console, nor the C RNG.
    
    See ‘Writing portable packages’ in the ‘Writing R Extensions’ manual.
Flavor: r-devel-osx-x86_64-clang

Version: 0.3.1
Check: compiled code
Result: NOTE
    File 'bfa/libs/i386/bfa.dll':
     Found 'srand', possibly from 'srand' (C)
     Object: 'main_mcmc.o'
    File 'bfa/libs/x64/bfa.dll':
     Found 'srand', possibly from 'srand' (C)
     Object: 'main_mcmc.o'
    
    Compiled code should not call entry points which might terminate R nor
    write to stdout/stderr instead of to the console, nor the C RNG.
    
    See 'Writing portable packages' in the 'Writing R Extensions' manual.
Flavor: r-devel-windows-ix86+x86_64

Version: 0.3.1
Check: installed package size
Result: NOTE
     installed size is 5.2Mb
     sub-directories of 1Mb or more:
     libs 5.0Mb
Flavor: r-patched-solaris-sparc

Version: 0.3.1
Check: compiled code
Result: NOTE
    File ‘bfa/libs/bfa.so’:
     Found ‘rand’, possibly from ‘rand’ (C)
     Objects: ‘imh.o’, ‘loadings.o’, ‘main_mcmc.o’, ‘scores.o’
     Found ‘srand’, possibly from ‘srand’ (C)
     Object: ‘main_mcmc.o’
    
    Compiled code should not call entry points which might terminate R nor
    write to stdout/stderr instead of to the console, nor the C RNG.
    
    See ‘Writing portable packages’ in the ‘Writing R Extensions’ manual.
Flavor: r-patched-solaris-sparc