CRAN Package Check Results for Package bfa

Last updated on 2014-04-23 07:54:55.

Flavor Version Tinstall Tcheck Ttotal Status Flags
r-devel-linux-x86_64-debian-clang 0.3.1 34.68 18.48 53.16 OK
r-devel-linux-x86_64-debian-gcc 0.3.1 42.68 18.38 61.06 OK
r-devel-linux-x86_64-fedora-clang 0.3.1 117.33 OK
r-devel-linux-x86_64-fedora-gcc 0.3.1 115.05 OK
r-devel-osx-x86_64-clang 0.3.1 79.77 OK
r-devel-osx-x86_64-gcc 0.3.1 OK
r-devel-windows-ix86+x86_64 0.3.1 121.00 43.00 164.00 OK
r-patched-linux-x86_64 0.3.1 43.12 19.38 62.50 OK
r-patched-solaris-sparc 0.3.1 712.20 NOTE
r-patched-solaris-x86 0.3.1 144.10 OK
r-release-linux-ix86 0.3.1 62.00 36.00 98.00 OK
r-release-linux-x86_64 0.3.1 42.79 18.59 61.38 OK
r-release-osx-x86_64-mavericks 0.3.1 OK
r-release-osx-x86_64-snowleopard 0.3.1 OK
r-release-windows-ix86+x86_64 0.3.1 125.00 49.00 174.00 OK
r-oldrel-windows-ix86+x86_64 0.3.1 122.00 51.00 173.00 OK

Check Details

Version: 0.3.1
Check: installed package size
Result: NOTE
     installed size is 5.4Mb
     sub-directories of 1Mb or more:
     libs 5.3Mb
Flavor: r-patched-solaris-sparc