CRAN Package Check Results for Package bfa

Last updated on 2014-08-30 23:48:18.

Flavor Version Tinstall Tcheck Ttotal Status Flags
r-devel-linux-x86_64-debian-clang 0.3.1 34.84 17.31 52.15 NOTE
r-devel-linux-x86_64-debian-gcc 0.3.1 43.53 17.05 60.58 NOTE
r-devel-linux-x86_64-fedora-clang 0.3.1 121.62 NOTE
r-devel-linux-x86_64-fedora-gcc 0.3.1 117.19 NOTE
r-devel-osx-x86_64-clang 0.3.1 66.20 NOTE
r-devel-windows-ix86+x86_64 0.3.1 164.00 47.00 211.00 NOTE
r-patched-linux-x86_64 0.3.1 43.84 17.48 61.32 OK
r-patched-solaris-sparc 0.3.1 727.80 NOTE
r-patched-solaris-x86 0.3.1 149.20 OK
r-release-linux-ix86 0.3.1 54.26 40.78 95.04 OK
r-release-linux-x86_64 0.3.1 42.98 17.97 60.94 OK
r-release-osx-x86_64-mavericks 0.3.1 OK
r-release-osx-x86_64-snowleopard 0.3.1 OK
r-release-windows-ix86+x86_64 0.3.1 122.00 72.00 194.00 OK
r-oldrel-windows-ix86+x86_64 0.3.1 170.00 49.00 219.00 OK

Check Details

Version: 0.3.1
Check: compiled code
Result: NOTE
    File ‘/home/hornik/tmp/R.check/r-devel-clang/Work/build/Packages/bfa/libs/bfa.so’:
     Found ‘rand’, possibly from ‘rand’ (C)
     Objects: ‘imh.o’, ‘loadings.o’, ‘main_mcmc.o’, ‘scores.o’
     Found ‘srand’, possibly from ‘srand’ (C)
     Object: ‘main_mcmc.o’
    
    Compiled code should not call entry points which might terminate R nor
    write to stdout/stderr instead of to the console, nor the C RNG.
    
    See ‘Writing portable packages’ in the ‘Writing R Extensions’ manual.
Flavor: r-devel-linux-x86_64-debian-clang

Version: 0.3.1
Check: compiled code
Result: NOTE
    File ‘/home/hornik/tmp/R.check/r-devel-gcc/Work/build/Packages/bfa/libs/bfa.so’:
     Found ‘rand’, possibly from ‘rand’ (C)
     Objects: ‘imh.o’, ‘loadings.o’, ‘main_mcmc.o’, ‘scores.o’
     Found ‘srand’, possibly from ‘srand’ (C)
     Object: ‘main_mcmc.o’
    
    Compiled code should not call entry points which might terminate R nor
    write to stdout/stderr instead of to the console, nor the C RNG.
    
    See ‘Writing portable packages’ in the ‘Writing R Extensions’ manual.
Flavor: r-devel-linux-x86_64-debian-gcc

Version: 0.3.1
Check: compiled code
Result: NOTE
    File ‘/data/gannet/ripley/R/packages/tests-clang/bfa.Rcheck/bfa/libs/bfa.so’:
     Found ‘rand’, possibly from ‘rand’ (C)
     Objects: ‘imh.o’, ‘loadings.o’, ‘main_mcmc.o’, ‘scores.o’
     Found ‘srand’, possibly from ‘srand’ (C)
     Object: ‘main_mcmc.o’
    
    Compiled code should not call entry points which might terminate R nor
    write to stdout/stderr instead of to the console, nor the C RNG.
    
    See ‘Writing portable packages’ in the ‘Writing R Extensions’ manual.
Flavor: r-devel-linux-x86_64-fedora-clang

Version: 0.3.1
Check: compiled code
Result: NOTE
    File ‘/data/gannet/ripley/R/packages/tests-devel/bfa.Rcheck/bfa/libs/bfa.so’:
     Found ‘rand’, possibly from ‘rand’ (C)
     Objects: ‘imh.o’, ‘loadings.o’, ‘main_mcmc.o’, ‘scores.o’
     Found ‘srand’, possibly from ‘srand’ (C)
     Object: ‘main_mcmc.o’
    
    Compiled code should not call entry points which might terminate R nor
    write to stdout/stderr instead of to the console, nor the C RNG.
    
    See ‘Writing portable packages’ in the ‘Writing R Extensions’ manual.
Flavor: r-devel-linux-x86_64-fedora-gcc

Version: 0.3.1
Check: compiled code
Result: NOTE
    File ‘/Users/ripley/R/packages/tests-devel/bfa.Rcheck/bfa/libs/bfa.so’:
     Found ‘_rand’, possibly from ‘rand’ (C)
     Objects: ‘imh.o’, ‘loadings.o’, ‘main_mcmc.o’, ‘scores.o’
     Found ‘_srand’, possibly from ‘srand’ (C)
     Object: ‘main_mcmc.o’
    
    Compiled code should not call entry points which might terminate R nor
    write to stdout/stderr instead of to the console, nor the C RNG.
    
    See ‘Writing portable packages’ in the ‘Writing R Extensions’ manual.
Flavor: r-devel-osx-x86_64-clang

Version: 0.3.1
Check: compiled code
Result: NOTE
    File 'd:/Rcompile/CRANpkg/lib/3.2/bfa/libs/i386/bfa.dll':
     Found 'rand', possibly from 'rand' (C)
     Objects: 'imh.o', 'loadings.o', 'main_mcmc.o', 'scores.o'
     Found 'srand', possibly from 'srand' (C)
     Object: 'main_mcmc.o'
    File 'd:/Rcompile/CRANpkg/lib/3.2/bfa/libs/x64/bfa.dll':
     Found 'rand', possibly from 'rand' (C)
     Objects: 'imh.o', 'loadings.o', 'main_mcmc.o', 'scores.o'
     Found 'srand', possibly from 'srand' (C)
     Object: 'main_mcmc.o'
    
    Compiled code should not call entry points which might terminate R nor
    write to stdout/stderr instead of to the console, nor the C RNG.
    
    See 'Writing portable packages' in the 'Writing R Extensions' manual.
Flavor: r-devel-windows-ix86+x86_64

Version: 0.3.1
Check: installed package size
Result: NOTE
     installed size is 5.2Mb
     sub-directories of 1Mb or more:
     libs 5.0Mb
Flavor: r-patched-solaris-sparc