CRAN Package Check Results for Package bfa

Last updated on 2017-09-25 16:46:48.

Flavor Version Tinstall Tcheck Ttotal Status Flags
r-devel-linux-x86_64-debian-clang 0.4 72.32 19.36 91.68 NOTE
r-devel-linux-x86_64-debian-gcc 0.4 63.49 19.08 82.57 NOTE
r-devel-linux-x86_64-fedora-clang 0.4 156.23 NOTE
r-devel-linux-x86_64-fedora-gcc 0.4 166.79 NOTE
r-devel-windows-ix86+x86_64 0.4 250.00 53.00 303.00 OK
r-patched-linux-x86_64 0.4 60.81 19.29 80.11 NOTE
r-patched-solaris-x86 0.4 155.70 OK
r-release-linux-x86_64 0.4 61.45 19.03 80.48 NOTE
r-release-windows-ix86+x86_64 0.4 167.00 83.00 250.00 OK
r-release-osx-x86_64 0.4 OK
r-oldrel-windows-ix86+x86_64 0.4 237.00 51.00 288.00 OK
r-oldrel-osx-x86_64 0.4 OK

Check Details

Version: 0.4
Check: compiled code
Result: NOTE
    File ‘bfa/libs/bfa.so’:
     Found no calls to: ‘R_registerRoutines’, ‘R_useDynamicSymbols’
    
    It is good practice to register native routines and to disable symbol
    search.
    
    See ‘Writing portable packages’ in the ‘Writing R Extensions’ manual.
Flavors: r-devel-linux-x86_64-debian-clang, r-devel-linux-x86_64-debian-gcc, r-devel-linux-x86_64-fedora-clang, r-devel-linux-x86_64-fedora-gcc, r-patched-linux-x86_64, r-release-linux-x86_64

Version: 0.4
Check: installed package size
Result: NOTE
     installed size is 5.7Mb
     sub-directories of 1Mb or more:
     libs 5.5Mb
Flavor: r-devel-linux-x86_64-fedora-gcc