CRAN Package Check Results for Package bfa

Last updated on 2017-05-30 14:47:01.

Flavor Version Tinstall Tcheck Ttotal Status Flags
r-devel-linux-x86_64-debian-clang 0.4 55.08 19.65 74.73 NOTE
r-devel-linux-x86_64-debian-gcc 0.4 60.31 18.96 79.27 NOTE
r-devel-linux-x86_64-fedora-clang 0.4 149.35 NOTE
r-devel-linux-x86_64-fedora-gcc 0.4 152.55 NOTE
r-devel-windows-ix86+x86_64 0.4 168.00 79.00 247.00 OK
r-patched-linux-x86_64 0.4 48.04 19.17 67.21 NOTE
r-patched-solaris-sparc 0.4 696.10 OK
r-patched-solaris-x86 0.4 135.50 OK
r-release-linux-x86_64 0.4 48.44 19.05 67.49 NOTE
r-release-windows-ix86+x86_64 0.4 216.00 57.00 273.00 OK
r-release-osx-x86_64 0.4 OK
r-oldrel-windows-ix86+x86_64 0.4 152.00 58.00 210.00 OK
r-oldrel-osx-x86_64 0.4 OK

Check Details

Version: 0.4
Check: compiled code
Result: NOTE
    File ‘bfa/libs/bfa.so’:
     Found no calls to: ‘R_registerRoutines’, ‘R_useDynamicSymbols’
    
    It is good practice to register native routines and to disable symbol
    search.
    
    See ‘Writing portable packages’ in the ‘Writing R Extensions’ manual.
Flavors: r-devel-linux-x86_64-debian-clang, r-devel-linux-x86_64-debian-gcc, r-devel-linux-x86_64-fedora-clang, r-devel-linux-x86_64-fedora-gcc, r-patched-linux-x86_64, r-release-linux-x86_64

Version: 0.4
Check: installed package size
Result: NOTE
     installed size is 5.9Mb
     sub-directories of 1Mb or more:
     libs 5.7Mb
Flavor: r-devel-linux-x86_64-fedora-gcc