CRAN Package Check Results for Package bfa

Last updated on 2014-12-22 06:48:32.

Flavor Version Tinstall Tcheck Ttotal Status Flags
r-devel-linux-x86_64-debian-clang 0.3.1 36.52 18.28 54.80 NOTE
r-devel-linux-x86_64-debian-gcc 0.3.1 42.11 17.65 59.76 NOTE
r-devel-linux-x86_64-fedora-clang 0.3.1 124.33 NOTE
r-devel-linux-x86_64-fedora-gcc 0.3.1 115.85 NOTE
r-devel-osx-x86_64-clang 0.3.1 88.98 NOTE
r-devel-windows-ix86+x86_64 0.3.1 125.00 55.00 180.00 NOTE
r-patched-linux-x86_64 0.3.1 42.42 18.29 60.70 NOTE
r-patched-solaris-sparc 0.3.1 725.80 NOTE
r-patched-solaris-x86 0.3.1 147.80 NOTE
r-release-linux-ix86 0.3.1 50.66 24.00 74.66 NOTE
r-release-linux-x86_64 0.3.1 42.13 19.00 61.14 NOTE
r-release-osx-x86_64-mavericks 0.3.1 OK
r-release-osx-x86_64-snowleopard 0.3.1 OK
r-release-windows-ix86+x86_64 0.3.1 120.00 51.00 171.00 NOTE
r-oldrel-windows-ix86+x86_64 0.3.1 120.00 59.00 179.00 OK

Check Details

Version: 0.3.1
Check: compiled code
Result: NOTE
    File ‘bfa/libs/bfa.so’:
     Found ‘srand’, possibly from ‘srand’ (C)
     Object: ‘main_mcmc.o’
    
    Compiled code should not call entry points which might terminate R nor
    write to stdout/stderr instead of to the console, nor the system RNG.
    
    See ‘Writing portable packages’ in the ‘Writing R Extensions’ manual.
Flavors: r-devel-linux-x86_64-debian-clang, r-devel-linux-x86_64-debian-gcc, r-devel-linux-x86_64-fedora-clang, r-devel-linux-x86_64-fedora-gcc, r-patched-linux-x86_64, r-patched-solaris-sparc, r-patched-solaris-x86

Version: 0.3.1
Check: compiled code
Result: NOTE
    File ‘bfa/libs/bfa.so’:
     Found ‘_srand’, possibly from ‘srand’ (C)
     Object: ‘main_mcmc.o’
    
    Compiled code should not call entry points which might terminate R nor
    write to stdout/stderr instead of to the console, nor the system RNG.
    
    See ‘Writing portable packages’ in the ‘Writing R Extensions’ manual.
Flavor: r-devel-osx-x86_64-clang

Version: 0.3.1
Check: compiled code
Result: NOTE
    File 'bfa/libs/i386/bfa.dll':
     Found 'srand', possibly from 'srand' (C)
     Object: 'main_mcmc.o'
    File 'bfa/libs/x64/bfa.dll':
     Found 'srand', possibly from 'srand' (C)
     Object: 'main_mcmc.o'
    
    Compiled code should not call entry points which might terminate R nor
    write to stdout/stderr instead of to the console, nor the system RNG.
    
    See 'Writing portable packages' in the 'Writing R Extensions' manual.
Flavor: r-devel-windows-ix86+x86_64

Version: 0.3.1
Check: installed package size
Result: NOTE
     installed size is 5.4Mb
     sub-directories of 1Mb or more:
     libs 5.3Mb
Flavor: r-patched-solaris-sparc

Version: 0.3.1
Check: compiled code
Result: NOTE
    File ‘bfa/libs/bfa.so’:
     Found ‘srand’, possibly from ‘srand’ (C)
     Object: ‘main_mcmc.o’
    
    Compiled code should not call entry points which might terminate R nor
    write to stdout/stderr instead of to the console, nor the C RNG.
    
    See ‘Writing portable packages’ in the ‘Writing R Extensions’ manual.
Flavors: r-release-linux-ix86, r-release-linux-x86_64

Version: 0.3.1
Check: compiled code
Result: NOTE
    File 'bfa/libs/i386/bfa.dll':
     Found 'srand', possibly from 'srand' (C)
     Object: 'main_mcmc.o'
    File 'bfa/libs/x64/bfa.dll':
     Found 'srand', possibly from 'srand' (C)
     Object: 'main_mcmc.o'
    
    Compiled code should not call entry points which might terminate R nor
    write to stdout/stderr instead of to the console, nor the C RNG.
    
    See 'Writing portable packages' in the 'Writing R Extensions' manual.
Flavor: r-release-windows-ix86+x86_64