CRAN Package Check Results for Package bfa

Last updated on 2018-04-20 19:49:12 CEST.

Flavor Version Tinstall Tcheck Ttotal Status Flags
r-devel-linux-x86_64-debian-clang 0.4 87.83 28.01 115.84 NOTE
r-devel-linux-x86_64-debian-gcc 0.4 79.81 22.12 101.93 NOTE
r-devel-linux-x86_64-fedora-clang 0.4 165.86 NOTE
r-devel-linux-x86_64-fedora-gcc 0.4 154.68 NOTE
r-devel-windows-ix86+x86_64 0.4 220.00 84.00 304.00 OK
r-devel-osx-x86_64 0.4 OK
r-patched-linux-x86_64 0.4 98.28 27.39 125.67 NOTE
r-patched-solaris-x86 0.4 158.20 OK
r-release-linux-x86_64 0.4 94.57 28.81 123.38 NOTE
r-release-windows-ix86+x86_64 0.4 227.00 74.00 301.00 OK
r-release-osx-x86_64 0.4 OK
r-oldrel-windows-ix86+x86_64 0.4 229.00 52.00 281.00 OK

Check Details

Version: 0.4
Check: compiled code
Result: NOTE
    File ‘bfa/libs/bfa.so’:
     Found no calls to: ‘R_registerRoutines’, ‘R_useDynamicSymbols’
    
    It is good practice to register native routines and to disable symbol
    search.
    
    See ‘Writing portable packages’ in the ‘Writing R Extensions’ manual.
Flavors: r-devel-linux-x86_64-debian-clang, r-devel-linux-x86_64-debian-gcc, r-devel-linux-x86_64-fedora-clang, r-devel-linux-x86_64-fedora-gcc, r-patched-linux-x86_64, r-release-linux-x86_64

Version: 0.4
Check: installed package size
Result: NOTE
     installed size is 5.8Mb
     sub-directories of 1Mb or more:
     libs 5.6Mb
Flavor: r-devel-linux-x86_64-fedora-gcc