CRAN Package Check Results for Package bfa

Last updated on 2018-02-22 16:47:31 CET.

Flavor Version Tinstall Tcheck Ttotal Status Flags
r-devel-linux-x86_64-debian-clang 0.4 83.59 25.62 109.21 NOTE
r-devel-linux-x86_64-debian-gcc 0.4 67.92 21.78 89.70 NOTE
r-devel-linux-x86_64-fedora-clang 0.4 162.25 NOTE
r-devel-linux-x86_64-fedora-gcc 0.4 153.35 NOTE
r-devel-windows-ix86+x86_64 0.4 224.00 60.00 284.00 OK
r-patched-linux-x86_64 0.4 86.87 28.70 115.57 NOTE
r-patched-solaris-x86 0.4 155.00 OK
r-release-linux-x86_64 0.4 85.92 28.38 114.30 NOTE
r-release-windows-ix86+x86_64 0.4 229.00 72.00 301.00 OK
r-release-osx-x86_64 0.4 OK
r-oldrel-windows-ix86+x86_64 0.4 178.00 59.00 237.00 OK
r-oldrel-osx-x86_64 0.4 OK

Check Details

Version: 0.4
Check: compiled code
Result: NOTE
    File ‘bfa/libs/bfa.so’:
     Found no calls to: ‘R_registerRoutines’, ‘R_useDynamicSymbols’
    
    It is good practice to register native routines and to disable symbol
    search.
    
    See ‘Writing portable packages’ in the ‘Writing R Extensions’ manual.
Flavors: r-devel-linux-x86_64-debian-clang, r-devel-linux-x86_64-debian-gcc, r-devel-linux-x86_64-fedora-clang, r-devel-linux-x86_64-fedora-gcc, r-patched-linux-x86_64, r-release-linux-x86_64

Version: 0.4
Check: installed package size
Result: NOTE
     installed size is 5.9Mb
     sub-directories of 1Mb or more:
     libs 5.6Mb
Flavor: r-devel-linux-x86_64-fedora-gcc