CRAN Package Check Results for Package bfa

Last updated on 2015-05-23 05:47:43.

Flavor Version Tinstall Tcheck Ttotal Status Flags
r-devel-linux-x86_64-debian-clang 0.3.1 41.54 15.62 57.16 NOTE
r-devel-linux-x86_64-debian-gcc 0.3.1 45.93 16.33 62.26 NOTE
r-devel-linux-x86_64-fedora-clang 0.3.1 126.47 NOTE
r-devel-linux-x86_64-fedora-gcc 0.3.1 117.08 NOTE
r-devel-osx-x86_64-clang 0.3.1 80.42 NOTE
r-devel-windows-ix86+x86_64 0.3.1 130.00 44.00 174.00 NOTE
r-patched-linux-x86_64 0.3.1 44.86 15.50 60.36 NOTE
r-patched-solaris-sparc 0.3.1 747.80 NOTE
r-patched-solaris-x86 0.3.1 144.60 NOTE
r-release-linux-x86_64 0.3.1 48.46 15.31 63.78 NOTE
r-release-osx-x86_64-mavericks 0.3.1 NOTE
r-release-osx-x86_64-snowleopard 0.3.1 NOTE
r-release-windows-ix86+x86_64 0.3.1 124.00 43.00 167.00 NOTE
r-oldrel-windows-ix86+x86_64 0.3.1 138.00 79.00 217.00 NOTE

Check Details

Version: 0.3.1
Check: compiled code
Result: NOTE
    File ‘bfa/libs/bfa.so’:
     Found ‘srand’, possibly from ‘srand’ (C)
     Object: ‘main_mcmc.o’
    
    Compiled code should not call entry points which might terminate R nor
    write to stdout/stderr instead of to the console, nor the system RNG.
    
    See ‘Writing portable packages’ in the ‘Writing R Extensions’ manual.
Flavors: r-devel-linux-x86_64-debian-clang, r-devel-linux-x86_64-debian-gcc, r-devel-linux-x86_64-fedora-clang, r-devel-linux-x86_64-fedora-gcc, r-patched-linux-x86_64, r-patched-solaris-sparc, r-patched-solaris-x86, r-release-linux-x86_64

Version: 0.3.1
Check: installed package size
Result: NOTE
     installed size is 5.2Mb
     sub-directories of 1Mb or more:
     libs 5.0Mb
Flavors: r-devel-linux-x86_64-debian-gcc, r-devel-linux-x86_64-fedora-gcc, r-patched-linux-x86_64, r-patched-solaris-sparc, r-release-linux-x86_64

Version: 0.3.1
Check: compiled code
Result: NOTE
    File ‘bfa/libs/bfa.so’:
     Found ‘_srand’, possibly from ‘srand’ (C)
     Object: ‘main_mcmc.o’
    
    Compiled code should not call entry points which might terminate R nor
    write to stdout/stderr instead of to the console, nor the system RNG.
    
    See ‘Writing portable packages’ in the ‘Writing R Extensions’ manual.
Flavors: r-devel-osx-x86_64-clang, r-release-osx-x86_64-mavericks, r-release-osx-x86_64-snowleopard

Version: 0.3.1
Check: compiled code
Result: NOTE
    File 'bfa/libs/i386/bfa.dll':
     Found 'srand', possibly from 'srand' (C)
     Object: 'main_mcmc.o'
    File 'bfa/libs/x64/bfa.dll':
     Found 'srand', possibly from 'srand' (C)
     Object: 'main_mcmc.o'
    
    Compiled code should not call entry points which might terminate R nor
    write to stdout/stderr instead of to the console, nor the system RNG.
    
    See 'Writing portable packages' in the 'Writing R Extensions' manual.
Flavors: r-devel-windows-ix86+x86_64, r-release-windows-ix86+x86_64, r-oldrel-windows-ix86+x86_64