CRAN Package Check Results for Package bfa

Last updated on 2017-07-20 23:51:07.

Flavor Version Tinstall Tcheck Ttotal Status Flags
r-devel-linux-x86_64-debian-clang 0.4 54.92 25.68 80.60 NOTE
r-devel-linux-x86_64-debian-gcc 0.4 61.45 25.21 86.66 NOTE
r-devel-linux-x86_64-fedora-clang 0.4 153.67 NOTE
r-devel-linux-x86_64-fedora-gcc 0.4 172.86 NOTE
r-devel-windows-ix86+x86_64 0.4 225.00 57.00 282.00 OK
r-patched-linux-x86_64 0.4 61.00 25.56 86.56 NOTE
r-patched-solaris-x86 0.4 150.00 OK
r-release-linux-x86_64 0.4 60.81 25.74 86.55 NOTE
r-release-windows-ix86+x86_64 0.4 159.00 74.00 233.00 OK
r-release-osx-x86_64 0.4 OK
r-oldrel-windows-ix86+x86_64 0.4 217.00 67.00 284.00 OK
r-oldrel-osx-x86_64 0.4 OK

Check Details

Version: 0.4
Check: compiled code
Result: NOTE
    File ‘bfa/libs/bfa.so’:
     Found no calls to: ‘R_registerRoutines’, ‘R_useDynamicSymbols’
    
    It is good practice to register native routines and to disable symbol
    search.
    
    See ‘Writing portable packages’ in the ‘Writing R Extensions’ manual.
Flavors: r-devel-linux-x86_64-debian-clang, r-devel-linux-x86_64-debian-gcc, r-devel-linux-x86_64-fedora-clang, r-devel-linux-x86_64-fedora-gcc, r-patched-linux-x86_64, r-release-linux-x86_64

Version: 0.4
Check: installed package size
Result: NOTE
     installed size is 5.9Mb
     sub-directories of 1Mb or more:
     libs 5.8Mb
Flavor: r-devel-linux-x86_64-fedora-gcc