CRAN Package Check Results for Package bfa

Last updated on 2017-01-22 03:46:52.

Flavor Version Tinstall Tcheck Ttotal Status Flags
r-devel-linux-x86_64-debian-clang 0.4 50.76 19.10 69.86 OK
r-devel-linux-x86_64-debian-gcc 0.4 57.89 19.53 77.42 OK
r-devel-linux-x86_64-fedora-clang 0.4 145.27 OK --no-stop-on-test-error
r-devel-linux-x86_64-fedora-gcc 0.4 150.87 NOTE --no-stop-on-test-error
r-devel-macos-x86_64-clang 0.4 93.28 OK --no-stop-on-test-error
r-devel-windows-ix86+x86_64 0.4 213.00 100.00 313.00 OK
r-patched-linux-x86_64 0.4 45.59 16.55 62.14 OK
r-patched-solaris-sparc 0.4 683.80 OK
r-patched-solaris-x86 0.4 134.10 OK
r-release-linux-x86_64 0.4 45.11 16.83 61.94 OK
r-release-osx-x86_64-mavericks 0.4 OK
r-release-windows-ix86+x86_64 0.4 310.00 51.00 361.00 OK
r-oldrel-windows-ix86+x86_64 0.4 271.00 101.00 372.00 OK

Check Details

Version: 0.4
Flags: --no-stop-on-test-error
Check: installed package size
Result: NOTE
     installed size is 5.5Mb
     sub-directories of 1Mb or more:
     libs 5.3Mb
Flavor: r-devel-linux-x86_64-fedora-gcc