CRAN Package Check Results for Package bfa

Last updated on 2017-11-24 14:49:21 CET.

Flavor Version Tinstall Tcheck Ttotal Status Flags
r-devel-linux-x86_64-debian-clang 0.4 73.90 52.02 125.91 NOTE
r-devel-linux-x86_64-debian-gcc 0.4 68.83 49.23 118.06 NOTE
r-devel-linux-x86_64-fedora-clang 0.4 151.34 NOTE
r-devel-linux-x86_64-fedora-gcc 0.4 148.55 NOTE
r-devel-windows-ix86+x86_64 0.4 169.00 76.00 245.00 OK
r-patched-linux-x86_64 0.4 82.87 52.62 135.50 NOTE
r-patched-solaris-x86 0.4 158.50 OK
r-release-linux-x86_64 0.4 80.98 51.08 132.06 NOTE
r-release-windows-ix86+x86_64 0.4 177.00 53.00 230.00 OK
r-release-osx-x86_64 0.4 OK
r-oldrel-windows-ix86+x86_64 0.4 182.00 55.00 237.00 OK
r-oldrel-osx-x86_64 0.4 OK

Check Details

Version: 0.4
Check: compiled code
Result: NOTE
    File ‘bfa/libs/bfa.so’:
     Found no calls to: ‘R_registerRoutines’, ‘R_useDynamicSymbols’
    
    It is good practice to register native routines and to disable symbol
    search.
    
    See ‘Writing portable packages’ in the ‘Writing R Extensions’ manual.
Flavors: r-devel-linux-x86_64-debian-clang, r-devel-linux-x86_64-debian-gcc, r-devel-linux-x86_64-fedora-clang, r-devel-linux-x86_64-fedora-gcc, r-patched-linux-x86_64, r-release-linux-x86_64

Version: 0.4
Check: installed package size
Result: NOTE
     installed size is 5.8Mb
     sub-directories of 1Mb or more:
     libs 5.6Mb
Flavor: r-devel-linux-x86_64-fedora-gcc