CRAN Package Check Results for Package bfa

Last updated on 2017-03-29 18:46:56.

Flavor Version Tinstall Tcheck Ttotal Status Flags
r-devel-linux-x86_64-debian-clang 0.4 53.36 19.47 72.84 NOTE
r-devel-linux-x86_64-debian-gcc 0.4 58.16 19.82 77.98 NOTE
r-devel-linux-x86_64-fedora-clang 0.4 161.38 NOTE --no-stop-on-test-error
r-devel-linux-x86_64-fedora-gcc 0.4 154.63 NOTE --no-stop-on-test-error
r-devel-macos-x86_64-clang 0.4 94.20 NOTE --no-stop-on-test-error
r-devel-windows-ix86+x86_64 0.4 153.00 53.00 206.00 OK
r-patched-linux-x86_64 0.4 44.91 20.72 65.63 NOTE
r-patched-solaris-sparc 0.4 696.10 OK
r-patched-solaris-x86 0.4 140.90 OK
r-release-linux-x86_64 0.4 44.91 15.99 60.90 OK
r-release-osx-x86_64-mavericks 0.4 OK
r-release-windows-ix86+x86_64 0.4 215.00 109.00 324.00 OK
r-oldrel-windows-ix86+x86_64 0.4 244.00 54.00 298.00 OK

Check Details

Version: 0.4
Check: compiled code
Result: NOTE
    File ‘bfa/libs/bfa.so’:
     Found no calls to: ‘R_registerRoutines’, ‘R_useDynamicSymbols’
    
    It is good practice to register native routines and to disable symbol
    search.
    
    See ‘Writing portable packages’ in the ‘Writing R Extensions’ manual.
Flavors: r-devel-linux-x86_64-debian-clang, r-devel-linux-x86_64-debian-gcc, r-patched-linux-x86_64

Version: 0.4
Flags: --no-stop-on-test-error
Check: compiled code
Result: NOTE
    File ‘bfa/libs/bfa.so’:
     Found no calls to: ‘R_registerRoutines’, ‘R_useDynamicSymbols’
    
    It is good practice to register native routines and to disable symbol
    search.
    
    See ‘Writing portable packages’ in the ‘Writing R Extensions’ manual.
Flavors: r-devel-linux-x86_64-fedora-clang, r-devel-linux-x86_64-fedora-gcc, r-devel-macos-x86_64-clang

Version: 0.4
Flags: --no-stop-on-test-error
Check: installed package size
Result: NOTE
     installed size is 5.5Mb
     sub-directories of 1Mb or more:
     libs 5.3Mb
Flavor: r-devel-linux-x86_64-fedora-gcc