CRAN Package Check Results for Package bfa

Last updated on 2015-08-28 12:47:45.

Flavor Version Tinstall Tcheck Ttotal Status Flags
r-devel-linux-x86_64-debian-clang 0.3.1 41.48 14.92 56.39 NOTE
r-devel-linux-x86_64-debian-gcc 0.3.1 46.45 14.84 61.29 NOTE
r-devel-linux-x86_64-fedora-clang 0.3.1 123.02 NOTE
r-devel-linux-x86_64-fedora-gcc 0.3.1 113.91 NOTE
r-devel-osx-x86_64-clang 0.3.1 74.40 NOTE
r-devel-windows-ix86+x86_64 0.3.1 170.00 44.00 214.00 NOTE
r-patched-linux-x86_64 0.3.1 44.25 15.48 59.73 NOTE
r-patched-solaris-sparc 0.3.1 635.10 NOTE
r-patched-solaris-x86 0.3.1 135.00 NOTE
r-release-linux-x86_64 0.3.1 47.00 15.49 62.50 NOTE
r-release-osx-x86_64-mavericks 0.3.1 NOTE
r-release-windows-ix86+x86_64 0.3.1 162.00 46.00 208.00 NOTE
r-oldrel-windows-ix86+x86_64 0.3.1 177.00 57.00 234.00 NOTE

Check Details

Version: 0.3.1
Check: R code for possible problems
Result: NOTE
    .bfa: no visible global function definition for ‘cov’
    .bfa: no visible global function definition for ‘var’
    bfa_copula: no visible global function definition for ‘model.frame’
    bfa_gauss: no visible global function definition for ‘model.frame’
    bfa_model: no visible global function definition for ‘model.frame’
    bfa_model: no visible global function definition for ‘ecdf’
    bfa_model: no visible global function definition for ‘qnorm’
    bfa_model: no visible global function definition for ‘rnorm’
    bfa_model: no visible binding for global variable ‘sd’
    bfa_model: no visible global function definition for ‘factanal’
    bfa_model: no visible global function definition for ‘rgamma’
    bfa_model: no visible global function definition for ‘rbeta’
    biplot.bfa: no visible binding for global variable ‘biplot’
    predict.bfa: no visible global function definition for ‘ecdf’
    predict.bfa: no visible global function definition for ‘qnorm’
    predict.bfa: no visible global function definition for ‘rnorm’
    predict.bfa: no visible global function definition for ‘pnorm’
    predict.bfa: no visible global function definition for ‘quantile’
    rtnorm: no visible global function definition for ‘qnorm’
    rtnorm: no visible global function definition for ‘runif’
    rtnorm: no visible global function definition for ‘pnorm’
    rtnorm.slice: no visible global function definition for ‘runif’
    Undefined global functions or variables:
     biplot cov ecdf factanal model.frame pnorm qnorm quantile rbeta
     rgamma rnorm runif sd var
    Consider adding
     importFrom("stats", "biplot", "cov", "ecdf", "factanal", "model.frame",
     "pnorm", "qnorm", "quantile", "rbeta", "rgamma", "rnorm",
     "runif", "sd", "var")
    to your NAMESPACE.
Flavors: r-devel-linux-x86_64-debian-clang, r-devel-linux-x86_64-debian-gcc, r-devel-linux-x86_64-fedora-clang, r-devel-linux-x86_64-fedora-gcc, r-devel-windows-ix86+x86_64

Version: 0.3.1
Check: compiled code
Result: NOTE
    File ‘bfa/libs/bfa.so’:
     Found ‘srand’, possibly from ‘srand’ (C)
     Object: ‘main_mcmc.o’
    
    Compiled code should not call entry points which might terminate R nor
    write to stdout/stderr instead of to the console, nor the system RNG.
    
    See ‘Writing portable packages’ in the ‘Writing R Extensions’ manual.
Flavors: r-devel-linux-x86_64-debian-clang, r-devel-linux-x86_64-debian-gcc, r-devel-linux-x86_64-fedora-clang, r-devel-linux-x86_64-fedora-gcc, r-patched-linux-x86_64, r-patched-solaris-sparc, r-patched-solaris-x86, r-release-linux-x86_64

Version: 0.3.1
Check: installed package size
Result: NOTE
     installed size is 5.1Mb
     sub-directories of 1Mb or more:
     libs 4.9Mb
Flavors: r-devel-linux-x86_64-debian-gcc, r-devel-linux-x86_64-fedora-gcc, r-patched-linux-x86_64, r-release-linux-x86_64

Version: 0.3.1
Check: compiled code
Result: NOTE
    File ‘bfa/libs/bfa.so’:
     Found ‘_srand’, possibly from ‘srand’ (C)
     Object: ‘main_mcmc.o’
    
    Compiled code should not call entry points which might terminate R nor
    write to stdout/stderr instead of to the console, nor the system RNG.
    
    See ‘Writing portable packages’ in the ‘Writing R Extensions’ manual.
Flavors: r-devel-osx-x86_64-clang, r-release-osx-x86_64-mavericks

Version: 0.3.1
Check: compiled code
Result: NOTE
    File 'bfa/libs/i386/bfa.dll':
     Found 'srand', possibly from 'srand' (C)
     Object: 'main_mcmc.o'
    File 'bfa/libs/x64/bfa.dll':
     Found 'srand', possibly from 'srand' (C)
     Object: 'main_mcmc.o'
    
    Compiled code should not call entry points which might terminate R nor
    write to stdout/stderr instead of to the console, nor the system RNG.
    
    See 'Writing portable packages' in the 'Writing R Extensions' manual.
Flavors: r-devel-windows-ix86+x86_64, r-release-windows-ix86+x86_64, r-oldrel-windows-ix86+x86_64