CRAN Package Check Results for Package bfa

Last updated on 2014-07-31 23:47:06.

Flavor Version Tinstall Tcheck Ttotal Status Flags
r-devel-linux-x86_64-debian-clang 0.3.1 35.76 18.10 53.85 OK
r-devel-linux-x86_64-debian-gcc 0.3.1 42.77 17.45 60.22 OK
r-devel-linux-x86_64-fedora-clang 0.3.1 117.79 OK
r-devel-linux-x86_64-fedora-gcc 0.3.1 115.46 OK
r-devel-osx-x86_64-clang 0.3.1 96.57 OK
r-devel-windows-ix86+x86_64 0.3.1 127.00 50.00 177.00 OK
r-patched-linux-x86_64 0.3.1 42.21 17.62 59.83 OK
r-patched-solaris-sparc 0.3.1 727.80 NOTE
r-patched-solaris-x86 0.3.1 145.20 OK
r-release-linux-ix86 0.3.1 53.17 24.99 78.16 OK
r-release-linux-x86_64 0.3.1 42.29 18.07 60.36 OK
r-release-osx-x86_64-mavericks 0.3.1 OK
r-release-osx-x86_64-snowleopard 0.3.1 OK
r-release-windows-ix86+x86_64 0.3.1 202.00 64.00 266.00 OK
r-oldrel-windows-ix86+x86_64 0.3.1 200.00 68.00 268.00 OK

Check Details

Version: 0.3.1
Check: installed package size
Result: NOTE
     installed size is 5.2Mb
     sub-directories of 1Mb or more:
     libs 5.0Mb
Flavor: r-patched-solaris-sparc