CRAN Package Check Results for Package bfast

Last updated on 2014-08-30 11:51:19.

Flavor Version Tinstall Tcheck Ttotal Status Flags
r-devel-linux-x86_64-debian-clang 1.5.7 4.36 51.43 55.79 OK
r-devel-linux-x86_64-debian-gcc 1.5.7 4.18 48.78 52.95 OK
r-devel-linux-x86_64-fedora-clang 1.5.7 135.19 NOTE
r-devel-linux-x86_64-fedora-gcc 1.5.7 108.16 OK
r-devel-osx-x86_64-clang 1.5.7 67.25 OK
r-devel-windows-ix86+x86_64 1.5.7 18.00 105.00 123.00 OK
r-patched-linux-x86_64 1.5.7 4.38 50.90 55.29 OK
r-patched-solaris-sparc 1.5.7 637.50 OK
r-patched-solaris-x86 1.5.7 130.00 OK
r-release-linux-ix86 1.5.7 5.32 66.34 71.66 OK
r-release-linux-x86_64 1.5.7 4.65 52.78 57.43 OK
r-release-osx-x86_64-mavericks 1.5.7 OK
r-release-osx-x86_64-snowleopard 1.4.4 NOTE
r-release-windows-ix86+x86_64 1.5.7 14.00 79.00 93.00 OK
r-oldrel-windows-ix86+x86_64 1.5.7 13.00 80.00 93.00 OK

Check Details

Version: 1.4.4
Check: package dependencies
Result: NOTE
    Depends: includes the non-default packages:
     ‘strucchange’ ‘MASS’ ‘forecast’ ‘zoo’ ‘raster’ ‘sp’
    Adding so many packages to the search path is excessive and importing
    selectively is preferable.
Flavors: r-devel-linux-x86_64-fedora-clang, r-release-osx-x86_64-snowleopard

Version: 1.4.4
Check: DESCRIPTION meta-information
Result: NOTE
    Packages listed in more than one of Depends, Imports, Suggests, Enhances:
     ‘graphics’ ‘stats’ ‘strucchange’ ‘zoo’ ‘raster’
    A package should be listed in only one of these fields.
Flavors: r-devel-linux-x86_64-fedora-clang, r-release-osx-x86_64-snowleopard

Version: 1.4.4
Check: dependencies in R code
Result: NOTE
    'library' or 'require' call to ‘forecast’ which was already attached by Depends.
     Please remove these calls from your code.
    Packages in Depends field not imported from:
     ‘MASS’ ‘forecast’ ‘sp’
     These packages need to be imported from (in the NAMESPACE file)
     for when this namespace is loaded but not attached.
    See the information on DESCRIPTION files in the chapter ‘Creating R
    packages’ of the ‘Writing R Extensions’ manual.
Flavor: r-devel-linux-x86_64-fedora-clang

Version: 1.4.4
Check: R code for possible problems
Result: NOTE
    bfast: no visible global function definition for ‘seasonaldummy’
    plot.bfast: no visible global function definition for ‘tsdisplay’
Flavor: r-devel-linux-x86_64-fedora-clang

Version: 1.4.4
Check: Rd line widths
Result: NOTE
    Rd file 'bfast.Rd':
     \examples lines wider than 100 characters:
     (rdist <- 10/length(harvest)) # ratio of distance between breaks (time steps) and length of the time series
     #out <- fit$output[[niter]] # output of results of the final fitted seasonal and trend models and #nr of breakpoints in both.
    
    These lines will be truncated in the PDF manual.
Flavor: r-devel-linux-x86_64-fedora-clang

Version: 1.4.4
Check: dependencies in R code
Result: NOTE
    'library' or 'require' call to 'forecast' which was already attached by Depends.
     Please remove these calls from your code.
    Packages in Depends field not imported from:
     'MASS' 'forecast' 'sp'
     These packages need to be imported from for the case when
     this namespace is loaded but not attached.
    See the information on DESCRIPTION files in the chapter 'Creating R
    packages' of the 'Writing R Extensions' manual.
Flavor: r-release-osx-x86_64-snowleopard