Last updated on 2018-04-21 16:46:22 CEST.
Flavor | Version | Tinstall | Tcheck | Ttotal | Status | Flags |
---|---|---|---|---|---|---|
r-devel-linux-x86_64-debian-clang | 1.5.7 | 5.53 | 68.81 | 74.34 | OK | |
r-devel-linux-x86_64-debian-gcc | 1.5.7 | 5.55 | 54.79 | 60.34 | OK | |
r-devel-linux-x86_64-fedora-clang | 1.5.7 | 91.30 | OK | |||
r-devel-linux-x86_64-fedora-gcc | 1.5.7 | 90.33 | OK | |||
r-devel-windows-ix86+x86_64 | 1.5.7 | 14.00 | 82.00 | 96.00 | OK | |
r-devel-osx-x86_64 | 1.5.7 | OK | ||||
r-patched-linux-x86_64 | 1.5.7 | 6.17 | 68.19 | 74.36 | OK | |
r-patched-solaris-x86 | 1.5.7 | 140.60 | OK | |||
r-release-linux-x86_64 | 1.5.7 | 5.01 | 77.69 | 82.70 | OK | |
r-release-windows-ix86+x86_64 | 1.5.7 | 10.00 | 200.00 | 210.00 | OK | |
r-release-osx-x86_64 | 1.5.7 | OK | ||||
r-oldrel-windows-ix86+x86_64 | 1.5.7 | 1.00 | 4.00 | 5.00 | ERROR |
Version: 1.5.7
Check: package dependencies
Result: ERROR
Package required but not available: 'forecast'
See section 'The DESCRIPTION file' in the 'Writing R Extensions'
manual.
Flavor: r-oldrel-windows-ix86+x86_64