CRAN Package Check Results for Package bfast

Last updated on 2014-07-26 11:52:17.

Flavor Version Tinstall Tcheck Ttotal Status Flags
r-devel-linux-x86_64-debian-clang 1.4.4 4.45 53.82 58.27 NOTE
r-devel-linux-x86_64-debian-gcc 1.4.4 4.58 52.70 57.28 NOTE
r-devel-linux-x86_64-fedora-clang 1.4.4 136.79 NOTE
r-devel-linux-x86_64-fedora-gcc 1.4.4 129.04 NOTE
r-devel-osx-x86_64-clang 1.4.4 111.47 NOTE
r-devel-windows-ix86+x86_64 1.4.4 14.00 80.00 94.00 NOTE
r-patched-linux-x86_64 1.4.4 4.43 55.61 60.04 NOTE
r-patched-solaris-sparc 1.4.4 722.70 NOTE
r-patched-solaris-x86 1.4.4 163.50 NOTE
r-release-linux-ix86 1.4.4 5.39 65.71 71.10 NOTE
r-release-linux-x86_64 1.4.4 4.49 56.26 60.75 NOTE
r-release-osx-x86_64-mavericks 1.4.4 NOTE
r-release-osx-x86_64-snowleopard 1.4.4 NOTE
r-release-windows-ix86+x86_64 1.4.4 14.00 79.00 93.00 NOTE
r-oldrel-windows-ix86+x86_64 1.4.4 17.00 78.00 95.00 NOTE

Check Details

Version: 1.4.4
Check: package dependencies
Result: NOTE
    Depends: includes the non-default packages:
     ‘strucchange’ ‘MASS’ ‘forecast’ ‘zoo’ ‘raster’ ‘sp’
    Adding so many packages to the search path is excessive and importing
    selectively is preferable.
Flavors: r-devel-linux-x86_64-debian-clang, r-devel-linux-x86_64-debian-gcc, r-devel-linux-x86_64-fedora-clang, r-devel-linux-x86_64-fedora-gcc, r-devel-osx-x86_64-clang, r-devel-windows-ix86+x86_64, r-patched-linux-x86_64, r-patched-solaris-sparc, r-patched-solaris-x86, r-release-linux-ix86, r-release-linux-x86_64, r-release-osx-x86_64-mavericks, r-release-osx-x86_64-snowleopard, r-release-windows-ix86+x86_64

Version: 1.4.4
Check: DESCRIPTION meta-information
Result: NOTE
    Packages listed in more than one of Depends, Imports, Suggests, Enhances:
     ‘graphics’ ‘stats’ ‘strucchange’ ‘zoo’ ‘raster’
    A package should be listed in only one of these fields.
Flavors: r-devel-linux-x86_64-debian-clang, r-devel-linux-x86_64-debian-gcc, r-devel-linux-x86_64-fedora-clang, r-devel-linux-x86_64-fedora-gcc, r-devel-osx-x86_64-clang, r-devel-windows-ix86+x86_64, r-patched-linux-x86_64, r-patched-solaris-sparc, r-patched-solaris-x86, r-release-linux-ix86, r-release-linux-x86_64, r-release-osx-x86_64-mavericks, r-release-osx-x86_64-snowleopard, r-release-windows-ix86+x86_64, r-oldrel-windows-ix86+x86_64

Version: 1.4.4
Check: dependencies in R code
Result: NOTE
    'library' or 'require' call to ‘forecast’ which was already attached by Depends.
     Please remove these calls from your code.
    Packages in Depends field not imported from:
     ‘MASS’ ‘forecast’ ‘sp’
     These packages need to be imported from (in the NAMESPACE file)
     for when this namespace is loaded but not attached.
    See the information on DESCRIPTION files in the chapter ‘Creating R
    packages’ of the ‘Writing R Extensions’ manual.
Flavors: r-devel-linux-x86_64-debian-clang, r-devel-linux-x86_64-debian-gcc, r-devel-linux-x86_64-fedora-clang, r-devel-linux-x86_64-fedora-gcc, r-devel-osx-x86_64-clang, r-devel-windows-ix86+x86_64, r-patched-linux-x86_64, r-patched-solaris-sparc, r-patched-solaris-x86, r-release-linux-ix86, r-release-linux-x86_64, r-release-osx-x86_64-mavericks, r-release-windows-ix86+x86_64, r-oldrel-windows-ix86+x86_64

Version: 1.4.4
Check: Rd line widths
Result: NOTE
    Rd file 'bfast.Rd':
     \examples lines wider than 100 characters:
     (rdist <- 10/length(harvest)) # ratio of distance between breaks (time steps) and length of the time series
     #out <- fit$output[[niter]] # output of results of the final fitted seasonal and trend models and #nr of breakpoints in both.
    
    These lines will be truncated in the PDF manual.
Flavors: r-devel-linux-x86_64-fedora-clang, r-devel-linux-x86_64-fedora-gcc

Version: 1.4.4
Check: dependencies in R code
Result: NOTE
    'library' or 'require' call to 'forecast' which was already attached by Depends.
     Please remove these calls from your code.
    Packages in Depends field not imported from:
     'MASS' 'forecast' 'sp'
     These packages need to be imported from for the case when
     this namespace is loaded but not attached.
    See the information on DESCRIPTION files in the chapter 'Creating R
    packages' of the 'Writing R Extensions' manual.
Flavor: r-release-osx-x86_64-snowleopard