CRAN Package Check Results for Package bfast

Last updated on 2014-04-25 05:47:12.

Flavor Version Tinstall Tcheck Ttotal Status Flags
r-devel-linux-x86_64-debian-clang 1.4.4 4.98 56.42 61.40 NOTE
r-devel-linux-x86_64-debian-gcc 1.4.4 4.72 58.05 62.76 NOTE
r-devel-linux-x86_64-fedora-clang 1.4.4 137.25 NOTE
r-devel-linux-x86_64-fedora-gcc 1.4.4 131.43 NOTE
r-devel-osx-x86_64-clang 1.4.4 112.48 NOTE
r-devel-osx-x86_64-gcc 1.4.4 ERROR
r-devel-windows-ix86+x86_64 1.4.4 12.00 84.00 96.00 NOTE
r-patched-linux-x86_64 1.4.4 4.68 55.84 60.53 NOTE
r-patched-solaris-sparc 1.4.4 722.70 NOTE
r-patched-solaris-x86 1.4.4 164.90 NOTE
r-release-linux-ix86 1.4.4 7.00 89.00 96.00 NOTE
r-release-linux-x86_64 1.4.4 4.74 55.52 60.26 NOTE
r-release-osx-x86_64-mavericks 1.4.4 ERROR
r-release-osx-x86_64-snowleopard 1.4.4 NOTE
r-release-windows-ix86+x86_64 1.4.4 12.00 87.00 99.00 NOTE
r-oldrel-windows-ix86+x86_64 1.4.4 15.00 78.00 93.00 NOTE

Check Details

Version: 1.4.4
Check: package dependencies
Result: NOTE
    Depends: includes the non-default packages:
     ‘strucchange’ ‘MASS’ ‘forecast’ ‘zoo’ ‘raster’ ‘sp’
    Adding so many packages to the search path is excessive and importing
    selectively is preferable.
Flavors: r-devel-linux-x86_64-debian-clang, r-devel-linux-x86_64-debian-gcc, r-devel-linux-x86_64-fedora-clang, r-devel-linux-x86_64-fedora-gcc, r-devel-osx-x86_64-clang, r-devel-windows-ix86+x86_64, r-patched-linux-x86_64, r-patched-solaris-sparc, r-patched-solaris-x86, r-release-linux-ix86, r-release-linux-x86_64, r-release-osx-x86_64-snowleopard, r-release-windows-ix86+x86_64

Version: 1.4.4
Check: DESCRIPTION meta-information
Result: NOTE
    Packages listed in more than one of Depends, Imports, Suggests, Enhances:
     ‘graphics’ ‘stats’ ‘strucchange’ ‘zoo’ ‘raster’
    A package should be listed in only one of these fields.
Flavors: r-devel-linux-x86_64-debian-clang, r-devel-linux-x86_64-debian-gcc, r-devel-linux-x86_64-fedora-clang, r-devel-linux-x86_64-fedora-gcc, r-devel-osx-x86_64-clang, r-devel-windows-ix86+x86_64, r-patched-linux-x86_64, r-patched-solaris-sparc, r-patched-solaris-x86, r-release-linux-ix86, r-release-linux-x86_64, r-release-osx-x86_64-snowleopard, r-release-windows-ix86+x86_64, r-oldrel-windows-ix86+x86_64

Version: 1.4.4
Check: dependencies in R code
Result: NOTE
    'library' or 'require' call to ‘forecast’ which was already attached by Depends.
     Please remove these calls from your code.
    Packages in Depends field not imported from:
     ‘MASS’ ‘forecast’ ‘sp’
     These packages need to be imported from (in the NAMESPACE file)
     for when this namespace is loaded but not attached.
    See the information on DESCRIPTION files in the chapter ‘Creating R
    packages’ of the ‘Writing R Extensions’ manual.
Flavors: r-devel-linux-x86_64-debian-clang, r-devel-linux-x86_64-debian-gcc, r-devel-linux-x86_64-fedora-clang, r-devel-linux-x86_64-fedora-gcc, r-devel-osx-x86_64-clang, r-devel-windows-ix86+x86_64, r-patched-linux-x86_64, r-patched-solaris-sparc, r-patched-solaris-x86, r-release-linux-ix86, r-release-linux-x86_64, r-release-windows-ix86+x86_64, r-oldrel-windows-ix86+x86_64

Version: 1.4.4
Check: Rd line widths
Result: NOTE
    Rd file 'bfast.Rd':
     \examples lines wider than 100 characters:
     (rdist <- 10/length(harvest)) # ratio of distance between breaks (time steps) and length of the time series
     #out <- fit$output[[niter]] # output of results of the final fitted seasonal and trend models and #nr of breakpoints in both.
    
    These lines will be truncated in the PDF manual.
Flavors: r-devel-linux-x86_64-fedora-clang, r-devel-linux-x86_64-fedora-gcc

Version: 1.4.4
Check: package dependencies
Result: ERROR
    Packages required but not available:
     ‘strucchange’ ‘forecast’ ‘zoo’ ‘raster’
    
    Depends: includes the non-default packages:
     ‘strucchange’ ‘MASS’ ‘forecast’ ‘zoo’ ‘raster’ ‘sp’
    Adding so many packages to the search path is excessive and importing
    selectively is preferable.
    
    See the information on DESCRIPTION files in the chapter ‘Creating R
    packages’ of the ‘Writing R Extensions’ manual.
Flavor: r-devel-osx-x86_64-gcc

Version: 1.4.4
Check: package dependencies
Result: ERROR
    Package required but not available: ‘forecast’
    
    Depends: includes the non-default packages:
     ‘strucchange’ ‘MASS’ ‘forecast’ ‘zoo’ ‘raster’ ‘sp’
    Adding so many packages to the search path is excessive and importing
    selectively is preferable.
    
    See the information on DESCRIPTION files in the chapter ‘Creating R
    packages’ of the ‘Writing R Extensions’ manual.
Flavor: r-release-osx-x86_64-mavericks

Version: 1.4.4
Check: dependencies in R code
Result: NOTE
    'library' or 'require' call to 'forecast' which was already attached by Depends.
     Please remove these calls from your code.
    Packages in Depends field not imported from:
     'MASS' 'forecast' 'sp'
     These packages need to be imported from for the case when
     this namespace is loaded but not attached.
    See the information on DESCRIPTION files in the chapter 'Creating R
    packages' of the 'Writing R Extensions' manual.
Flavor: r-release-osx-x86_64-snowleopard