CRAN Package Check Results for Package bfast

Last updated on 2015-05-06 17:47:46.

Flavor Version Tinstall Tcheck Ttotal Status Flags
r-devel-linux-x86_64-debian-clang 1.5.7 3.05 38.68 41.74 OK
r-devel-linux-x86_64-debian-gcc 1.5.7 3.04 37.29 40.33 OK
r-devel-linux-x86_64-fedora-clang 1.5.7 88.63 OK
r-devel-linux-x86_64-fedora-gcc 1.5.7 83.29 OK
r-devel-osx-x86_64-clang 1.5.7 75.89 OK
r-devel-windows-ix86+x86_64 1.5.7 9.00 66.00 75.00 OK
r-patched-linux-x86_64 1.5.7 3.11 37.85 40.96 OK
r-patched-solaris-sparc 1.5.7 566.20 OK
r-patched-solaris-x86 1.5.7 115.60 OK
r-release-linux-x86_64 1.5.7 3.19 38.42 41.62 OK
r-release-osx-x86_64-mavericks 1.5.7 OK
r-release-osx-x86_64-snowleopard 1.5.7 ERROR
r-release-windows-ix86+x86_64 1.5.7 8.00 60.00 68.00 OK
r-oldrel-windows-ix86+x86_64 1.5.7 13.00 120.00 133.00 OK

Check Details

Version: 1.5.7
Check: package dependencies
Result: ERROR
    Packages required but not available:
     ‘strucchange’ ‘zoo’ ‘forecast’ ‘raster’
    
    See section ‘The DESCRIPTION file’ in the ‘Writing R Extensions’
    manual.
Flavor: r-release-osx-x86_64-snowleopard