CRAN Package Check Results for Package bfp

Last updated on 2014-07-24 11:53:19.

Flavor Version Tinstall Tcheck Ttotal Status Flags
r-devel-linux-x86_64-debian-clang 0.0-27 20.38 54.84 75.22 NOTE
r-devel-linux-x86_64-debian-gcc 0.0-27 27.02 53.30 80.32 NOTE
r-devel-linux-x86_64-fedora-clang 0.0-27 149.01 NOTE
r-devel-linux-x86_64-fedora-gcc 0.0-27 153.78 NOTE
r-devel-osx-x86_64-clang 0.0-27 126.06 NOTE
r-devel-windows-ix86+x86_64 0.0-27 92.00 156.00 248.00 NOTE
r-patched-linux-x86_64 0.0-27 26.42 53.52 79.94 NOTE
r-patched-solaris-sparc 0.0-27 782.40 NOTE --no-tests
r-patched-solaris-x86 0.0-27 196.20 NOTE
r-release-linux-ix86 0.0-27 34.85 76.34 111.19 NOTE
r-release-linux-x86_64 0.0-27 27.15 54.81 81.96 NOTE
r-release-osx-x86_64-mavericks 0.0-27 NOTE
r-release-osx-x86_64-snowleopard 0.0-27 OK
r-release-windows-ix86+x86_64 0.0-27 93.00 158.00 251.00 NOTE
r-oldrel-windows-ix86+x86_64 0.0-27 93.00 164.00 257.00 NOTE

Memtest notes: valgrind

Check Details

Version: 0.0-27
Check: dependencies in R code
Result: NOTE
    Package in Depends field not imported from: ‘Rcpp’
     These packages need to be imported from (in the NAMESPACE file)
     for when this namespace is loaded but not attached.
    See the information on DESCRIPTION files in the chapter ‘Creating R
    packages’ of the ‘Writing R Extensions’ manual.
Flavors: r-devel-linux-x86_64-debian-clang, r-devel-linux-x86_64-debian-gcc, r-devel-linux-x86_64-fedora-clang, r-devel-linux-x86_64-fedora-gcc, r-devel-osx-x86_64-clang, r-devel-windows-ix86+x86_64, r-patched-linux-x86_64, r-patched-solaris-x86, r-release-linux-ix86, r-release-linux-x86_64, r-release-osx-x86_64-mavericks, r-release-windows-ix86+x86_64, r-oldrel-windows-ix86+x86_64

Version: 0.0-27
Flags: --no-tests
Check: dependencies in R code
Result: NOTE
    Package in Depends field not imported from: ‘Rcpp’
     These packages need to be imported from (in the NAMESPACE file)
     for when this namespace is loaded but not attached.
    See the information on DESCRIPTION files in the chapter ‘Creating R
    packages’ of the ‘Writing R Extensions’ manual.
Flavor: r-patched-solaris-sparc