CRAN Package Check Results for Package bfp

Last updated on 2017-12-15 04:47:07 CET.

Flavor Version Tinstall Tcheck Ttotal Status Flags
r-devel-linux-x86_64-debian-clang 0.0-35 41.05 23.67 64.72 FAIL
r-devel-linux-x86_64-debian-gcc 0.0-35 33.24 53.86 87.10 OK
r-devel-linux-x86_64-fedora-clang 0.0-35 163.48 OK
r-devel-linux-x86_64-fedora-gcc 0.0-35 148.28 OK
r-devel-windows-ix86+x86_64 0.0-35 132.00 162.00 294.00 OK
r-patched-linux-x86_64 0.0-35 38.94 77.65 116.59 OK
r-patched-solaris-x86 0.0-35 186.90 OK
r-release-linux-x86_64 0.0-35 38.90 77.69 116.59 OK
r-release-windows-ix86+x86_64 0.0-35 101.00 150.00 251.00 OK
r-release-osx-x86_64 0.0-35 OK
r-oldrel-windows-ix86+x86_64 0.0-35 138.00 170.00 308.00 OK
r-oldrel-osx-x86_64 0.0-35 OK

Check Details

Version: 0.0-35
Check: pragmas in C/C++ headers and code
Result: FAIL
    
Flavor: r-devel-linux-x86_64-debian-clang