CRAN Package Check Results for Package bfp

Last updated on 2015-04-01 03:49:11.

Flavor Version Tinstall Tcheck Ttotal Status Flags
r-devel-linux-x86_64-debian-clang 0.0-27 24.07 50.70 74.77 NOTE
r-devel-linux-x86_64-debian-gcc 0.0-27 26.44 49.64 76.08 NOTE
r-devel-linux-x86_64-fedora-clang 0.0-27 149.01 NOTE
r-devel-linux-x86_64-fedora-gcc 0.0-27 140.75 NOTE
r-devel-osx-x86_64-clang 0.0-27 118.93 NOTE
r-prerel-windows-ix86+x86_64 0.0-27 121.00 155.00 276.00 NOTE
r-prerel-linux-x86_64 0.0-27 28.18 49.77 77.94 NOTE
r-prerel-solaris-sparc 0.0-27 736.40 NOTE --no-tests
r-prerel-solaris-x86 0.0-27 187.20 NOTE
r-release-linux-x86_64 0.0-27 28.76 51.75 80.50 NOTE
r-release-osx-x86_64-mavericks 0.0-27 NOTE
r-release-osx-x86_64-snowleopard 0.0-27 OK
r-release-windows-ix86+x86_64 0.0-27 93.00 152.00 245.00 NOTE
r-oldrel-windows-ix86+x86_64 0.0-27 94.00 162.00 256.00 NOTE

Memtest notes: valgrind

Check Details

Version: 0.0-27
Check: dependencies in R code
Result: NOTE
    Package in Depends field not imported from: ‘Rcpp’
     These packages need to be imported from (in the NAMESPACE file)
     for when this namespace is loaded but not attached.
Flavors: r-devel-linux-x86_64-debian-clang, r-devel-linux-x86_64-debian-gcc, r-devel-linux-x86_64-fedora-clang, r-devel-linux-x86_64-fedora-gcc, r-devel-osx-x86_64-clang, r-prerel-windows-ix86+x86_64, r-prerel-linux-x86_64, r-prerel-solaris-x86, r-release-linux-x86_64, r-release-windows-ix86+x86_64

Version: 0.0-27
Flags: --no-tests
Check: dependencies in R code
Result: NOTE
    Package in Depends field not imported from: ‘Rcpp’
     These packages need to be imported from (in the NAMESPACE file)
     for when this namespace is loaded but not attached.
Flavor: r-prerel-solaris-sparc

Version: 0.0-27
Check: dependencies in R code
Result: NOTE
    Package in Depends field not imported from: ‘Rcpp’
     These packages need to be imported from (in the NAMESPACE file)
     for when this namespace is loaded but not attached.
    See the information on DESCRIPTION files in the chapter ‘Creating R
    packages’ of the ‘Writing R Extensions’ manual.
Flavors: r-release-osx-x86_64-mavericks, r-oldrel-windows-ix86+x86_64