CRAN Package Check Results for Package bfp

Last updated on 2014-09-02 17:46:44.

Flavor Version Tinstall Tcheck Ttotal Status Flags
r-devel-linux-x86_64-debian-clang 0.0-27 20.40 53.84 74.24 NOTE
r-devel-linux-x86_64-debian-gcc 0.0-27 26.81 51.79 78.60 NOTE
r-devel-linux-x86_64-fedora-clang 0.0-27 149.48 NOTE
r-devel-linux-x86_64-fedora-gcc 0.0-27 142.48 NOTE
r-devel-osx-x86_64-clang 0.0-27 115.23 NOTE
r-devel-windows-ix86+x86_64 0.0-27 90.00 155.00 245.00 NOTE
r-patched-linux-x86_64 0.0-27 27.11 54.26 81.38 NOTE
r-patched-solaris-sparc 0.0-27 776.70 NOTE --no-tests
r-patched-solaris-x86 0.0-27 198.70 NOTE
r-release-linux-ix86 0.0-27 34.85 80.88 115.73 NOTE
r-release-linux-x86_64 0.0-27 27.29 55.97 83.26 NOTE
r-release-osx-x86_64-mavericks 0.0-27 NOTE
r-release-osx-x86_64-snowleopard 0.0-27 OK
r-release-windows-ix86+x86_64 0.0-27 88.00 161.00 249.00 NOTE
r-oldrel-windows-ix86+x86_64 0.0-27 89.00 155.00 244.00 NOTE

Memtest notes: valgrind

Check Details

Version: 0.0-27
Check: dependencies in R code
Result: NOTE
    Package in Depends field not imported from: ‘Rcpp’
     These packages need to be imported from (in the NAMESPACE file)
     for when this namespace is loaded but not attached.
    See the information on DESCRIPTION files in the chapter ‘Creating R
    packages’ of the ‘Writing R Extensions’ manual.
Flavors: r-devel-linux-x86_64-debian-clang, r-devel-linux-x86_64-debian-gcc, r-devel-linux-x86_64-fedora-clang, r-devel-linux-x86_64-fedora-gcc, r-devel-osx-x86_64-clang, r-devel-windows-ix86+x86_64, r-patched-linux-x86_64, r-patched-solaris-x86, r-release-linux-ix86, r-release-linux-x86_64, r-release-osx-x86_64-mavericks, r-release-windows-ix86+x86_64, r-oldrel-windows-ix86+x86_64

Version: 0.0-27
Flags: --no-tests
Check: dependencies in R code
Result: NOTE
    Package in Depends field not imported from: ‘Rcpp’
     These packages need to be imported from (in the NAMESPACE file)
     for when this namespace is loaded but not attached.
    See the information on DESCRIPTION files in the chapter ‘Creating R
    packages’ of the ‘Writing R Extensions’ manual.
Flavor: r-patched-solaris-sparc