CRAN Package Check Results for Package bfp

Last updated on 2016-06-28 06:46:55.

Flavor Version Tinstall Tcheck Ttotal Status Flags
r-devel-linux-x86_64-debian-gcc 0.0-31 32.35 49.96 82.31 OK
r-devel-linux-x86_64-fedora-clang 0.0-31 153.28 OK
r-devel-linux-x86_64-fedora-gcc 0.0-31 136.65 OK
r-devel-osx-x86_64-clang 0.0-31 111.39 OK
r-devel-windows-ix86+x86_64 0.0-31 142.00 139.00 281.00 OK
r-patched-linux-x86_64 0.0-31 26.78 51.36 78.15 OK
r-patched-solaris-sparc 0.0-31 658.50 NOTE --no-tests
r-patched-solaris-x86 0.0-31 172.00 NOTE
r-release-linux-x86_64 0.0-31 26.14 50.25 76.40 OK
r-release-osx-x86_64-mavericks 0.0-31 OK
r-release-windows-ix86+x86_64 0.0-31 137.00 131.00 268.00 OK
r-oldrel-windows-ix86+x86_64 0.0-31 128.00 157.00 285.00 OK

Memtest notes: valgrind

Check Details

Version: 0.0-31
Flags: --no-tests
Check: installed package size
Result: NOTE
     installed size is 5.7Mb
     sub-directories of 1Mb or more:
     libs 5.4Mb
Flavor: r-patched-solaris-sparc

Version: 0.0-31
Check: installed package size
Result: NOTE
     installed size is 5.0Mb
     sub-directories of 1Mb or more:
     libs 4.8Mb
Flavor: r-patched-solaris-x86