CRAN Package Check Results for Package bfp

Last updated on 2015-05-25 22:47:00.

Flavor Version Tinstall Tcheck Ttotal Status Flags
r-devel-linux-x86_64-debian-clang 0.0-27 23.65 60.46 84.11 NOTE
r-devel-linux-x86_64-debian-gcc 0.0-27 28.13 49.26 77.39 NOTE
r-devel-linux-x86_64-fedora-clang 0.0-27 148.12 NOTE
r-devel-linux-x86_64-fedora-gcc 0.0-27 139.97 NOTE
r-devel-osx-x86_64-clang 0.0-27 116.73 NOTE
r-devel-windows-ix86+x86_64 0.0-27 98.00 158.00 256.00 NOTE
r-patched-linux-x86_64 0.0-27 27.40 49.88 77.29 NOTE
r-patched-solaris-sparc 0.0-27 728.70 NOTE --no-tests
r-patched-solaris-x86 0.0-27 187.30 NOTE
r-release-linux-x86_64 0.0-27 27.00 49.23 76.24 NOTE
r-release-osx-x86_64-mavericks 0.0-27 NOTE
r-release-osx-x86_64-snowleopard 0.0-27 NOTE
r-release-windows-ix86+x86_64 0.0-27 95.00 160.00 255.00 NOTE
r-oldrel-windows-ix86+x86_64 0.0-27 92.00 149.00 241.00 NOTE

Memtest notes: valgrind

Check Details

Version: 0.0-27
Check: dependencies in R code
Result: NOTE
    Package in Depends field not imported from: ‘Rcpp’
     These packages need to be imported from (in the NAMESPACE file)
     for when this namespace is loaded but not attached.
Flavors: r-devel-linux-x86_64-debian-clang, r-devel-linux-x86_64-debian-gcc, r-devel-linux-x86_64-fedora-clang, r-devel-linux-x86_64-fedora-gcc, r-devel-osx-x86_64-clang, r-devel-windows-ix86+x86_64, r-patched-linux-x86_64, r-patched-solaris-x86, r-release-linux-x86_64, r-release-osx-x86_64-mavericks, r-release-osx-x86_64-snowleopard, r-release-windows-ix86+x86_64, r-oldrel-windows-ix86+x86_64

Version: 0.0-27
Flags: --no-tests
Check: dependencies in R code
Result: NOTE
    Package in Depends field not imported from: ‘Rcpp’
     These packages need to be imported from (in the NAMESPACE file)
     for when this namespace is loaded but not attached.
Flavor: r-patched-solaris-sparc

Version: 0.0-27
Check: package dependencies
Result: NOTE
    Package suggested but not available for checking: ‘Hmisc’
Flavor: r-release-osx-x86_64-snowleopard