CRAN Package Check Results for Package bfp

Last updated on 2015-01-27 12:47:23.

Flavor Version Tinstall Tcheck Ttotal Status Flags
r-devel-linux-x86_64-debian-clang 0.0-27 22.57 54.75 77.32 NOTE
r-devel-linux-x86_64-debian-gcc 0.0-27 26.53 49.78 76.31 NOTE
r-devel-linux-x86_64-fedora-clang 0.0-27 153.20 NOTE
r-devel-linux-x86_64-fedora-gcc 0.0-27 144.32 NOTE
r-devel-osx-x86_64-clang 0.0-27 153.23 NOTE
r-devel-windows-ix86+x86_64 0.0-27 98.00 143.00 241.00 NOTE
r-patched-linux-x86_64 0.0-27 27.25 52.12 79.36 NOTE
r-patched-solaris-sparc 0.0-27 746.00 NOTE --no-tests
r-patched-solaris-x86 0.0-27 192.50 NOTE
r-release-linux-ix86 0.0-27 33.18 69.85 103.04 NOTE
r-release-linux-x86_64 0.0-27 26.91 52.15 79.06 NOTE
r-release-osx-x86_64-mavericks 0.0-27 NOTE
r-release-osx-x86_64-snowleopard 0.0-27 OK
r-release-windows-ix86+x86_64 0.0-27 96.00 161.00 257.00 NOTE
r-oldrel-windows-ix86+x86_64 0.0-27 143.00 204.00 347.00 NOTE

Memtest notes: valgrind valgrind

Check Details

Version: 0.0-27
Check: dependencies in R code
Result: NOTE
    Package in Depends field not imported from: ‘Rcpp’
     These packages need to be imported from (in the NAMESPACE file)
     for when this namespace is loaded but not attached.
Flavors: r-devel-linux-x86_64-debian-clang, r-devel-linux-x86_64-debian-gcc, r-devel-linux-x86_64-fedora-clang, r-devel-linux-x86_64-fedora-gcc, r-devel-osx-x86_64-clang, r-devel-windows-ix86+x86_64

Version: 0.0-27
Check: dependencies in R code
Result: NOTE
    Package in Depends field not imported from: ‘Rcpp’
     These packages need to be imported from (in the NAMESPACE file)
     for when this namespace is loaded but not attached.
    See the information on DESCRIPTION files in the chapter ‘Creating R
    packages’ of the ‘Writing R Extensions’ manual.
Flavors: r-patched-linux-x86_64, r-patched-solaris-x86, r-release-linux-ix86, r-release-linux-x86_64, r-release-osx-x86_64-mavericks, r-release-windows-ix86+x86_64, r-oldrel-windows-ix86+x86_64

Version: 0.0-27
Flags: --no-tests
Check: dependencies in R code
Result: NOTE
    Package in Depends field not imported from: ‘Rcpp’
     These packages need to be imported from (in the NAMESPACE file)
     for when this namespace is loaded but not attached.
    See the information on DESCRIPTION files in the chapter ‘Creating R
    packages’ of the ‘Writing R Extensions’ manual.
Flavor: r-patched-solaris-sparc