CRAN Package Check Results for Package bfp

Last updated on 2015-03-05 08:49:05.

Flavor Version Tinstall Tcheck Ttotal Status Flags
r-devel-linux-x86_64-debian-clang 0.0-27 21.71 50.54 72.25 NOTE
r-devel-linux-x86_64-debian-gcc 0.0-27 26.24 49.78 76.02 NOTE
r-devel-linux-x86_64-fedora-clang 0.0-27 148.53 NOTE
r-devel-linux-x86_64-fedora-gcc 0.0-27 138.24 NOTE
r-devel-osx-x86_64-clang 0.0-27 111.09 NOTE
r-devel-windows-ix86+x86_64 0.0-27 92.00 151.00 243.00 NOTE
r-patched-linux-x86_64 0.0-27 27.08 52.62 79.70 NOTE
r-patched-solaris-sparc 0.0-27 763.30 NOTE --no-tests
r-patched-solaris-x86 0.0-27 194.60 NOTE
r-release-linux-ix86 0.0-27 33.34 70.60 103.94 NOTE
r-release-linux-x86_64 0.0-27 27.00 52.09 79.08 NOTE
r-release-osx-x86_64-mavericks 0.0-27 NOTE
r-release-osx-x86_64-snowleopard 0.0-27 OK
r-release-windows-ix86+x86_64 0.0-27 91.00 161.00 252.00 NOTE
r-oldrel-windows-ix86+x86_64 0.0-27 94.00 159.00 253.00 NOTE

Memtest notes: valgrind

Check Details

Version: 0.0-27
Check: dependencies in R code
Result: NOTE
    Package in Depends field not imported from: ‘Rcpp’
     These packages need to be imported from (in the NAMESPACE file)
     for when this namespace is loaded but not attached.
Flavors: r-devel-linux-x86_64-debian-clang, r-devel-linux-x86_64-debian-gcc, r-devel-linux-x86_64-fedora-clang, r-devel-linux-x86_64-fedora-gcc, r-devel-osx-x86_64-clang, r-devel-windows-ix86+x86_64, r-patched-linux-x86_64, r-patched-solaris-x86

Version: 0.0-27
Flags: --no-tests
Check: dependencies in R code
Result: NOTE
    Package in Depends field not imported from: ‘Rcpp’
     These packages need to be imported from (in the NAMESPACE file)
     for when this namespace is loaded but not attached.
Flavor: r-patched-solaris-sparc

Version: 0.0-27
Check: dependencies in R code
Result: NOTE
    Package in Depends field not imported from: ‘Rcpp’
     These packages need to be imported from (in the NAMESPACE file)
     for when this namespace is loaded but not attached.
    See the information on DESCRIPTION files in the chapter ‘Creating R
    packages’ of the ‘Writing R Extensions’ manual.
Flavors: r-release-linux-ix86, r-release-linux-x86_64, r-release-osx-x86_64-mavericks, r-release-windows-ix86+x86_64, r-oldrel-windows-ix86+x86_64