CRAN Package Check Results for Package bfp

Last updated on 2015-09-03 12:49:32.

Flavor Version Tinstall Tcheck Ttotal Status Flags
r-devel-linux-x86_64-debian-clang 0.0-27 23.30 49.32 72.62 NOTE
r-devel-linux-x86_64-debian-gcc 0.0-27 26.86 49.47 76.33 NOTE
r-devel-linux-x86_64-fedora-clang 0.0-27 147.08 NOTE
r-devel-linux-x86_64-fedora-gcc 0.0-27 133.17 NOTE
r-devel-osx-x86_64-clang 0.0-27 106.32 NOTE
r-devel-windows-ix86+x86_64 0.0-27 127.00 159.00 286.00 NOTE
r-patched-linux-x86_64 0.0-27 27.26 49.20 76.45 NOTE
r-patched-solaris-sparc 0.0-27 690.10 NOTE --no-tests
r-patched-solaris-x86 0.0-27 173.40 NOTE
r-release-linux-x86_64 0.0-27 27.10 49.20 76.30 NOTE
r-release-osx-x86_64-mavericks 0.0-27 NOTE
r-release-windows-ix86+x86_64 0.0-27 124.00 161.00 285.00 NOTE
r-oldrel-windows-ix86+x86_64 0.0-27 136.00 182.00 318.00 NOTE

Memtest notes: valgrind

Check Details

Version: 0.0-27
Check: dependencies in R code
Result: NOTE
    Package in Depends field not imported from: ‘Rcpp’
     These packages need to be imported from (in the NAMESPACE file)
     for when this namespace is loaded but not attached.
Flavors: r-devel-linux-x86_64-debian-clang, r-devel-linux-x86_64-debian-gcc, r-devel-linux-x86_64-fedora-clang, r-devel-linux-x86_64-fedora-gcc, r-devel-osx-x86_64-clang, r-devel-windows-ix86+x86_64, r-patched-linux-x86_64, r-patched-solaris-x86, r-release-linux-x86_64, r-release-osx-x86_64-mavericks, r-release-windows-ix86+x86_64, r-oldrel-windows-ix86+x86_64

Version: 0.0-27
Check: R code for possible problems
Result: NOTE
    BayesMfp: no visible binding for global variable ‘gaussian’
    BayesMfp: no visible binding for global variable ‘na.omit’
    BayesMfp: no visible global function definition for ‘terms’
    BayesMfp: no visible global function definition for ‘as.formula’
    BayesMfp : <anonymous>: no visible global function definition for
     ‘terms’
    BayesMfp : <anonymous>: no visible global function definition for
     ‘as.formula’
    BayesMfp: no visible global function definition for ‘update’
    BayesMfp: no visible global function definition for ‘model.response’
    BayesMfp: no visible global function definition for ‘model.matrix’
    BmaSamples: no visible global function definition for ‘fitted’
    BmaSamples: no visible global function definition for ‘rt’
    BmaSamples: no visible global function definition for ‘rnorm’
    constructNewdataMatrix: no visible global function definition for
     ‘terms’
    constructNewdataMatrix: no visible global function definition for
     ‘model.matrix’
    pinvGamma: no visible global function definition for ‘pgamma’
    plotCurveEstimate.BayesMfp: no visible global function definition for
     ‘qt’
    plotCurveEstimate.BayesMfp: no visible global function definition for
     ‘residuals’
    plotCurveEstimate.BayesMfp: no visible binding for global variable
     ‘matplot’
    plotCurveEstimate.BmaSamples: no visible binding for global variable
     ‘median’
    plotCurveEstimate.BmaSamples: no visible binding for global variable
     ‘quantile’
    plotCurveEstimate.BmaSamples: no visible global function definition for
     ‘residuals’
    plotCurveEstimate.BmaSamples: no visible binding for global variable
     ‘matplot’
    plotCurveEstimate.BmaSamples: no visible global function definition for
     ‘legend’
    predict.BmaSamples: no visible binding for global variable ‘median’
    predict.BmaSamples: no visible binding for global variable ‘quantile’
    qinvGamma: no visible global function definition for ‘qgamma’
    residuals.BayesMfp: no visible global function definition for ‘fitted’
    residuals.BmaSamples: no visible global function definition for
     ‘fitted’
    rinvGamma: no visible global function definition for ‘rgamma’
    rmvt: no visible global function definition for ‘rnorm’
    rmvt: no visible global function definition for ‘rchisq’
    rshrinkage: no visible global function definition for ‘runif’
    rshrinkage: no visible global function definition for ‘qbeta’
    rshrinkage: no visible global function definition for ‘pbeta’
    scrHpd: no visible binding for global variable ‘median’
    summary.BayesMfp: no visible global function definition for ‘qt’
    summary.BayesMfp : outerdens: no visible global function definition for
     ‘uniroot’
    summary.BayesMfp: no visible global function definition for ‘uniroot’
    summary.BmaSamples : summarizeSamples: no visible binding for global
     variable ‘median’
    summary.BmaSamples : summarizeSamples: no visible binding for global
     variable ‘quantile’
    summary.BmaSamples: no visible global function definition for
     ‘quantile’
    Undefined global functions or variables:
     as.formula fitted gaussian legend matplot median model.matrix
     model.response na.omit pbeta pgamma qbeta qgamma qt quantile rchisq
     residuals rgamma rnorm rt runif terms uniroot update
    Consider adding
     importFrom("graphics", "legend", "matplot")
     importFrom("stats", "as.formula", "fitted", "gaussian", "median",
     "model.matrix", "model.response", "na.omit", "pbeta",
     "pgamma", "qbeta", "qgamma", "qt", "quantile", "rchisq",
     "residuals", "rgamma", "rnorm", "rt", "runif", "terms",
     "uniroot", "update")
    to your NAMESPACE.
Flavors: r-devel-linux-x86_64-debian-clang, r-devel-linux-x86_64-debian-gcc, r-devel-linux-x86_64-fedora-clang, r-devel-linux-x86_64-fedora-gcc, r-devel-windows-ix86+x86_64

Version: 0.0-27
Flags: --no-tests
Check: dependencies in R code
Result: NOTE
    Package in Depends field not imported from: ‘Rcpp’
     These packages need to be imported from (in the NAMESPACE file)
     for when this namespace is loaded but not attached.
Flavor: r-patched-solaris-sparc