CRAN Package Check Results for Package bfp

Last updated on 2014-12-21 18:52:01.

Flavor Version Tinstall Tcheck Ttotal Status Flags
r-devel-linux-x86_64-debian-clang 0.0-27 21.84 52.90 74.74 NOTE
r-devel-linux-x86_64-debian-gcc 0.0-27 26.72 50.46 77.18 NOTE
r-devel-linux-x86_64-fedora-clang 0.0-27 150.86 NOTE
r-devel-linux-x86_64-fedora-gcc 0.0-27 138.14 NOTE
r-devel-osx-x86_64-clang 0.0-27 123.21 NOTE
r-devel-windows-ix86+x86_64 0.0-27 94.00 160.00 254.00 NOTE
r-patched-linux-x86_64 0.0-27 26.68 53.05 79.73 NOTE
r-patched-solaris-sparc 0.0-27 698.80 NOTE --no-tests
r-patched-solaris-x86 0.0-27 193.90 NOTE
r-release-linux-ix86 0.0-27 33.15 68.94 102.08 NOTE
r-release-linux-x86_64 0.0-27 26.74 52.67 79.42 NOTE
r-release-osx-x86_64-mavericks 0.0-27 NOTE
r-release-osx-x86_64-snowleopard 0.0-27 OK
r-release-windows-ix86+x86_64 0.0-27 95.00 160.00 255.00 NOTE
r-oldrel-windows-ix86+x86_64 0.0-27 95.00 170.00 265.00 NOTE

Memtest notes: valgrind

Check Details

Version: 0.0-27
Check: dependencies in R code
Result: NOTE
    Package in Depends field not imported from: ‘Rcpp’
     These packages need to be imported from (in the NAMESPACE file)
     for when this namespace is loaded but not attached.
    See the information on DESCRIPTION files in the chapter ‘Creating R
    packages’ of the ‘Writing R Extensions’ manual.
Flavors: r-devel-linux-x86_64-debian-clang, r-devel-linux-x86_64-debian-gcc, r-devel-linux-x86_64-fedora-clang, r-devel-linux-x86_64-fedora-gcc, r-devel-osx-x86_64-clang, r-devel-windows-ix86+x86_64, r-patched-linux-x86_64, r-patched-solaris-x86, r-release-linux-ix86, r-release-linux-x86_64, r-release-osx-x86_64-mavericks, r-release-windows-ix86+x86_64, r-oldrel-windows-ix86+x86_64

Version: 0.0-27
Flags: --no-tests
Check: dependencies in R code
Result: NOTE
    Package in Depends field not imported from: ‘Rcpp’
     These packages need to be imported from (in the NAMESPACE file)
     for when this namespace is loaded but not attached.
    See the information on DESCRIPTION files in the chapter ‘Creating R
    packages’ of the ‘Writing R Extensions’ manual.
Flavor: r-patched-solaris-sparc