CRAN Package Check Results for Package bfp

Last updated on 2014-11-23 12:46:26.

Flavor Version Tinstall Tcheck Ttotal Status Flags
r-devel-linux-x86_64-debian-clang 0.0-27 23.59 53.30 76.89 NOTE
r-devel-linux-x86_64-debian-gcc 0.0-27 26.56 54.69 81.25 NOTE
r-devel-linux-x86_64-fedora-clang 0.0-27 149.56 NOTE
r-devel-linux-x86_64-fedora-gcc 0.0-27 142.14 NOTE
r-devel-osx-x86_64-clang 0.0-27 129.91 NOTE
r-devel-windows-ix86+x86_64 0.0-27 89.00 147.00 236.00 NOTE
r-patched-linux-x86_64 0.0-27 26.70 52.83 79.53 NOTE
r-patched-solaris-sparc 0.0-27 698.80 NOTE --no-tests
r-patched-solaris-x86 0.0-27 193.10 NOTE
r-release-linux-ix86 0.0-27 33.74 69.25 102.99 NOTE
r-release-linux-x86_64 0.0-27 26.60 51.77 78.38 NOTE
r-release-osx-x86_64-mavericks 0.0-27 NOTE
r-release-osx-x86_64-snowleopard 0.0-27 OK
r-release-windows-ix86+x86_64 0.0-27 94.00 152.00 246.00 NOTE
r-oldrel-windows-ix86+x86_64 0.0-27 91.00 155.00 246.00 NOTE

Memtest notes: valgrind

Check Details

Version: 0.0-27
Check: dependencies in R code
Result: NOTE
    Package in Depends field not imported from: ‘Rcpp’
     These packages need to be imported from (in the NAMESPACE file)
     for when this namespace is loaded but not attached.
    See the information on DESCRIPTION files in the chapter ‘Creating R
    packages’ of the ‘Writing R Extensions’ manual.
Flavors: r-devel-linux-x86_64-debian-clang, r-devel-linux-x86_64-debian-gcc, r-devel-linux-x86_64-fedora-clang, r-devel-linux-x86_64-fedora-gcc, r-devel-osx-x86_64-clang, r-devel-windows-ix86+x86_64, r-patched-linux-x86_64, r-patched-solaris-x86, r-release-linux-ix86, r-release-linux-x86_64, r-release-osx-x86_64-mavericks, r-release-windows-ix86+x86_64, r-oldrel-windows-ix86+x86_64

Version: 0.0-27
Flags: --no-tests
Check: dependencies in R code
Result: NOTE
    Package in Depends field not imported from: ‘Rcpp’
     These packages need to be imported from (in the NAMESPACE file)
     for when this namespace is loaded but not attached.
    See the information on DESCRIPTION files in the chapter ‘Creating R
    packages’ of the ‘Writing R Extensions’ manual.
Flavor: r-patched-solaris-sparc