CRAN Package Check Results for Package bfp

Last updated on 2017-03-24 06:48:00.

Flavor Version Tinstall Tcheck Ttotal Status Flags
r-devel-linux-x86_64-debian-clang 0.0-31 18.65 2.93 21.58 ERROR
r-devel-linux-x86_64-debian-gcc 0.0-31 24.03 73.70 97.73 NOTE
r-devel-linux-x86_64-fedora-clang 0.0-31 73.91 ERROR --no-stop-on-test-error
r-devel-linux-x86_64-fedora-gcc 0.0-31 155.81 NOTE --no-stop-on-test-error
r-devel-macos-x86_64-clang 0.0-31 118.13 NOTE --no-stop-on-test-error
r-devel-windows-ix86+x86_64 0.0-31 122.00 154.00 276.00 OK
r-patched-linux-x86_64 0.0-31 25.34 51.16 76.50 OK
r-patched-solaris-sparc 0.0-31 679.60 OK --no-tests
r-patched-solaris-x86 0.0-31 183.80 OK
r-release-linux-x86_64 0.0-31 25.28 50.99 76.28 OK
r-release-osx-x86_64-mavericks 0.0-31 OK
r-release-windows-ix86+x86_64 0.0-31 129.00 139.00 268.00 OK
r-oldrel-windows-ix86+x86_64 0.0-31 136.00 199.00 335.00 OK

Memtest notes: valgrind valgrind

Check Details

Version: 0.0-31
Check: whether package can be installed
Result: ERROR
    Installation failed.
Flavor: r-devel-linux-x86_64-debian-clang

Version: 0.0-31
Check: compiled code
Result: NOTE
    File ‘bfp/libs/bfp.so’:
     Found no calls to: ‘R_registerRoutines’, ‘R_useDynamicSymbols’
    
    It is good practice to register native routines and to disable symbol
    search.
    
    See ‘Writing portable packages’ in the ‘Writing R Extensions’ manual.
Flavor: r-devel-linux-x86_64-debian-gcc

Version: 0.0-31
Flags: --no-stop-on-test-error
Check: whether package can be installed
Result: ERROR
    Installation failed.
Flavor: r-devel-linux-x86_64-fedora-clang

Version: 0.0-31
Flags: --no-stop-on-test-error
Check: compiled code
Result: NOTE
    File ‘bfp/libs/bfp.so’:
     Found no calls to: ‘R_registerRoutines’, ‘R_useDynamicSymbols’
    
    It is good practice to register native routines and to disable symbol
    search.
    
    See ‘Writing portable packages’ in the ‘Writing R Extensions’ manual.
Flavors: r-devel-linux-x86_64-fedora-gcc, r-devel-macos-x86_64-clang