CRAN Package Check Results for Package bfp

Last updated on 2017-02-20 17:48:44.

Flavor Version Tinstall Tcheck Ttotal Status Flags
r-devel-linux-x86_64-debian-clang 0.0-31 23.41 71.10 94.51 NOTE
r-devel-linux-x86_64-debian-gcc 0.0-31 23.39 72.94 96.33 NOTE
r-devel-linux-x86_64-fedora-clang 0.0-31 163.81 NOTE --no-stop-on-test-error
r-devel-linux-x86_64-fedora-gcc 0.0-31 149.74 NOTE --no-stop-on-test-error
r-devel-macos-x86_64-clang 118.79 NOTE --no-stop-on-test-error
r-devel-windows-ix86+x86_64 0.0-31 104.00 187.00 291.00 OK
r-patched-linux-x86_64 0.0-31 25.78 50.08 75.86 OK
r-patched-solaris-sparc 0.0-31 664.90 OK --no-tests
r-patched-solaris-x86 0.0-31 172.90 OK
r-release-linux-x86_64 0.0-31 25.54 50.82 76.36 OK
r-release-osx-x86_64-mavericks 0.0-31 OK
r-release-windows-ix86+x86_64 0.0-31 103.00 142.00 245.00 OK
r-oldrel-windows-ix86+x86_64 0.0-31 99.00 178.00 277.00 OK

Memtest notes: valgrind valgrind

Check Details

Version: 0.0-31
Check: compiled code
Result: NOTE
    File ‘bfp/libs/bfp.so’:
     Found no calls to: ‘R_registerRoutines’, ‘R_useDynamicSymbols’
    
    It is good practice to register native routines and to disable symbol
    search.
    
    See ‘Writing portable packages’ in the ‘Writing R Extensions’ manual.
Flavors: r-devel-linux-x86_64-debian-clang, r-devel-linux-x86_64-debian-gcc

Version: 0.0-31
Flags: --no-stop-on-test-error
Check: compiled code
Result: NOTE
    File ‘bfp/libs/bfp.so’:
     Found no calls to: ‘R_registerRoutines’, ‘R_useDynamicSymbols’
    
    It is good practice to register native routines and to disable symbol
    search.
    
    See ‘Writing portable packages’ in the ‘Writing R Extensions’ manual.
Flavors: r-devel-linux-x86_64-fedora-clang, r-devel-linux-x86_64-fedora-gcc, r-devel-macos-x86_64-clang