CRAN Package Check Results for Package bfp

Last updated on 2015-06-30 12:47:06.

Flavor Version Tinstall Tcheck Ttotal Status Flags
r-devel-linux-x86_64-debian-clang 0.0-27 23.07 50.54 73.61 NOTE
r-devel-linux-x86_64-debian-gcc 0.0-27 26.46 49.68 76.14 NOTE
r-devel-linux-x86_64-fedora-clang 0.0-27 145.55 NOTE
r-devel-linux-x86_64-fedora-gcc 0.0-27 135.28 NOTE
r-devel-osx-x86_64-clang 0.0-27 125.25 NOTE
r-devel-windows-ix86+x86_64 0.0-27 134.00 153.00 287.00 NOTE
r-patched-linux-x86_64 0.0-27 26.82 50.40 77.21 NOTE
r-patched-solaris-sparc 0.0-27 728.70 NOTE --no-tests
r-patched-solaris-x86 0.0-27 188.40 NOTE
r-release-linux-x86_64 0.0-27 27.42 51.01 78.42 NOTE
r-release-osx-x86_64-mavericks 0.0-27 NOTE
r-release-windows-ix86+x86_64 0.0-27 128.00 150.00 278.00 NOTE
r-oldrel-windows-ix86+x86_64 0.0-27 137.00 166.00 303.00 NOTE

Memtest notes: valgrind

Check Details

Version: 0.0-27
Check: dependencies in R code
Result: NOTE
    Package in Depends field not imported from: ‘Rcpp’
     These packages need to be imported from (in the NAMESPACE file)
     for when this namespace is loaded but not attached.
Flavors: r-devel-linux-x86_64-debian-clang, r-devel-linux-x86_64-debian-gcc, r-devel-linux-x86_64-fedora-clang, r-devel-linux-x86_64-fedora-gcc, r-devel-osx-x86_64-clang, r-devel-windows-ix86+x86_64, r-patched-linux-x86_64, r-patched-solaris-x86, r-release-linux-x86_64, r-release-osx-x86_64-mavericks, r-release-windows-ix86+x86_64, r-oldrel-windows-ix86+x86_64

Version: 0.0-27
Check: R code for possible problems
Result: NOTE
    BayesMfp: no visible binding for global variable ‘gaussian’
    BayesMfp: no visible binding for global variable ‘na.omit’
    BayesMfp: no visible global function definition for ‘terms’
    BayesMfp: no visible global function definition for ‘as.formula’
    BayesMfp : <anonymous>: no visible global function definition for
     ‘terms’
    BayesMfp : <anonymous>: no visible global function definition for
     ‘as.formula’
    BayesMfp: no visible global function definition for ‘update’
    BayesMfp: no visible global function definition for ‘model.response’
    BayesMfp: no visible global function definition for ‘model.matrix’
    BmaSamples: no visible global function definition for ‘fitted’
    BmaSamples: no visible global function definition for ‘rt’
    BmaSamples: no visible global function definition for ‘rnorm’
    constructNewdataMatrix: no visible global function definition for
     ‘terms’
    constructNewdataMatrix: no visible global function definition for
     ‘model.matrix’
    pinvGamma: no visible global function definition for ‘pgamma’
    plotCurveEstimate.BayesMfp: no visible global function definition for
     ‘qt’
    plotCurveEstimate.BayesMfp: no visible global function definition for
     ‘residuals’
    plotCurveEstimate.BayesMfp: no visible binding for global variable
     ‘matplot’
    plotCurveEstimate.BmaSamples: no visible binding for global variable
     ‘median’
    plotCurveEstimate.BmaSamples: no visible binding for global variable
     ‘quantile’
    plotCurveEstimate.BmaSamples: no visible global function definition for
     ‘residuals’
    plotCurveEstimate.BmaSamples: no visible binding for global variable
     ‘matplot’
    plotCurveEstimate.BmaSamples: no visible global function definition for
     ‘legend’
    predict.BmaSamples: no visible binding for global variable ‘median’
    predict.BmaSamples: no visible binding for global variable ‘quantile’
    qinvGamma: no visible global function definition for ‘qgamma’
    residuals.BayesMfp: no visible global function definition for ‘fitted’
    residuals.BmaSamples: no visible global function definition for
     ‘fitted’
    rinvGamma: no visible global function definition for ‘rgamma’
    rmvt: no visible global function definition for ‘rnorm’
    rmvt: no visible global function definition for ‘rchisq’
    rshrinkage: no visible global function definition for ‘runif’
    rshrinkage: no visible global function definition for ‘qbeta’
    rshrinkage: no visible global function definition for ‘pbeta’
    scrHpd: no visible binding for global variable ‘median’
    summary.BayesMfp: no visible global function definition for ‘qt’
    summary.BayesMfp : outerdens: no visible global function definition for
     ‘uniroot’
    summary.BayesMfp: no visible global function definition for ‘uniroot’
    summary.BmaSamples : summarizeSamples: no visible binding for global
     variable ‘median’
    summary.BmaSamples : summarizeSamples: no visible binding for global
     variable ‘quantile’
    summary.BmaSamples: no visible global function definition for
     ‘quantile’
Flavors: r-devel-linux-x86_64-debian-clang, r-devel-linux-x86_64-debian-gcc, r-devel-windows-ix86+x86_64

Version: 0.0-27
Flags: --no-tests
Check: dependencies in R code
Result: NOTE
    Package in Depends field not imported from: ‘Rcpp’
     These packages need to be imported from (in the NAMESPACE file)
     for when this namespace is loaded but not attached.
Flavor: r-patched-solaris-sparc