CRAN Package Check Results for Package bfp

Last updated on 2014-04-25 05:47:12.

Flavor Version Tinstall Tcheck Ttotal Status Flags
r-devel-linux-x86_64-debian-clang 0.0-27 20.81 56.06 76.87 NOTE
r-devel-linux-x86_64-debian-gcc 0.0-27 26.86 57.22 84.08 NOTE
r-devel-linux-x86_64-fedora-clang 0.0-27 149.05 NOTE
r-devel-linux-x86_64-fedora-gcc 0.0-27 152.53 NOTE
r-devel-osx-x86_64-clang 0.0-27 121.62 NOTE
r-devel-osx-x86_64-gcc 0.0-27 NOTE
r-devel-windows-ix86+x86_64 0.0-27 87.00 152.00 239.00 NOTE
r-patched-linux-x86_64 0.0-27 26.78 55.64 82.42 NOTE
r-patched-solaris-sparc 0.0-27 782.40 NOTE --no-tests
r-patched-solaris-x86 0.0-27 198.70 NOTE
r-release-linux-ix86 0.0-27 41.00 104.00 145.00 NOTE
r-release-linux-x86_64 0.0-27 27.04 55.66 82.70 NOTE
r-release-osx-x86_64-mavericks 0.0-27 WARN
r-release-osx-x86_64-snowleopard 0.0-27 OK
r-release-windows-ix86+x86_64 0.0-27 92.00 157.00 249.00 NOTE
r-oldrel-windows-ix86+x86_64 0.0-27 91.00 158.00 249.00 NOTE

Memtest notes: valgrind

Check Details

Version: 0.0-27
Check: dependencies in R code
Result: NOTE
    Package in Depends field not imported from: ‘Rcpp’
     These packages need to be imported from (in the NAMESPACE file)
     for when this namespace is loaded but not attached.
    See the information on DESCRIPTION files in the chapter ‘Creating R
    packages’ of the ‘Writing R Extensions’ manual.
Flavors: r-devel-linux-x86_64-debian-clang, r-devel-linux-x86_64-debian-gcc, r-devel-linux-x86_64-fedora-clang, r-devel-linux-x86_64-fedora-gcc, r-devel-osx-x86_64-clang, r-devel-osx-x86_64-gcc, r-devel-windows-ix86+x86_64, r-patched-linux-x86_64, r-patched-solaris-x86, r-release-linux-ix86, r-release-linux-x86_64, r-release-osx-x86_64-mavericks, r-release-windows-ix86+x86_64, r-oldrel-windows-ix86+x86_64

Version: 0.0-27
Check: package dependencies
Result: NOTE
    Packages suggested but not available for checking: ‘doBy’ ‘Hmisc’
Flavor: r-devel-osx-x86_64-gcc

Version: 0.0-27
Flags: --no-tests
Check: dependencies in R code
Result: NOTE
    Package in Depends field not imported from: ‘Rcpp’
     These packages need to be imported from (in the NAMESPACE file)
     for when this namespace is loaded but not attached.
    See the information on DESCRIPTION files in the chapter ‘Creating R
    packages’ of the ‘Writing R Extensions’ manual.
Flavor: r-patched-solaris-sparc

Version: 0.0-27
Check: package dependencies
Result: NOTE
    Package suggested but not available for checking: ‘doBy’
Flavor: r-release-osx-x86_64-mavericks

Version: 0.0-27
Check: PDF version of manual
Result: WARNING
    LaTeX errors when creating PDF version.
    This typically indicates Rd problems.
    LaTeX errors found:
    ! LaTeX Error: File `upquote.sty' not found.
    
    Type X to quit or <RETURN> to proceed,
    or enter new name. (Default extension: sty)
    
    33824c7/Rd2.tex:8: ==> Fatal error occurred, no output PDF file produced!
Flavor: r-release-osx-x86_64-mavericks