CRAN Package Check Results for Package bgeva

Last updated on 2014-04-23 12:48:14.

Flavor Version Tinstall Tcheck Ttotal Status Flags
r-devel-linux-x86_64-debian-clang 0.2 3.78 39.24 43.02 NOTE
r-devel-linux-x86_64-debian-gcc 0.2 3.63 38.58 42.21 NOTE
r-devel-linux-x86_64-fedora-clang 0.2 96.58 NOTE
r-devel-linux-x86_64-fedora-gcc 0.2 95.55 NOTE
r-devel-osx-x86_64-clang 0.2 78.63 NOTE
r-devel-osx-x86_64-gcc 0.2 NOTE
r-devel-windows-ix86+x86_64 0.2 9.00 56.00 65.00 NOTE
r-patched-linux-x86_64 0.2 3.56 39.60 43.16 NOTE
r-patched-solaris-sparc 0.2 536.40 NOTE
r-patched-solaris-x86 0.2 123.40 NOTE
r-release-linux-ix86 0.2 6.00 63.00 69.00 NOTE
r-release-linux-x86_64 0.2 3.62 38.39 42.02 NOTE
r-release-osx-x86_64-mavericks 0.2 NOTE
r-release-osx-x86_64-snowleopard 0.2 NOTE
r-release-windows-ix86+x86_64 0.2 10.00 53.00 63.00 NOTE
r-oldrel-windows-ix86+x86_64 0.2 10.00 51.00 61.00 NOTE

Check Details

Version: 0.2
Check: dependencies in R code
Result: NOTE
    Package in Depends field not imported from: ‘mgcv’
     These packages need to be imported from (in the NAMESPACE file)
     for when this namespace is loaded but not attached.
    See the information on DESCRIPTION files in the chapter ‘Creating R
    packages’ of the ‘Writing R Extensions’ manual.
Flavors: r-devel-linux-x86_64-debian-clang, r-devel-linux-x86_64-debian-gcc, r-devel-linux-x86_64-fedora-clang, r-devel-linux-x86_64-fedora-gcc, r-devel-osx-x86_64-clang, r-devel-osx-x86_64-gcc, r-devel-windows-ix86+x86_64, r-patched-linux-x86_64, r-patched-solaris-sparc, r-patched-solaris-x86, r-release-linux-ix86, r-release-linux-x86_64, r-release-osx-x86_64-mavericks, r-release-windows-ix86+x86_64, r-oldrel-windows-ix86+x86_64

Version: 0.2
Check: dependencies in R code
Result: NOTE
    Package in Depends field not imported from: 'mgcv'
     These packages need to be imported from for the case when
     this namespace is loaded but not attached.
    See the information on DESCRIPTION files in the chapter 'Creating R
    packages' of the 'Writing R Extensions' manual.
Flavor: r-release-osx-x86_64-snowleopard