CRAN Package Check Results for Package bgeva

Last updated on 2015-07-01 17:47:28.

Flavor Version Tinstall Tcheck Ttotal Status Flags
r-devel-linux-x86_64-debian-clang 0.3 2.68 34.64 37.32 NOTE
r-devel-linux-x86_64-debian-gcc 0.3 2.68 32.43 35.11 NOTE
r-devel-linux-x86_64-fedora-clang 0.3 73.92 NOTE
r-devel-linux-x86_64-fedora-gcc 0.3 69.80 NOTE
r-devel-osx-x86_64-clang 0.3 67.74 OK
r-devel-windows-ix86+x86_64 0.3 12.00 50.00 62.00 NOTE
r-patched-linux-x86_64 0.3 2.72 33.70 36.42 OK
r-patched-solaris-sparc 0.3 465.50 OK
r-patched-solaris-x86 0.3 104.90 OK
r-release-linux-x86_64 0.3 2.62 34.41 37.03 OK
r-release-osx-x86_64-mavericks 0.3 OK
r-release-windows-ix86+x86_64 0.3 7.00 48.00 55.00 OK
r-oldrel-windows-ix86+x86_64 0.3 9.00 64.00 73.00 OK

Check Details

Version: 0.3
Check: R code for possible problems
Result: NOTE
    bgeva: Error while checking: invalid ‘envir’ argument
    print.summary.bgeva: no visible global function definition for
     ‘printCoefmat’
    summary.bgeva: no visible global function definition for ‘coef’
    summary.bgeva: no visible global function definition for ‘pnorm’
    summary.bgeva: no visible global function definition for ‘pchisq’
Flavors: r-devel-linux-x86_64-debian-clang, r-devel-linux-x86_64-debian-gcc, r-devel-linux-x86_64-fedora-clang, r-devel-linux-x86_64-fedora-gcc, r-devel-windows-ix86+x86_64