CRAN Package Check Results for Package bgeva

Last updated on 2016-07-29 11:49:28.

Flavor Version Tinstall Tcheck Ttotal Status Flags
r-devel-linux-x86_64-debian-clang 0.3 2.84 33.70 36.53 NOTE
r-devel-linux-x86_64-debian-gcc 0.3 2.93 37.22 40.15 NOTE
r-devel-linux-x86_64-fedora-clang 0.3 70.58 NOTE
r-devel-linux-x86_64-fedora-gcc 0.3 67.97 NOTE
r-devel-osx-x86_64-clang 0.3 56.64 NOTE
r-devel-windows-ix86+x86_64 0.3 11.00 60.00 71.00 NOTE
r-patched-linux-x86_64 0.3 3.11 36.81 39.92 NOTE
r-patched-solaris-sparc 0.3 423.30 NOTE
r-patched-solaris-x86 0.3 96.10 NOTE
r-release-linux-x86_64 0.3 3.00 35.31 38.31 NOTE
r-release-osx-x86_64-mavericks 0.3 NOTE
r-release-windows-ix86+x86_64 0.3 10.00 66.00 76.00 NOTE
r-oldrel-windows-ix86+x86_64 0.3 10.00 78.00 88.00 OK

Check Details

Version: 0.3
Check: R code for possible problems
Result: NOTE
    bgeva: no visible global function definition for ‘binomial’
    bgeva: no visible global function definition for ‘model.matrix’
    bgeva: no visible global function definition for ‘coef’
    print.summary.bgeva: no visible global function definition for
     ‘printCoefmat’
    summary.bgeva: no visible global function definition for ‘coef’
    summary.bgeva: no visible global function definition for ‘pnorm’
    summary.bgeva: no visible global function definition for ‘pchisq’
    Undefined global functions or variables:
     binomial coef model.matrix pchisq pnorm printCoefmat
    Consider adding
     importFrom("stats", "binomial", "coef", "model.matrix", "pchisq",
     "pnorm", "printCoefmat")
    to your NAMESPACE file.
Flavors: r-devel-linux-x86_64-debian-clang, r-devel-linux-x86_64-debian-gcc, r-devel-linux-x86_64-fedora-clang, r-devel-linux-x86_64-fedora-gcc, r-devel-osx-x86_64-clang, r-devel-windows-ix86+x86_64, r-patched-linux-x86_64, r-patched-solaris-sparc, r-patched-solaris-x86, r-release-linux-x86_64, r-release-osx-x86_64-mavericks, r-release-windows-ix86+x86_64