CRAN Package Check Results for Package bgeva

Last updated on 2014-10-26 05:47:11.

Flavor Version Tinstall Tcheck Ttotal Status Flags
r-devel-linux-x86_64-debian-clang 0.2 3.27 35.53 38.80 NOTE
r-devel-linux-x86_64-debian-gcc 0.2 3.28 35.48 38.76 NOTE
r-devel-linux-x86_64-fedora-clang 0.2 98.56 NOTE
r-devel-linux-x86_64-fedora-gcc 0.2 89.03 NOTE
r-devel-osx-x86_64-clang 0.2 86.41 NOTE
r-devel-windows-ix86+x86_64 0.2 8.00 49.00 57.00 NOTE
r-patched-linux-x86_64 0.2 3.55 37.84 41.39 NOTE
r-patched-solaris-sparc 0.2 499.30 NOTE
r-patched-solaris-x86 0.2 124.10 NOTE
r-release-linux-ix86 0.2 4.15 47.04 51.19 NOTE
r-release-linux-x86_64 0.2 3.46 40.04 43.50 NOTE
r-release-osx-x86_64-mavericks 0.2 NOTE
r-release-osx-x86_64-snowleopard 0.2 NOTE
r-release-windows-ix86+x86_64 0.2 12.00 61.00 73.00 NOTE
r-oldrel-windows-ix86+x86_64 0.2 10.00 53.00 63.00 NOTE

Check Details

Version: 0.2
Check: dependencies in R code
Result: NOTE
    Package in Depends field not imported from: ‘mgcv’
     These packages need to be imported from (in the NAMESPACE file)
     for when this namespace is loaded but not attached.
    See the information on DESCRIPTION files in the chapter ‘Creating R
    packages’ of the ‘Writing R Extensions’ manual.
Flavors: r-devel-linux-x86_64-debian-clang, r-devel-linux-x86_64-debian-gcc, r-devel-linux-x86_64-fedora-clang, r-devel-linux-x86_64-fedora-gcc, r-devel-osx-x86_64-clang, r-devel-windows-ix86+x86_64, r-patched-linux-x86_64, r-patched-solaris-sparc, r-patched-solaris-x86, r-release-linux-ix86, r-release-linux-x86_64, r-release-osx-x86_64-mavericks, r-release-windows-ix86+x86_64, r-oldrel-windows-ix86+x86_64

Version: 0.2
Check: R code for possible problems
Result: NOTE
    bgeva: no visible global function definition for ‘gam’
    bgeva: no visible global function definition for ‘magic’
    plot.bgeva: no visible global function definition for ‘plot.gam’
Flavors: r-devel-linux-x86_64-debian-clang, r-devel-linux-x86_64-debian-gcc, r-devel-linux-x86_64-fedora-clang, r-devel-linux-x86_64-fedora-gcc, r-devel-osx-x86_64-clang, r-devel-windows-ix86+x86_64, r-patched-linux-x86_64, r-patched-solaris-sparc, r-patched-solaris-x86

Version: 0.2
Check: dependencies in R code
Result: NOTE
    Package in Depends field not imported from: 'mgcv'
     These packages need to be imported from for the case when
     this namespace is loaded but not attached.
    See the information on DESCRIPTION files in the chapter 'Creating R
    packages' of the 'Writing R Extensions' manual.
Flavor: r-release-osx-x86_64-snowleopard