CRAN Package Check Results for Package bgeva

Last updated on 2016-08-28 09:50:24.

Flavor Version Tinstall Tcheck Ttotal Status Flags
r-devel-linux-x86_64-debian-clang 0.3 2.78 34.33 37.11 NOTE
r-devel-linux-x86_64-debian-gcc 0.3 2.62 33.26 35.87 NOTE
r-devel-linux-x86_64-fedora-clang 0.3 73.25 NOTE
r-devel-linux-x86_64-fedora-gcc 0.3 72.38 NOTE
r-devel-osx-x86_64-clang 0.3 56.87 NOTE
r-devel-windows-ix86+x86_64 0.3 9.00 84.00 93.00 NOTE
r-patched-linux-x86_64 0.3 2.58 32.37 34.95 NOTE
r-patched-solaris-sparc 0.3 423.30 NOTE
r-patched-solaris-x86 0.3 95.80 NOTE
r-release-linux-x86_64 0.3 2.74 33.36 36.11 NOTE
r-release-osx-x86_64-mavericks 0.3 NOTE
r-release-windows-ix86+x86_64 0.3 10.00 85.00 95.00 NOTE
r-oldrel-windows-ix86+x86_64 0.3 8.00 82.00 90.00 OK

Check Details

Version: 0.3
Check: R code for possible problems
Result: NOTE
    bgeva: no visible global function definition for ‘binomial’
    bgeva: no visible global function definition for ‘model.matrix’
    bgeva: no visible global function definition for ‘coef’
    print.summary.bgeva: no visible global function definition for
     ‘printCoefmat’
    summary.bgeva: no visible global function definition for ‘coef’
    summary.bgeva: no visible global function definition for ‘pnorm’
    summary.bgeva: no visible global function definition for ‘pchisq’
    Undefined global functions or variables:
     binomial coef model.matrix pchisq pnorm printCoefmat
    Consider adding
     importFrom("stats", "binomial", "coef", "model.matrix", "pchisq",
     "pnorm", "printCoefmat")
    to your NAMESPACE file.
Flavors: r-devel-linux-x86_64-debian-clang, r-devel-linux-x86_64-debian-gcc, r-devel-linux-x86_64-fedora-clang, r-devel-linux-x86_64-fedora-gcc, r-devel-osx-x86_64-clang, r-devel-windows-ix86+x86_64, r-patched-linux-x86_64, r-patched-solaris-sparc, r-patched-solaris-x86, r-release-linux-x86_64, r-release-osx-x86_64-mavericks, r-release-windows-ix86+x86_64