CRAN Package Check Results for Package bgeva

Last updated on 2014-08-21 07:49:08.

Flavor Version Tinstall Tcheck Ttotal Status Flags
r-devel-linux-x86_64-debian-clang 0.2 3.34 39.46 42.80 NOTE
r-devel-linux-x86_64-debian-gcc 0.2 3.32 37.53 40.85 NOTE
r-devel-linux-x86_64-fedora-clang 0.2 94.95 NOTE
r-devel-linux-x86_64-fedora-gcc 0.2 86.91 NOTE
r-devel-osx-x86_64-clang 0.2 76.82 NOTE
r-devel-windows-ix86+x86_64 0.2 10.00 50.00 60.00 NOTE
r-patched-linux-x86_64 0.2 3.43 38.32 41.75 NOTE
r-patched-solaris-sparc 0.2 537.40 NOTE
r-patched-solaris-x86 0.2 123.40 NOTE
r-release-linux-ix86 0.2 4.17 47.12 51.29 NOTE
r-release-linux-x86_64 0.2 3.54 40.68 44.22 NOTE
r-release-osx-x86_64-mavericks 0.2 NOTE
r-release-osx-x86_64-snowleopard 0.2 NOTE
r-release-windows-ix86+x86_64 0.2 9.00 56.00 65.00 NOTE
r-oldrel-windows-ix86+x86_64 0.2 8.00 55.00 63.00 NOTE

Check Details

Version: 0.2
Check: dependencies in R code
Result: NOTE
    Package in Depends field not imported from: ‘mgcv’
     These packages need to be imported from (in the NAMESPACE file)
     for when this namespace is loaded but not attached.
    See the information on DESCRIPTION files in the chapter ‘Creating R
    packages’ of the ‘Writing R Extensions’ manual.
Flavors: r-devel-linux-x86_64-debian-clang, r-devel-linux-x86_64-debian-gcc, r-devel-linux-x86_64-fedora-clang, r-devel-linux-x86_64-fedora-gcc, r-devel-osx-x86_64-clang, r-devel-windows-ix86+x86_64, r-patched-linux-x86_64, r-patched-solaris-sparc, r-patched-solaris-x86, r-release-linux-ix86, r-release-linux-x86_64, r-release-osx-x86_64-mavericks, r-release-windows-ix86+x86_64, r-oldrel-windows-ix86+x86_64

Version: 0.2
Check: R code for possible problems
Result: NOTE
    bgeva: no visible global function definition for ‘gam’
    bgeva: no visible global function definition for ‘magic’
    plot.bgeva: no visible global function definition for ‘plot.gam’
Flavors: r-devel-linux-x86_64-fedora-clang, r-devel-linux-x86_64-fedora-gcc, r-devel-osx-x86_64-clang

Version: 0.2
Check: dependencies in R code
Result: NOTE
    Package in Depends field not imported from: 'mgcv'
     These packages need to be imported from for the case when
     this namespace is loaded but not attached.
    See the information on DESCRIPTION files in the chapter 'Creating R
    packages' of the 'Writing R Extensions' manual.
Flavor: r-release-osx-x86_64-snowleopard