CRAN Package Check Results for Package bgeva

Last updated on 2016-10-01 12:47:39.

Flavor Version Tinstall Tcheck Ttotal Status Flags
r-devel-linux-x86_64-debian-clang 0.3 2.37 31.33 33.70 NOTE
r-devel-linux-x86_64-debian-gcc 0.3 2.34 30.78 33.12 NOTE
r-devel-linux-x86_64-fedora-clang 0.3 78.45 NOTE
r-devel-linux-x86_64-fedora-gcc 0.3 65.53 NOTE
r-devel-macos-x86_64-clang 0.3 52.49 NOTE
r-devel-windows-ix86+x86_64 0.3 9.00 72.00 81.00 NOTE
r-patched-linux-x86_64 0.3 2.37 30.02 32.38 NOTE
r-patched-solaris-sparc 0.3 423.30 NOTE
r-patched-solaris-x86 0.3 96.20 NOTE
r-release-linux-x86_64 0.3 2.36 30.80 33.17 NOTE
r-release-osx-x86_64-mavericks 0.3 NOTE
r-release-windows-ix86+x86_64 0.3 6.00 86.00 92.00 NOTE
r-oldrel-windows-ix86+x86_64 0.3 12.00 77.00 89.00 OK

Check Details

Version: 0.3
Check: R code for possible problems
Result: NOTE
    bgeva: no visible global function definition for ‘binomial’
    bgeva: no visible global function definition for ‘model.matrix’
    bgeva: no visible global function definition for ‘coef’
    print.summary.bgeva: no visible global function definition for
     ‘printCoefmat’
    summary.bgeva: no visible global function definition for ‘coef’
    summary.bgeva: no visible global function definition for ‘pnorm’
    summary.bgeva: no visible global function definition for ‘pchisq’
    Undefined global functions or variables:
     binomial coef model.matrix pchisq pnorm printCoefmat
    Consider adding
     importFrom("stats", "binomial", "coef", "model.matrix", "pchisq",
     "pnorm", "printCoefmat")
    to your NAMESPACE file.
Flavors: r-devel-linux-x86_64-debian-clang, r-devel-linux-x86_64-debian-gcc, r-devel-linux-x86_64-fedora-clang, r-devel-linux-x86_64-fedora-gcc, r-devel-macos-x86_64-clang, r-devel-windows-ix86+x86_64, r-patched-linux-x86_64, r-patched-solaris-sparc, r-patched-solaris-x86, r-release-linux-x86_64, r-release-osx-x86_64-mavericks, r-release-windows-ix86+x86_64