CRAN Package Check Results for Package bgeva

Last updated on 2015-08-30 21:46:35.

Flavor Version Tinstall Tcheck Ttotal Status Flags
r-devel-linux-x86_64-debian-clang 0.3 2.74 32.31 35.05 NOTE
r-devel-linux-x86_64-debian-gcc 0.3 2.56 31.70 34.27 NOTE
r-devel-linux-x86_64-fedora-clang 0.3 72.79 NOTE
r-devel-linux-x86_64-fedora-gcc 0.3 68.91 NOTE
r-devel-osx-x86_64-clang 0.3 56.14 OK
r-devel-windows-ix86+x86_64 0.3 11.00 59.00 70.00 NOTE
r-patched-linux-x86_64 0.3 2.75 34.07 36.82 OK
r-patched-solaris-sparc 0.3 468.50 OK
r-patched-solaris-x86 0.3 105.10 OK
r-release-linux-x86_64 0.3 2.89 33.66 36.55 OK
r-release-osx-x86_64-mavericks 0.3 OK
r-release-windows-ix86+x86_64 0.3 10.00 62.00 72.00 OK
r-oldrel-windows-ix86+x86_64 0.3 14.00 91.00 105.00 OK

Check Details

Version: 0.3
Check: R code for possible problems
Result: NOTE
    bgeva: no visible global function definition for ‘binomial’
    bgeva: no visible global function definition for ‘model.matrix’
    bgeva: no visible global function definition for ‘coef’
    print.summary.bgeva: no visible global function definition for
     ‘printCoefmat’
    summary.bgeva: no visible global function definition for ‘coef’
    summary.bgeva: no visible global function definition for ‘pnorm’
    summary.bgeva: no visible global function definition for ‘pchisq’
    Undefined global functions or variables:
     binomial coef model.matrix pchisq pnorm printCoefmat
    Consider adding
     importFrom("stats", "binomial", "coef", "model.matrix", "pchisq",
     "pnorm", "printCoefmat")
    to your NAMESPACE.
Flavors: r-devel-linux-x86_64-debian-clang, r-devel-linux-x86_64-debian-gcc, r-devel-linux-x86_64-fedora-clang, r-devel-linux-x86_64-fedora-gcc, r-devel-windows-ix86+x86_64