CRAN Package Check Results for Package bgeva

Last updated on 2017-03-27 06:47:57.

Flavor Version Tinstall Tcheck Ttotal Status Flags
r-devel-linux-x86_64-debian-clang 0.3 2.48 34.33 36.81 NOTE
r-devel-linux-x86_64-debian-gcc 0.3 2.61 33.64 36.25 NOTE
r-devel-linux-x86_64-fedora-clang 0.3 98.78 NOTE --no-stop-on-test-error
r-devel-linux-x86_64-fedora-gcc 0.3 85.86 NOTE --no-stop-on-test-error
r-devel-macos-x86_64-clang 0.3 61.36 NOTE --no-stop-on-test-error
r-devel-windows-ix86+x86_64 0.3 8.00 91.00 99.00 NOTE
r-patched-linux-x86_64 0.3 2.71 33.49 36.20 NOTE
r-patched-solaris-sparc 0.3 472.20 NOTE
r-patched-solaris-x86 0.3 113.50 NOTE
r-release-linux-x86_64 0.3 2.50 30.30 32.79 NOTE
r-release-osx-x86_64-mavericks 0.3 NOTE
r-release-windows-ix86+x86_64 0.3 9.00 59.00 68.00 NOTE
r-oldrel-windows-ix86+x86_64 0.3 7.00 55.00 62.00 OK

Check Details

Version: 0.3
Check: R code for possible problems
Result: NOTE
    bgeva: no visible global function definition for ‘binomial’
    bgeva: no visible global function definition for ‘model.matrix’
    bgeva: no visible global function definition for ‘coef’
    print.summary.bgeva: no visible global function definition for
     ‘printCoefmat’
    summary.bgeva: no visible global function definition for ‘coef’
    summary.bgeva: no visible global function definition for ‘pnorm’
    summary.bgeva: no visible global function definition for ‘pchisq’
    Undefined global functions or variables:
     binomial coef model.matrix pchisq pnorm printCoefmat
    Consider adding
     importFrom("stats", "binomial", "coef", "model.matrix", "pchisq",
     "pnorm", "printCoefmat")
    to your NAMESPACE file.
Flavors: r-devel-linux-x86_64-debian-clang, r-devel-linux-x86_64-debian-gcc, r-devel-windows-ix86+x86_64, r-patched-linux-x86_64, r-patched-solaris-sparc, r-patched-solaris-x86, r-release-linux-x86_64, r-release-osx-x86_64-mavericks, r-release-windows-ix86+x86_64

Version: 0.3
Flags: --no-stop-on-test-error
Check: R code for possible problems
Result: NOTE
    bgeva: no visible global function definition for ‘binomial’
    bgeva: no visible global function definition for ‘model.matrix’
    bgeva: no visible global function definition for ‘coef’
    print.summary.bgeva: no visible global function definition for
     ‘printCoefmat’
    summary.bgeva: no visible global function definition for ‘coef’
    summary.bgeva: no visible global function definition for ‘pnorm’
    summary.bgeva: no visible global function definition for ‘pchisq’
    Undefined global functions or variables:
     binomial coef model.matrix pchisq pnorm printCoefmat
    Consider adding
     importFrom("stats", "binomial", "coef", "model.matrix", "pchisq",
     "pnorm", "printCoefmat")
    to your NAMESPACE file.
Flavors: r-devel-linux-x86_64-fedora-clang, r-devel-linux-x86_64-fedora-gcc, r-devel-macos-x86_64-clang