CRAN Package Check Results for Package bgeva

Last updated on 2016-06-27 10:47:44.

Flavor Version Tinstall Tcheck Ttotal Status Flags
r-devel-linux-x86_64-debian-gcc 0.3 2.63 32.15 34.78 NOTE
r-devel-linux-x86_64-fedora-clang 0.3 69.42 NOTE
r-devel-linux-x86_64-fedora-gcc 0.3 67.95 NOTE
r-devel-osx-x86_64-clang 0.3 54.34 NOTE
r-devel-windows-ix86+x86_64 0.3 7.00 80.00 87.00 NOTE
r-patched-linux-x86_64 0.3 2.94 34.08 37.01 NOTE
r-patched-solaris-sparc 0.3 423.30 NOTE
r-patched-solaris-x86 0.3 97.80 NOTE
r-release-linux-x86_64 0.3 3.12 34.07 37.20 NOTE
r-release-osx-x86_64-mavericks 0.3 NOTE
r-release-windows-ix86+x86_64 0.3 6.00 60.00 66.00 NOTE
r-oldrel-windows-ix86+x86_64 0.3 11.00 56.00 67.00 OK

Check Details

Version: 0.3
Check: R code for possible problems
Result: NOTE
    bgeva: no visible global function definition for ‘binomial’
    bgeva: no visible global function definition for ‘model.matrix’
    bgeva: no visible global function definition for ‘coef’
    print.summary.bgeva: no visible global function definition for
     ‘printCoefmat’
    summary.bgeva: no visible global function definition for ‘coef’
    summary.bgeva: no visible global function definition for ‘pnorm’
    summary.bgeva: no visible global function definition for ‘pchisq’
    Undefined global functions or variables:
     binomial coef model.matrix pchisq pnorm printCoefmat
    Consider adding
     importFrom("stats", "binomial", "coef", "model.matrix", "pchisq",
     "pnorm", "printCoefmat")
    to your NAMESPACE file.
Flavors: r-devel-linux-x86_64-debian-gcc, r-devel-linux-x86_64-fedora-clang, r-devel-linux-x86_64-fedora-gcc, r-devel-osx-x86_64-clang, r-devel-windows-ix86+x86_64, r-patched-linux-x86_64, r-patched-solaris-sparc, r-patched-solaris-x86, r-release-linux-x86_64, r-release-osx-x86_64-mavericks, r-release-windows-ix86+x86_64