CRAN Package Check Results for Package bgeva

Last updated on 2014-11-29 08:53:13.

Flavor Version Tinstall Tcheck Ttotal Status Flags
r-devel-linux-x86_64-debian-clang 0.2 3.60 36.13 39.73 NOTE
r-devel-linux-x86_64-debian-gcc 0.2 3.34 36.07 39.41 NOTE
r-devel-linux-x86_64-fedora-clang 0.2 94.81 NOTE
r-devel-linux-x86_64-fedora-gcc 0.2 99.69 NOTE
r-devel-osx-x86_64-clang 0.2 86.20 NOTE
r-devel-windows-ix86+x86_64 0.2 10.00 53.00 63.00 NOTE
r-patched-linux-x86_64 0.2 4.28 36.40 40.68 NOTE
r-patched-solaris-sparc 0.2 499.30 NOTE
r-patched-solaris-x86 0.2 123.00 NOTE
r-release-linux-ix86 0.2 3.90 44.00 47.90 NOTE
r-release-linux-x86_64 0.2 3.36 37.30 40.67 NOTE
r-release-osx-x86_64-mavericks 0.2 NOTE
r-release-osx-x86_64-snowleopard 0.2 NOTE
r-release-windows-ix86+x86_64 0.2 11.00 55.00 66.00 NOTE
r-oldrel-windows-ix86+x86_64 0.2 10.00 54.00 64.00 NOTE

Check Details

Version: 0.2
Check: dependencies in R code
Result: NOTE
    Package in Depends field not imported from: ‘mgcv’
     These packages need to be imported from (in the NAMESPACE file)
     for when this namespace is loaded but not attached.
    See the information on DESCRIPTION files in the chapter ‘Creating R
    packages’ of the ‘Writing R Extensions’ manual.
Flavors: r-devel-linux-x86_64-debian-clang, r-devel-linux-x86_64-debian-gcc, r-devel-linux-x86_64-fedora-clang, r-devel-linux-x86_64-fedora-gcc, r-devel-osx-x86_64-clang, r-devel-windows-ix86+x86_64, r-patched-linux-x86_64, r-patched-solaris-sparc, r-patched-solaris-x86, r-release-linux-ix86, r-release-linux-x86_64, r-release-osx-x86_64-mavericks, r-release-windows-ix86+x86_64, r-oldrel-windows-ix86+x86_64

Version: 0.2
Check: R code for possible problems
Result: NOTE
    bgeva: no visible global function definition for ‘gam’
    bgeva: no visible global function definition for ‘magic’
    plot.bgeva: no visible global function definition for ‘plot.gam’
Flavors: r-devel-linux-x86_64-debian-clang, r-devel-linux-x86_64-debian-gcc, r-devel-linux-x86_64-fedora-clang, r-devel-linux-x86_64-fedora-gcc, r-devel-osx-x86_64-clang, r-devel-windows-ix86+x86_64, r-patched-linux-x86_64, r-patched-solaris-sparc, r-patched-solaris-x86, r-release-linux-ix86, r-release-linux-x86_64, r-release-windows-ix86+x86_64

Version: 0.2
Check: dependencies in R code
Result: NOTE
    Package in Depends field not imported from: 'mgcv'
     These packages need to be imported from for the case when
     this namespace is loaded but not attached.
    See the information on DESCRIPTION files in the chapter 'Creating R
    packages' of the 'Writing R Extensions' manual.
Flavor: r-release-osx-x86_64-snowleopard