CRAN Package Check Results for Package bgeva

Last updated on 2016-02-07 03:50:29.

Flavor Version Tinstall Tcheck Ttotal Status Flags
r-devel-linux-x86_64-debian-gcc 0.3 2.72 31.74 34.46 NOTE
r-devel-linux-x86_64-fedora-clang 0.3 70.45 NOTE
r-devel-linux-x86_64-fedora-gcc 0.3 68.31 NOTE
r-devel-osx-x86_64-clang 0.3 75.25 NOTE
r-devel-windows-ix86+x86_64 0.3 8.00 75.00 83.00 NOTE
r-patched-linux-x86_64 0.3 2.99 34.70 37.69 OK
r-patched-solaris-sparc 0.3 447.50 OK
r-patched-solaris-x86 0.3 99.20 OK
r-release-linux-x86_64 0.3 2.86 34.70 37.56 OK
r-release-osx-x86_64-mavericks 0.3 OK
r-release-windows-ix86+x86_64 0.3 7.00 66.00 73.00 OK
r-oldrel-windows-ix86+x86_64 0.3 13.00 75.00 88.00 OK

Check Details

Version: 0.3
Check: R code for possible problems
Result: NOTE
    bgeva: no visible global function definition for ‘binomial’
    bgeva: no visible global function definition for ‘model.matrix’
    bgeva: no visible global function definition for ‘coef’
    print.summary.bgeva: no visible global function definition for
     ‘printCoefmat’
    summary.bgeva: no visible global function definition for ‘coef’
    summary.bgeva: no visible global function definition for ‘pnorm’
    summary.bgeva: no visible global function definition for ‘pchisq’
    Undefined global functions or variables:
     binomial coef model.matrix pchisq pnorm printCoefmat
    Consider adding
     importFrom("stats", "binomial", "coef", "model.matrix", "pchisq",
     "pnorm", "printCoefmat")
    to your NAMESPACE file.
Flavors: r-devel-linux-x86_64-debian-gcc, r-devel-linux-x86_64-fedora-clang, r-devel-linux-x86_64-fedora-gcc, r-devel-osx-x86_64-clang, r-devel-windows-ix86+x86_64