CRAN Package Check Results for Package bgmm

Last updated on 2015-02-28 05:47:55.

Flavor Version Tinstall Tcheck Ttotal Status Flags
r-devel-linux-x86_64-debian-clang 1.7 5.00 45.00 49.99 NOTE
r-devel-linux-x86_64-debian-gcc 1.7 3.67 44.50 48.17 NOTE
r-devel-linux-x86_64-fedora-clang 1.7 104.25 NOTE
r-devel-linux-x86_64-fedora-gcc 1.7 96.74 NOTE
r-devel-osx-x86_64-clang 1.7 88.91 NOTE
r-devel-windows-ix86+x86_64 1.7 16.00 69.00 85.00 OK
r-patched-linux-x86_64 1.7 6.34 62.36 68.69 OK
r-patched-solaris-sparc 1.7 263.40 OK
r-release-linux-ix86 1.7 6.03 78.29 84.32 OK
r-release-linux-x86_64 1.7 6.74 60.81 67.55 OK
r-release-osx-x86_64-mavericks 1.7 OK
r-release-osx-x86_64-snowleopard 1.7 OK
r-release-windows-ix86+x86_64 1.7 19.00 94.00 113.00 OK
r-oldrel-windows-ix86+x86_64 1.7 16.00 90.00 106.00 OK

Check Details

Version: 1.7
Check: S3 generic/method consistency
Result: NOTE
    Found the following apparent S3 methods exported but not registered:
     determinant.numeric plot.mModel plot.mModelList predict.mModel
    See section ‘Registering S3 methods’ in the ‘Writing R Extensions’
    manual.
Flavors: r-devel-linux-x86_64-debian-clang, r-devel-linux-x86_64-debian-gcc, r-devel-linux-x86_64-fedora-clang, r-devel-linux-x86_64-fedora-gcc, r-devel-osx-x86_64-clang