CRAN Package Check Results for Package bgmm

Last updated on 2015-05-29 07:47:19.

Flavor Version Tinstall Tcheck Ttotal Status Flags
r-devel-linux-x86_64-debian-clang 1.7 4.75 46.13 50.88 NOTE
r-devel-linux-x86_64-debian-gcc 1.7 3.73 43.23 46.96 NOTE
r-devel-linux-x86_64-fedora-clang 1.7 105.13 NOTE
r-devel-linux-x86_64-fedora-gcc 1.7 97.84 NOTE
r-devel-osx-x86_64-clang 1.7 87.76 NOTE
r-devel-windows-ix86+x86_64 1.7 11.00 74.00 85.00 OK
r-patched-linux-x86_64 1.7 3.81 43.63 47.44 NOTE
r-patched-solaris-sparc 1.7 608.60 NOTE
r-patched-solaris-x86 1.7 135.80 NOTE
r-release-linux-x86_64 1.7 3.82 45.25 49.07 NOTE
r-release-osx-x86_64-mavericks 1.7 OK
r-release-osx-x86_64-snowleopard 1.7 ERROR
r-release-windows-ix86+x86_64 1.7 12.00 70.00 82.00 OK
r-oldrel-windows-ix86+x86_64 1.7 16.00 91.00 107.00 OK

Check Details

Version: 1.7
Check: S3 generic/method consistency
Result: NOTE
    Found the following apparent S3 methods exported but not registered:
     determinant.numeric plot.mModel plot.mModelList predict.mModel
    See section ‘Registering S3 methods’ in the ‘Writing R Extensions’
    manual.
Flavors: r-devel-linux-x86_64-debian-clang, r-devel-linux-x86_64-debian-gcc, r-devel-linux-x86_64-fedora-clang, r-devel-linux-x86_64-fedora-gcc, r-devel-osx-x86_64-clang, r-patched-linux-x86_64, r-patched-solaris-sparc, r-patched-solaris-x86, r-release-linux-x86_64

Version: 1.7
Check: package dependencies
Result: ERROR
    Package required but not available: ‘car’
    
    See section ‘The DESCRIPTION file’ in the ‘Writing R Extensions’
    manual.
Flavor: r-release-osx-x86_64-snowleopard