CRAN Package Check Results for Package bgmm

Last updated on 2015-04-28 17:46:45.

Flavor Version Tinstall Tcheck Ttotal Status Flags
r-devel-linux-x86_64-debian-clang 1.7 3.86 44.79 48.65 NOTE
r-devel-linux-x86_64-debian-gcc 1.7 3.79 47.30 51.09 NOTE
r-devel-linux-x86_64-fedora-clang 1.7 104.33 NOTE
r-devel-linux-x86_64-fedora-gcc 1.7 96.31 NOTE
r-devel-osx-x86_64-clang 1.7 88.47 NOTE
r-devel-windows-ix86+x86_64 1.7 11.00 68.00 79.00 OK
r-patched-linux-x86_64 1.7 3.75 44.33 48.08 NOTE
r-patched-solaris-sparc 1.7 606.20 OK
r-patched-solaris-x86 1.7 138.20 NOTE
r-release-linux-x86_64 1.7 3.80 43.78 47.58 NOTE
r-release-osx-x86_64-mavericks 1.7 OK
r-release-osx-x86_64-snowleopard 1.7 ERROR
r-release-windows-ix86+x86_64 1.7 11.00 62.00 73.00 OK
r-oldrel-windows-ix86+x86_64 1.7 16.00 96.00 112.00 OK

Check Details

Version: 1.7
Check: S3 generic/method consistency
Result: NOTE
    Found the following apparent S3 methods exported but not registered:
     determinant.numeric plot.mModel plot.mModelList predict.mModel
    See section ‘Registering S3 methods’ in the ‘Writing R Extensions’
    manual.
Flavors: r-devel-linux-x86_64-debian-clang, r-devel-linux-x86_64-debian-gcc, r-devel-linux-x86_64-fedora-clang, r-devel-linux-x86_64-fedora-gcc, r-devel-osx-x86_64-clang, r-patched-linux-x86_64, r-patched-solaris-x86, r-release-linux-x86_64

Version: 1.7
Check: package dependencies
Result: ERROR
    Package required but not available: ‘car’
    
    See section ‘The DESCRIPTION file’ in the ‘Writing R Extensions’
    manual.
Flavor: r-release-osx-x86_64-snowleopard