CRAN Package Check Results for Package bgmm

Last updated on 2014-04-20 09:48:12.

Flavor Version Tinstall Tcheck Ttotal Status Flags
r-devel-linux-x86_64-debian-clang 1.6 1.16 21.05 22.20 NOTE
r-devel-linux-x86_64-debian-gcc 1.6 1.15 21.56 22.71 NOTE
r-devel-linux-x86_64-fedora-clang 1.6 44.36 NOTE
r-devel-linux-x86_64-fedora-gcc 1.6 41.38 NOTE
r-devel-macosx-x86_64-clang 1.6 43.35 NOTE
r-devel-macosx-x86_64-gcc 1.6 ERROR
r-devel-windows-ix86+x86_64 1.6 4.00 31.00 35.00 NOTE
r-patched-linux-x86_64 1.6 1.08 21.33 22.41 NOTE
r-patched-solaris-sparc 1.6 253.60 NOTE
r-patched-solaris-x86 1.6 55.40 NOTE
r-release-linux-ix86 NOTE
r-release-linux-x86_64 1.6 1.08 20.79 21.87 NOTE
r-release-macosx-x86_64 1.6 OK
r-release-windows-ix86+x86_64 1.6 6.00 37.00 43.00 NOTE
r-oldrel-windows-ix86+x86_64 1.6 5.00 33.00 38.00 NOTE

Check Details

Version: 1.6
Check: dependencies in R code
Result: NOTE
    Packages in Depends field not imported from:
     ‘car’ ‘combinat’ ‘lattice’ ‘mvtnorm’
     These packages need to be imported from (in the NAMESPACE file)
     for when this namespace is loaded but not attached.
    See the information on DESCRIPTION files in the chapter ‘Creating R
    packages’ of the ‘Writing R Extensions’ manual.
Flavors: r-devel-linux-x86_64-debian-clang, r-devel-linux-x86_64-debian-gcc, r-devel-linux-x86_64-fedora-clang, r-devel-linux-x86_64-fedora-gcc, r-devel-macosx-x86_64-clang, r-devel-windows-ix86+x86_64, r-patched-linux-x86_64, r-patched-solaris-sparc, r-patched-solaris-x86, r-release-linux-ix86, r-release-linux-x86_64, r-release-windows-ix86+x86_64, r-oldrel-windows-ix86+x86_64

Version: 1.6
Check: package dependencies
Result: ERROR
    Package required but not available: ‘car’
    
    See the information on DESCRIPTION files in the chapter ‘Creating R
    packages’ of the ‘Writing R Extensions’ manual.
Flavor: r-devel-macosx-x86_64-gcc