CRAN Package Check Results for Package bgmm

Last updated on 2015-03-27 15:47:08.

Flavor Version Tinstall Tcheck Ttotal Status Flags
r-devel-linux-x86_64-debian-clang 1.7 3.89 44.80 48.68 NOTE
r-devel-linux-x86_64-debian-gcc 1.7 3.80 43.37 47.17 NOTE
r-devel-linux-x86_64-fedora-clang 1.7 103.55 NOTE
r-devel-linux-x86_64-fedora-gcc 1.7 95.14 NOTE
r-devel-osx-x86_64-clang 1.7 95.71 NOTE
r-prerel-windows-ix86+x86_64 1.7 11.00 69.00 80.00 OK
r-prerel-linux-x86_64 1.7 3.72 43.81 47.53 NOTE
r-prerel-solaris-sparc 1.7 606.20 OK
r-prerel-solaris-x86 1.7 130.40 OK
r-release-linux-x86_64 1.7 6.22 61.12 67.34 OK
r-release-osx-x86_64-mavericks 1.7 OK
r-release-osx-x86_64-snowleopard 1.7 OK
r-release-windows-ix86+x86_64 1.7 16.00 98.00 114.00 OK
r-oldrel-windows-ix86+x86_64 1.7 19.00 91.00 110.00 OK

Check Details

Version: 1.7
Check: S3 generic/method consistency
Result: NOTE
    Found the following apparent S3 methods exported but not registered:
     determinant.numeric plot.mModel plot.mModelList predict.mModel
    See section ‘Registering S3 methods’ in the ‘Writing R Extensions’
    manual.
Flavors: r-devel-linux-x86_64-debian-clang, r-devel-linux-x86_64-debian-gcc, r-devel-linux-x86_64-fedora-clang, r-devel-linux-x86_64-fedora-gcc, r-devel-osx-x86_64-clang, r-prerel-linux-x86_64