CRAN Package Check Results for Package bgmm

Last updated on 2014-11-22 11:49:07.

Flavor Version Tinstall Tcheck Ttotal Status Flags
r-devel-linux-x86_64-debian-clang 1.6 1.05 20.72 21.78 NOTE
r-devel-linux-x86_64-debian-gcc 1.6 1.04 19.96 21.00 NOTE
r-devel-linux-x86_64-fedora-clang 1.6 44.30 NOTE
r-devel-linux-x86_64-fedora-gcc 1.6 41.75 NOTE
r-devel-osx-x86_64-clang 1.6 51.39 NOTE
r-devel-windows-ix86+x86_64 1.6 5.00 35.00 40.00 NOTE
r-patched-linux-x86_64 1.6 1.08 20.93 22.01 NOTE
r-patched-solaris-sparc 1.6 250.60 NOTE
r-patched-solaris-x86 1.6 56.80 NOTE
r-release-linux-ix86 1.6 1.32 27.69 29.02 NOTE
r-release-linux-x86_64 1.6 1.17 20.82 21.99 NOTE
r-release-osx-x86_64-mavericks 1.6 NOTE
r-release-osx-x86_64-snowleopard 1.6 OK
r-release-windows-ix86+x86_64 1.6 7.00 38.00 45.00 NOTE
r-oldrel-windows-ix86+x86_64 1.6 5.00 37.00 42.00 NOTE

Check Details

Version: 1.6
Check: dependencies in R code
Result: NOTE
    Packages in Depends field not imported from:
     ‘car’ ‘combinat’ ‘lattice’ ‘mvtnorm’
     These packages need to be imported from (in the NAMESPACE file)
     for when this namespace is loaded but not attached.
    See the information on DESCRIPTION files in the chapter ‘Creating R
    packages’ of the ‘Writing R Extensions’ manual.
Flavors: r-devel-linux-x86_64-debian-clang, r-devel-linux-x86_64-debian-gcc, r-devel-linux-x86_64-fedora-clang, r-devel-linux-x86_64-fedora-gcc, r-devel-osx-x86_64-clang, r-devel-windows-ix86+x86_64, r-patched-linux-x86_64, r-patched-solaris-sparc, r-patched-solaris-x86, r-release-linux-ix86, r-release-linux-x86_64, r-release-osx-x86_64-mavericks, r-release-windows-ix86+x86_64, r-oldrel-windows-ix86+x86_64

Version: 1.6
Check: R code for possible problems
Result: NOTE
    bgmm.internal: no visible global function definition for ‘permn’
    simulateData: no visible global function definition for ‘rmvnorm’
Flavors: r-devel-linux-x86_64-debian-clang, r-devel-linux-x86_64-debian-gcc, r-devel-linux-x86_64-fedora-clang, r-devel-linux-x86_64-fedora-gcc, r-devel-osx-x86_64-clang, r-devel-windows-ix86+x86_64, r-patched-linux-x86_64, r-patched-solaris-sparc, r-patched-solaris-x86, r-release-linux-ix86, r-release-linux-x86_64, r-release-windows-ix86+x86_64