CRAN Package Check Results for Package bgmm

Last updated on 2015-01-31 05:48:39.

Flavor Version Tinstall Tcheck Ttotal Status Flags
r-devel-linux-x86_64-debian-clang 1.7 0.93 18.72 19.64 NOTE
r-devel-linux-x86_64-debian-gcc 1.7 1.14 17.47 18.61 NOTE
r-devel-linux-x86_64-fedora-clang 1.7 43.10 NOTE
r-devel-linux-x86_64-fedora-gcc 1.7 39.24 NOTE
r-devel-osx-x86_64-clang 1.7 59.29 NOTE
r-devel-windows-ix86+x86_64 1.7 6.00 29.00 35.00 OK
r-patched-linux-x86_64 1.7 1.62 21.82 23.44 OK
r-patched-solaris-sparc 1.7 263.40 OK
r-patched-solaris-x86 1.7 59.80 OK
r-release-linux-ix86 1.7 1.37 28.79 30.16 OK
r-release-linux-x86_64 1.7 1.22 21.63 22.85 OK
r-release-osx-x86_64-mavericks 1.7 OK
r-release-osx-x86_64-snowleopard 1.7 OK
r-release-windows-ix86+x86_64 1.7 5.00 38.00 43.00 OK
r-oldrel-windows-ix86+x86_64 1.7 6.00 40.00 46.00 OK

Check Details

Version: 1.7
Check: S3 generic/method consistency
Result: NOTE
    Found the following apparent S3 methods exported but not registered:
     determinant.numeric plot.mModel plot.mModelList predict.mModel
    See section ‘Registering S3 methods’ in the ‘Writing R Extensions’
    manual.
Flavors: r-devel-linux-x86_64-debian-clang, r-devel-linux-x86_64-debian-gcc, r-devel-linux-x86_64-fedora-clang, r-devel-linux-x86_64-fedora-gcc, r-devel-osx-x86_64-clang