CRAN Package Check Results for Package bgmm

Last updated on 2015-09-03 03:48:17.

Flavor Version Tinstall Tcheck Ttotal Status Flags
r-devel-linux-x86_64-debian-clang 1.7 4.20 44.80 49.00 NOTE
r-devel-linux-x86_64-debian-gcc 1.7 3.72 45.28 49.00 NOTE
r-devel-linux-x86_64-fedora-clang 1.7 100.45 NOTE
r-devel-linux-x86_64-fedora-gcc 1.7 97.06 NOTE
r-devel-osx-x86_64-clang 1.7 78.54 NOTE
r-devel-windows-ix86+x86_64 1.7 19.00 76.00 95.00 NOTE
r-patched-linux-x86_64 1.7 6.70 46.59 53.29 NOTE
r-patched-solaris-sparc 1.7 629.00 NOTE
r-patched-solaris-x86 1.7 143.60 NOTE
r-release-linux-x86_64 1.7 4.15 48.04 52.18 NOTE
r-release-osx-x86_64-mavericks 1.7 OK
r-release-windows-ix86+x86_64 1.7 17.00 74.00 91.00 OK
r-oldrel-windows-ix86+x86_64 1.7 28.00 121.00 149.00 OK

Check Details

Version: 1.7
Check: S3 generic/method consistency
Result: NOTE
    Found the following apparent S3 methods exported but not registered:
     determinant.numeric plot.mModel plot.mModelList predict.mModel
    See section ‘Registering S3 methods’ in the ‘Writing R Extensions’
    manual.
Flavors: r-devel-linux-x86_64-debian-clang, r-devel-linux-x86_64-debian-gcc, r-devel-linux-x86_64-fedora-clang, r-devel-linux-x86_64-fedora-gcc, r-devel-osx-x86_64-clang, r-patched-linux-x86_64, r-patched-solaris-sparc, r-patched-solaris-x86, r-release-linux-x86_64

Version: 1.7
Check: R code for possible problems
Result: NOTE
    DEprobs: no visible global function definition for ‘predict’
    bgmm.e.step: no visible global function definition for ‘dnorm’
    bgmm.m.step: no visible binding for global variable ‘weighted.mean’
    clusterAssigment: no visible global function definition for ‘dist’
    clusterAssigmentMeans: no visible global function definition for ‘dist’
    crossval: no visible global function definition for ‘predict’
    fij.mModel: no visible global function definition for ‘dnorm’
    init.model.params: no visible global function definition for ‘cov’
    init.model.params: no visible global function definition for ‘kmeans’
    init.model.params.HC : <anonymous>: no visible global function
     definition for ‘quantile’
    init.model.params.HC : <anonymous>: no visible global function
     definition for ‘var’
    init.model.params.knowns: no visible global function definition for
     ‘cov’
    plot.1d: no visible global function definition for ‘dnorm’
    plot.1d: no visible global function definition for ‘matplot’
    plot.1d: no visible global function definition for ‘abline’
    plot.1d: no visible global function definition for ‘rug’
    plot.2d: no visible global function definition for ‘prcomp’
    plot.2d: no visible global function definition for ‘predict’
    plot.2d: no visible global function definition for ‘plot’
    plot.2d: no visible global function definition for ‘points’
    plot.2d: no visible global function definition for ‘rgb’
    plotGIC: no visible global function definition for ‘dotchart’
    plotGIC: no visible binding for global variable ‘tail’
    plotGIC: no visible global function definition for ‘mtext’
    plotList.1d: no visible global function definition for ‘par’
    plotList.2d: no visible global function definition for ‘par’
    simulateData: no visible global function definition for ‘rnorm’
    simulateData: no visible global function definition for ‘rexp’
    soft.e.step: no visible global function definition for ‘dnorm’
    Undefined global functions or variables:
     abline cov dist dnorm dotchart kmeans matplot mtext par plot points
     prcomp predict quantile rexp rgb rnorm rug tail var weighted.mean
    Consider adding
     importFrom("grDevices", "rgb")
     importFrom("graphics", "abline", "dotchart", "matplot", "mtext", "par",
     "plot", "points", "rug")
     importFrom("stats", "cov", "dist", "dnorm", "kmeans", "prcomp",
     "predict", "quantile", "rexp", "rnorm", "var",
     "weighted.mean")
     importFrom("utils", "tail")
    to your NAMESPACE.
Flavors: r-devel-linux-x86_64-debian-clang, r-devel-linux-x86_64-debian-gcc, r-devel-linux-x86_64-fedora-clang, r-devel-linux-x86_64-fedora-gcc, r-devel-windows-ix86+x86_64