CRAN Package Check Results for Package bgmm

Last updated on 2015-07-01 13:47:05.

Flavor Version Tinstall Tcheck Ttotal Status Flags
r-devel-linux-x86_64-debian-clang 1.7 4.53 47.15 51.68 NOTE
r-devel-linux-x86_64-debian-gcc 1.7 3.71 43.59 47.30 NOTE
r-devel-linux-x86_64-fedora-clang 1.7 101.16 NOTE
r-devel-linux-x86_64-fedora-gcc 1.7 95.02 NOTE
r-devel-osx-x86_64-clang 1.7 92.76 NOTE
r-devel-windows-ix86+x86_64 1.7 12.00 69.00 81.00 NOTE
r-patched-linux-x86_64 1.7 4.01 45.18 49.19 NOTE
r-patched-solaris-sparc 1.7 608.60 NOTE
r-patched-solaris-x86 1.7 136.20 NOTE
r-release-linux-x86_64 1.7 3.88 44.72 48.60 NOTE
r-release-osx-x86_64-mavericks 1.7 OK
r-release-windows-ix86+x86_64 1.7 11.00 67.00 78.00 OK
r-oldrel-windows-ix86+x86_64 1.7 19.00 103.00 122.00 OK

Check Details

Version: 1.7
Check: S3 generic/method consistency
Result: NOTE
    Found the following apparent S3 methods exported but not registered:
     determinant.numeric plot.mModel plot.mModelList predict.mModel
    See section ‘Registering S3 methods’ in the ‘Writing R Extensions’
    manual.
Flavors: r-devel-linux-x86_64-debian-clang, r-devel-linux-x86_64-debian-gcc, r-devel-linux-x86_64-fedora-clang, r-devel-linux-x86_64-fedora-gcc, r-devel-osx-x86_64-clang, r-patched-linux-x86_64, r-patched-solaris-sparc, r-patched-solaris-x86, r-release-linux-x86_64

Version: 1.7
Check: R code for possible problems
Result: NOTE
    DEprobs: no visible global function definition for ‘predict’
    bgmm.e.step: no visible global function definition for ‘dnorm’
    bgmm.m.step: no visible binding for global variable ‘weighted.mean’
    clusterAssigment: no visible global function definition for ‘dist’
    clusterAssigmentMeans: no visible global function definition for ‘dist’
    crossval: no visible global function definition for ‘predict’
    fij.mModel: no visible global function definition for ‘dnorm’
    init.model.params: no visible global function definition for ‘cov’
    init.model.params: no visible global function definition for ‘kmeans’
    init.model.params.HC : <anonymous>: no visible global function
     definition for ‘quantile’
    init.model.params.HC : <anonymous>: no visible global function
     definition for ‘var’
    init.model.params.knowns: no visible global function definition for
     ‘cov’
    plot.1d: no visible global function definition for ‘dnorm’
    plot.1d: no visible global function definition for ‘matplot’
    plot.1d: no visible global function definition for ‘abline’
    plot.1d: no visible global function definition for ‘rug’
    plot.2d: no visible global function definition for ‘prcomp’
    plot.2d: no visible global function definition for ‘predict’
    plot.2d: no visible global function definition for ‘plot’
    plot.2d: no visible global function definition for ‘points’
    plot.2d: no visible global function definition for ‘rgb’
    plotGIC: no visible global function definition for ‘dotchart’
    plotGIC: no visible binding for global variable ‘tail’
    plotGIC: no visible global function definition for ‘mtext’
    plotList.1d: no visible global function definition for ‘par’
    plotList.2d: no visible global function definition for ‘par’
    simulateData: no visible global function definition for ‘rnorm’
    simulateData: no visible global function definition for ‘rexp’
    soft.e.step: no visible global function definition for ‘dnorm’
Flavors: r-devel-linux-x86_64-debian-clang, r-devel-linux-x86_64-debian-gcc, r-devel-linux-x86_64-fedora-clang, r-devel-linux-x86_64-fedora-gcc, r-devel-windows-ix86+x86_64