CRAN Package Check Results for Package bgmm

Last updated on 2014-09-02 23:47:26.

Flavor Version Tinstall Tcheck Ttotal Status Flags
r-devel-linux-x86_64-debian-clang 1.6 0.96 19.24 20.20 NOTE
r-devel-linux-x86_64-debian-gcc 1.6 1.28 18.66 19.95 NOTE
r-devel-linux-x86_64-fedora-clang 1.6 43.27 NOTE
r-devel-linux-x86_64-fedora-gcc 1.6 38.41 NOTE
r-devel-osx-x86_64-clang 1.6 40.35 NOTE
r-devel-windows-ix86+x86_64 1.6 5.00 32.00 37.00 NOTE
r-patched-linux-x86_64 1.6 1.02 20.97 21.99 NOTE
r-patched-solaris-sparc 1.6 255.10 NOTE
r-patched-solaris-x86 1.6 55.60 NOTE
r-release-linux-ix86 1.6 1.37 28.50 29.86 NOTE
r-release-linux-x86_64 1.6 1.05 20.32 21.37 NOTE
r-release-osx-x86_64-mavericks 1.6 NOTE
r-release-osx-x86_64-snowleopard 1.6 OK
r-release-windows-ix86+x86_64 1.6 5.00 34.00 39.00 NOTE
r-oldrel-windows-ix86+x86_64 1.6 5.00 34.00 39.00 NOTE

Check Details

Version: 1.6
Check: dependencies in R code
Result: NOTE
    Packages in Depends field not imported from:
     ‘car’ ‘combinat’ ‘lattice’ ‘mvtnorm’
     These packages need to be imported from (in the NAMESPACE file)
     for when this namespace is loaded but not attached.
    See the information on DESCRIPTION files in the chapter ‘Creating R
    packages’ of the ‘Writing R Extensions’ manual.
Flavors: r-devel-linux-x86_64-debian-clang, r-devel-linux-x86_64-debian-gcc, r-devel-linux-x86_64-fedora-clang, r-devel-linux-x86_64-fedora-gcc, r-devel-osx-x86_64-clang, r-devel-windows-ix86+x86_64, r-patched-linux-x86_64, r-patched-solaris-sparc, r-patched-solaris-x86, r-release-linux-ix86, r-release-linux-x86_64, r-release-osx-x86_64-mavericks, r-release-windows-ix86+x86_64, r-oldrel-windows-ix86+x86_64

Version: 1.6
Check: R code for possible problems
Result: NOTE
    bgmm.internal: no visible global function definition for ‘permn’
    simulateData: no visible global function definition for ‘rmvnorm’
Flavors: r-devel-linux-x86_64-debian-clang, r-devel-linux-x86_64-debian-gcc, r-devel-linux-x86_64-fedora-clang, r-devel-linux-x86_64-fedora-gcc, r-devel-osx-x86_64-clang, r-devel-windows-ix86+x86_64