CRAN Package Check Results for Package bgmm

Last updated on 2014-12-18 05:48:10.

Flavor Version Tinstall Tcheck Ttotal Status Flags
r-devel-linux-x86_64-debian-clang 1.6 1.04 20.44 21.48 NOTE
r-devel-linux-x86_64-debian-gcc 1.6 1.10 20.07 21.17 NOTE
r-devel-linux-x86_64-fedora-clang 1.6 45.60 NOTE
r-devel-linux-x86_64-fedora-gcc 1.6 42.14 NOTE
r-devel-osx-x86_64-clang 1.6 49.06 NOTE
r-devel-windows-ix86+x86_64 1.6 8.00 37.00 45.00 NOTE
r-patched-linux-x86_64 1.6 1.42 21.28 22.70 NOTE
r-patched-solaris-sparc 1.6 250.60 NOTE
r-patched-solaris-x86 1.6 57.90 NOTE
r-release-linux-ix86 1.6 1.34 28.07 29.41 NOTE
r-release-linux-x86_64 1.6 1.06 20.71 21.77 NOTE
r-release-osx-x86_64-mavericks 1.6 NOTE
r-release-osx-x86_64-snowleopard 1.6 OK
r-release-windows-ix86+x86_64 1.6 6.00 36.00 42.00 NOTE
r-oldrel-windows-ix86+x86_64 1.6 6.00 37.00 43.00 NOTE

Check Details

Version: 1.6
Check: dependencies in R code
Result: NOTE
    Packages in Depends field not imported from:
     ‘car’ ‘combinat’ ‘lattice’ ‘mvtnorm’
     These packages need to be imported from (in the NAMESPACE file)
     for when this namespace is loaded but not attached.
    See the information on DESCRIPTION files in the chapter ‘Creating R
    packages’ of the ‘Writing R Extensions’ manual.
Flavors: r-devel-linux-x86_64-debian-clang, r-devel-linux-x86_64-debian-gcc, r-devel-linux-x86_64-fedora-clang, r-devel-linux-x86_64-fedora-gcc, r-devel-osx-x86_64-clang, r-devel-windows-ix86+x86_64, r-patched-linux-x86_64, r-patched-solaris-sparc, r-patched-solaris-x86, r-release-linux-ix86, r-release-linux-x86_64, r-release-osx-x86_64-mavericks, r-release-windows-ix86+x86_64, r-oldrel-windows-ix86+x86_64

Version: 1.6
Check: R code for possible problems
Result: NOTE
    bgmm.internal: no visible global function definition for ‘permn’
    simulateData: no visible global function definition for ‘rmvnorm’
Flavors: r-devel-linux-x86_64-debian-clang, r-devel-linux-x86_64-debian-gcc, r-devel-linux-x86_64-fedora-clang, r-devel-linux-x86_64-fedora-gcc, r-devel-osx-x86_64-clang, r-devel-windows-ix86+x86_64, r-patched-linux-x86_64, r-patched-solaris-sparc, r-patched-solaris-x86, r-release-linux-ix86, r-release-linux-x86_64, r-release-windows-ix86+x86_64