CRAN Package Check Results for Package bhrcr

Last updated on 2019-06-17 10:48:05 CEST.

Flavor Version Tinstall Tcheck Ttotal Status Flags
r-devel-linux-x86_64-debian-clang 1.0.3 13.01 116.39 129.40 NOTE
r-devel-linux-x86_64-debian-gcc 1.0.3 12.70 89.65 102.35 NOTE
r-devel-linux-x86_64-fedora-clang 1.0.3 152.11 NOTE
r-devel-linux-x86_64-fedora-gcc 1.0.3 145.05 NOTE
r-devel-windows-ix86+x86_64 1.0.3 39.00 176.00 215.00 OK
r-patched-linux-x86_64 1.0.3 14.99 112.77 127.76 OK
r-patched-solaris-x86 1.0.3 224.40 OK
r-release-linux-x86_64 1.0.3 13.40 112.97 126.37 OK
r-release-windows-ix86+x86_64 1.0.3 28.00 173.00 201.00 OK
r-release-osx-x86_64 1.0.3 OK
r-oldrel-windows-ix86+x86_64 1.0.3 21.00 165.00 186.00 OK
r-oldrel-osx-x86_64 1.0.3 OK

Check Details

Version: 1.0.3
Check: for non-standard things in the check directory
Result: NOTE
    Found the following files/directories:
     'PceEstimates' 'mcmcDiagnostics' 'output.csv' 'plots'
Flavors: r-devel-linux-x86_64-debian-clang, r-devel-linux-x86_64-debian-gcc, r-devel-linux-x86_64-fedora-clang, r-devel-linux-x86_64-fedora-gcc