CRAN Package Check Results for Package biasbetareg

Last updated on 2015-05-26 15:47:23.

Flavor Version Tinstall Tcheck Ttotal Status Flags
r-devel-linux-x86_64-debian-clang 1.0 1.97 17.61 19.58 NOTE
r-devel-linux-x86_64-debian-gcc 1.0 1.65 17.03 18.68 NOTE
r-devel-linux-x86_64-fedora-clang 1.0 39.81 NOTE
r-devel-linux-x86_64-fedora-gcc 1.0 37.88 NOTE
r-devel-osx-x86_64-clang 1.0 37.99 NOTE
r-devel-windows-ix86+x86_64 1.0 5.00 27.00 32.00 NOTE
r-patched-linux-x86_64 1.0 1.47 16.97 18.44 NOTE
r-patched-solaris-sparc 1.0 232.30 NOTE
r-patched-solaris-x86 1.0 51.80 NOTE
r-release-linux-x86_64 1.0 2.11 18.14 20.24 NOTE
r-release-osx-x86_64-mavericks 1.0 NOTE
r-release-osx-x86_64-snowleopard 1.0 ERROR
r-release-windows-ix86+x86_64 1.0 5.00 28.00 33.00 NOTE
r-oldrel-windows-ix86+x86_64 1.0 7.00 42.00 49.00 NOTE

Check Details

Version: 1.0
Check: dependencies in R code
Result: NOTE
    Package in Depends field not imported from: ‘betareg’
     These packages need to be imported from (in the NAMESPACE file)
     for when this namespace is loaded but not attached.
Flavors: r-devel-linux-x86_64-debian-clang, r-devel-linux-x86_64-debian-gcc, r-devel-linux-x86_64-fedora-clang, r-devel-linux-x86_64-fedora-gcc, r-devel-osx-x86_64-clang, r-devel-windows-ix86+x86_64, r-patched-linux-x86_64, r-patched-solaris-sparc, r-patched-solaris-x86, r-release-linux-x86_64, r-release-osx-x86_64-mavericks, r-release-windows-ix86+x86_64, r-oldrel-windows-ix86+x86_64

Version: 1.0
Check: package dependencies
Result: ERROR
    Package required but not available: ‘betareg’
    
    See section ‘The DESCRIPTION file’ in the ‘Writing R Extensions’
    manual.
Flavor: r-release-osx-x86_64-snowleopard