CRAN Package Check Results for Package biasbetareg

Last updated on 2016-06-29 23:51:17.

Flavor Version Tinstall Tcheck Ttotal Status Flags
r-devel-linux-x86_64-debian-gcc 1.0 1.63 18.39 20.02 NOTE
r-devel-linux-x86_64-fedora-clang 1.0 33.35 NOTE
r-devel-linux-x86_64-fedora-gcc 1.0 33.13 NOTE
r-devel-osx-x86_64-clang 1.0 28.89 NOTE
r-devel-windows-ix86+x86_64 1.0 5.00 51.00 56.00 NOTE
r-patched-linux-x86_64 1.0 1.80 17.79 19.59 NOTE
r-patched-solaris-sparc 1.0 201.60 NOTE
r-patched-solaris-x86 1.0 45.70 NOTE
r-release-linux-x86_64 1.0 1.49 17.13 18.61 NOTE
r-release-osx-x86_64-mavericks 1.0 NOTE
r-release-windows-ix86+x86_64 1.0 6.00 60.00 66.00 NOTE
r-oldrel-windows-ix86+x86_64 1.0 9.00 31.00 40.00 NOTE

Check Details

Version: 1.0
Check: dependencies in R code
Result: NOTE
    Package in Depends field not imported from: ‘betareg’
     These packages need to be imported from (in the NAMESPACE file)
     for when this namespace is loaded but not attached.
Flavors: r-devel-linux-x86_64-debian-gcc, r-devel-linux-x86_64-fedora-clang, r-devel-linux-x86_64-fedora-gcc, r-devel-osx-x86_64-clang, r-devel-windows-ix86+x86_64, r-patched-linux-x86_64, r-patched-solaris-sparc, r-patched-solaris-x86, r-release-linux-x86_64, r-release-osx-x86_64-mavericks, r-release-windows-ix86+x86_64, r-oldrel-windows-ix86+x86_64

Version: 1.0
Check: R code for possible problems
Result: NOTE
    bias: no visible global function definition for ‘predict’
    bias: no visible global function definition for ‘pnorm’
    bias: no visible global function definition for ‘model.matrix’
    Undefined global functions or variables:
     model.matrix pnorm predict
    Consider adding
     importFrom("stats", "model.matrix", "pnorm", "predict")
    to your NAMESPACE file.
Flavors: r-devel-linux-x86_64-debian-gcc, r-devel-linux-x86_64-fedora-clang, r-devel-linux-x86_64-fedora-gcc, r-devel-osx-x86_64-clang, r-devel-windows-ix86+x86_64, r-patched-linux-x86_64, r-patched-solaris-sparc, r-patched-solaris-x86, r-release-linux-x86_64, r-release-osx-x86_64-mavericks, r-release-windows-ix86+x86_64