CRAN Package Check Results for Package biasbetareg

Last updated on 2015-03-03 12:50:29.

Flavor Version Tinstall Tcheck Ttotal Status Flags
r-devel-linux-x86_64-debian-clang 1.0 2.06 18.10 20.17 NOTE
r-devel-linux-x86_64-debian-gcc 1.0 1.95 16.95 18.90 NOTE
r-devel-linux-x86_64-fedora-clang 1.0 40.38 NOTE
r-devel-linux-x86_64-fedora-gcc 1.0 37.10 NOTE
r-devel-osx-x86_64-clang 1.0 38.78 NOTE
r-devel-windows-ix86+x86_64 1.0 8.00 37.00 45.00 NOTE
r-patched-linux-x86_64 1.0 2.20 24.30 26.50 NOTE
r-patched-solaris-sparc 1.0 318.20 NOTE
r-patched-solaris-x86 1.0 71.70 NOTE
r-release-linux-ix86 1.0 2.48 34.00 36.48 NOTE
r-release-linux-x86_64 1.0 3.00 24.37 27.37 NOTE
r-release-osx-x86_64-mavericks 1.0 NOTE
r-release-osx-x86_64-snowleopard 1.0 OK
r-release-windows-ix86+x86_64 1.0 11.00 54.00 65.00 NOTE
r-oldrel-windows-ix86+x86_64 1.0 8.00 42.00 50.00 NOTE

Check Details

Version: 1.0
Check: dependencies in R code
Result: NOTE
    Package in Depends field not imported from: ‘betareg’
     These packages need to be imported from (in the NAMESPACE file)
     for when this namespace is loaded but not attached.
Flavors: r-devel-linux-x86_64-debian-clang, r-devel-linux-x86_64-debian-gcc, r-devel-linux-x86_64-fedora-clang, r-devel-linux-x86_64-fedora-gcc, r-devel-osx-x86_64-clang, r-devel-windows-ix86+x86_64, r-patched-linux-x86_64, r-patched-solaris-sparc, r-patched-solaris-x86

Version: 1.0
Check: dependencies in R code
Result: NOTE
    Package in Depends field not imported from: ‘betareg’
     These packages need to be imported from (in the NAMESPACE file)
     for when this namespace is loaded but not attached.
    See the information on DESCRIPTION files in the chapter ‘Creating R
    packages’ of the ‘Writing R Extensions’ manual.
Flavors: r-release-linux-ix86, r-release-linux-x86_64, r-release-osx-x86_64-mavericks, r-release-windows-ix86+x86_64, r-oldrel-windows-ix86+x86_64