CRAN Package Check Results for Package biasbetareg

Last updated on 2016-02-08 09:49:24.

Flavor Version Tinstall Tcheck Ttotal Status Flags
r-devel-linux-x86_64-debian-gcc 1.0 1.41 16.44 17.85 NOTE
r-devel-linux-x86_64-fedora-clang 1.0 34.00 NOTE
r-devel-linux-x86_64-fedora-gcc 1.0 32.92 NOTE
r-devel-osx-x86_64-clang 1.0 38.26 NOTE
r-devel-windows-ix86+x86_64 1.0 7.00 33.00 40.00 NOTE
r-patched-linux-x86_64 1.0 1.58 17.48 19.05 NOTE
r-patched-solaris-sparc 1.0 227.30 NOTE
r-patched-solaris-x86 1.0 48.50 NOTE
r-release-linux-x86_64 1.0 1.57 17.57 19.14 NOTE
r-release-osx-x86_64-mavericks 1.0 NOTE
r-release-windows-ix86+x86_64 1.0 7.00 31.00 38.00 NOTE
r-oldrel-windows-ix86+x86_64 1.0 11.00 43.00 54.00 NOTE

Check Details

Version: 1.0
Check: dependencies in R code
Result: NOTE
    Package in Depends field not imported from: ‘betareg’
     These packages need to be imported from (in the NAMESPACE file)
     for when this namespace is loaded but not attached.
Flavors: r-devel-linux-x86_64-debian-gcc, r-devel-linux-x86_64-fedora-clang, r-devel-linux-x86_64-fedora-gcc, r-devel-osx-x86_64-clang, r-devel-windows-ix86+x86_64, r-patched-linux-x86_64, r-patched-solaris-sparc, r-patched-solaris-x86, r-release-linux-x86_64, r-release-osx-x86_64-mavericks, r-release-windows-ix86+x86_64, r-oldrel-windows-ix86+x86_64

Version: 1.0
Check: R code for possible problems
Result: NOTE
    bias: no visible global function definition for ‘predict’
    bias: no visible global function definition for ‘pnorm’
    bias: no visible global function definition for ‘model.matrix’
    Undefined global functions or variables:
     model.matrix pnorm predict
    Consider adding
     importFrom("stats", "model.matrix", "pnorm", "predict")
    to your NAMESPACE file.
Flavors: r-devel-linux-x86_64-debian-gcc, r-devel-linux-x86_64-fedora-clang, r-devel-linux-x86_64-fedora-gcc, r-devel-osx-x86_64-clang, r-devel-windows-ix86+x86_64