CRAN Package Check Results for Package biasbetareg

Last updated on 2017-08-18 17:47:35.

Flavor Version Tinstall Tcheck Ttotal Status Flags
r-devel-linux-x86_64-debian-clang 1.0 1.55 22.40 23.95 NOTE
r-devel-linux-x86_64-debian-gcc 1.0 1.71 20.92 22.63 NOTE
r-devel-linux-x86_64-fedora-clang 1.0 43.96 NOTE
r-devel-linux-x86_64-fedora-gcc 1.0 49.36 NOTE
r-devel-windows-ix86+x86_64 1.0 5.00 44.00 49.00 NOTE
r-patched-linux-x86_64 1.0 1.58 21.75 23.32 NOTE
r-patched-solaris-x86 1.0 59.10 NOTE
r-release-linux-x86_64 1.0 1.54 21.12 22.66 NOTE
r-release-windows-ix86+x86_64 1.0 7.00 41.00 48.00 NOTE
r-release-osx-x86_64 1.0 NOTE
r-oldrel-windows-ix86+x86_64 1.0 4.00 50.00 54.00 NOTE
r-oldrel-osx-x86_64 1.0 NOTE

Check Details

Version: 1.0
Check: dependencies in R code
Result: NOTE
    Package in Depends field not imported from: ‘betareg’
     These packages need to be imported from (in the NAMESPACE file)
     for when this namespace is loaded but not attached.
Flavors: r-devel-linux-x86_64-debian-clang, r-devel-linux-x86_64-debian-gcc, r-devel-linux-x86_64-fedora-clang, r-devel-linux-x86_64-fedora-gcc, r-devel-windows-ix86+x86_64, r-patched-linux-x86_64, r-patched-solaris-x86, r-release-linux-x86_64, r-release-windows-ix86+x86_64, r-release-osx-x86_64, r-oldrel-windows-ix86+x86_64, r-oldrel-osx-x86_64

Version: 1.0
Check: R code for possible problems
Result: NOTE
    bias: no visible global function definition for ‘predict’
    bias: no visible global function definition for ‘pnorm’
    bias: no visible global function definition for ‘model.matrix’
    Undefined global functions or variables:
     model.matrix pnorm predict
    Consider adding
     importFrom("stats", "model.matrix", "pnorm", "predict")
    to your NAMESPACE file.
Flavors: r-devel-linux-x86_64-debian-clang, r-devel-linux-x86_64-debian-gcc, r-devel-linux-x86_64-fedora-clang, r-devel-linux-x86_64-fedora-gcc, r-devel-windows-ix86+x86_64, r-patched-linux-x86_64, r-patched-solaris-x86, r-release-linux-x86_64, r-release-windows-ix86+x86_64, r-release-osx-x86_64, r-oldrel-windows-ix86+x86_64, r-oldrel-osx-x86_64