CRAN Package Check Results for Package biasbetareg

Last updated on 2018-02-24 12:47:50 CET.

Flavor Version Tinstall Tcheck Ttotal Status Flags
r-devel-linux-x86_64-debian-clang 1.0 2.42 30.14 32.56 NOTE
r-devel-linux-x86_64-debian-gcc 1.0 2.26 24.04 26.30 NOTE
r-devel-linux-x86_64-fedora-clang 1.0 39.21 NOTE
r-devel-linux-x86_64-fedora-gcc 1.0 38.95 NOTE
r-devel-windows-ix86+x86_64 1.0 6.00 55.00 61.00 NOTE
r-patched-linux-x86_64 1.0 2.59 32.19 34.78 NOTE
r-patched-solaris-x86 1.0 56.70 NOTE
r-release-linux-x86_64 1.0 2.74 32.36 35.10 NOTE
r-release-windows-ix86+x86_64 1.0 10.00 60.00 70.00 NOTE
r-release-osx-x86_64 1.0 NOTE
r-oldrel-windows-ix86+x86_64 1.0 5.00 48.00 53.00 NOTE
r-oldrel-osx-x86_64 1.0 NOTE

Check Details

Version: 1.0
Check: dependencies in R code
Result: NOTE
    Package in Depends field not imported from: ‘betareg’
     These packages need to be imported from (in the NAMESPACE file)
     for when this namespace is loaded but not attached.
Flavors: r-devel-linux-x86_64-debian-clang, r-devel-linux-x86_64-debian-gcc, r-devel-linux-x86_64-fedora-clang, r-devel-linux-x86_64-fedora-gcc, r-devel-windows-ix86+x86_64, r-patched-linux-x86_64, r-patched-solaris-x86, r-release-linux-x86_64, r-release-windows-ix86+x86_64, r-release-osx-x86_64, r-oldrel-windows-ix86+x86_64, r-oldrel-osx-x86_64

Version: 1.0
Check: R code for possible problems
Result: NOTE
    bias: no visible global function definition for ‘predict’
    bias: no visible global function definition for ‘pnorm’
    bias: no visible global function definition for ‘model.matrix’
    Undefined global functions or variables:
     model.matrix pnorm predict
    Consider adding
     importFrom("stats", "model.matrix", "pnorm", "predict")
    to your NAMESPACE file.
Flavors: r-devel-linux-x86_64-debian-clang, r-devel-linux-x86_64-debian-gcc, r-devel-linux-x86_64-fedora-clang, r-devel-linux-x86_64-fedora-gcc, r-devel-windows-ix86+x86_64, r-patched-linux-x86_64, r-patched-solaris-x86, r-release-linux-x86_64, r-release-windows-ix86+x86_64, r-release-osx-x86_64, r-oldrel-windows-ix86+x86_64, r-oldrel-osx-x86_64