CRAN Package Check Results for Package biasbetareg

Last updated on 2017-03-27 21:48:31.

Flavor Version Tinstall Tcheck Ttotal Status Flags
r-devel-linux-x86_64-debian-clang 1.0 1.54 21.36 22.90 NOTE
r-devel-linux-x86_64-debian-gcc 1.0 1.62 20.53 22.15 NOTE
r-devel-linux-x86_64-fedora-clang 1.0 49.40 NOTE --no-stop-on-test-error
r-devel-linux-x86_64-fedora-gcc 1.0 42.36 NOTE --no-stop-on-test-error
r-devel-macos-x86_64-clang 1.0 32.32 NOTE --no-stop-on-test-error
r-devel-windows-ix86+x86_64 1.0 4.00 39.00 43.00 NOTE
r-patched-linux-x86_64 1.0 1.68 20.76 22.44 NOTE
r-patched-solaris-sparc 1.0 230.20 NOTE
r-patched-solaris-x86 1.0 54.20 NOTE
r-release-linux-x86_64 1.0 1.38 16.88 18.26 NOTE
r-release-osx-x86_64-mavericks 1.0 NOTE
r-release-windows-ix86+x86_64 1.0 7.00 35.00 42.00 NOTE
r-oldrel-windows-ix86+x86_64 1.0 4.00 33.00 37.00 NOTE

Check Details

Version: 1.0
Check: dependencies in R code
Result: NOTE
    Package in Depends field not imported from: ‘betareg’
     These packages need to be imported from (in the NAMESPACE file)
     for when this namespace is loaded but not attached.
Flavors: r-devel-linux-x86_64-debian-clang, r-devel-linux-x86_64-debian-gcc, r-devel-windows-ix86+x86_64, r-patched-linux-x86_64, r-patched-solaris-sparc, r-patched-solaris-x86, r-release-linux-x86_64, r-release-osx-x86_64-mavericks, r-release-windows-ix86+x86_64, r-oldrel-windows-ix86+x86_64

Version: 1.0
Check: R code for possible problems
Result: NOTE
    bias: no visible global function definition for ‘predict’
    bias: no visible global function definition for ‘pnorm’
    bias: no visible global function definition for ‘model.matrix’
    Undefined global functions or variables:
     model.matrix pnorm predict
    Consider adding
     importFrom("stats", "model.matrix", "pnorm", "predict")
    to your NAMESPACE file.
Flavors: r-devel-linux-x86_64-debian-clang, r-devel-linux-x86_64-debian-gcc, r-devel-windows-ix86+x86_64, r-patched-linux-x86_64, r-patched-solaris-sparc, r-patched-solaris-x86, r-release-linux-x86_64, r-release-osx-x86_64-mavericks, r-release-windows-ix86+x86_64

Version: 1.0
Flags: --no-stop-on-test-error
Check: dependencies in R code
Result: NOTE
    Package in Depends field not imported from: ‘betareg’
     These packages need to be imported from (in the NAMESPACE file)
     for when this namespace is loaded but not attached.
Flavors: r-devel-linux-x86_64-fedora-clang, r-devel-linux-x86_64-fedora-gcc, r-devel-macos-x86_64-clang

Version: 1.0
Flags: --no-stop-on-test-error
Check: R code for possible problems
Result: NOTE
    bias: no visible global function definition for ‘predict’
    bias: no visible global function definition for ‘pnorm’
    bias: no visible global function definition for ‘model.matrix’
    Undefined global functions or variables:
     model.matrix pnorm predict
    Consider adding
     importFrom("stats", "model.matrix", "pnorm", "predict")
    to your NAMESPACE file.
Flavors: r-devel-linux-x86_64-fedora-clang, r-devel-linux-x86_64-fedora-gcc, r-devel-macos-x86_64-clang