CRAN Package Check Results for Package biasbetareg

Last updated on 2015-06-30 19:47:38.

Flavor Version Tinstall Tcheck Ttotal Status Flags
r-devel-linux-x86_64-debian-clang 1.0 1.45 18.35 19.80 NOTE
r-devel-linux-x86_64-debian-gcc 1.0 1.80 17.12 18.91 NOTE
r-devel-linux-x86_64-fedora-clang 1.0 37.52 NOTE
r-devel-linux-x86_64-fedora-gcc 1.0 35.16 NOTE
r-devel-osx-x86_64-clang 1.0 37.11 NOTE
r-devel-windows-ix86+x86_64 1.0 5.00 29.00 34.00 NOTE
r-patched-linux-x86_64 1.0 1.51 17.42 18.93 NOTE
r-patched-solaris-sparc 1.0 232.30 NOTE
r-patched-solaris-x86 1.0 52.10 NOTE
r-release-linux-x86_64 1.0 1.87 18.02 19.90 NOTE
r-release-osx-x86_64-mavericks 1.0 NOTE
r-release-windows-ix86+x86_64 1.0 7.00 30.00 37.00 NOTE
r-oldrel-windows-ix86+x86_64 1.0 9.00 64.00 73.00 NOTE

Check Details

Version: 1.0
Check: dependencies in R code
Result: NOTE
    Package in Depends field not imported from: ‘betareg’
     These packages need to be imported from (in the NAMESPACE file)
     for when this namespace is loaded but not attached.
Flavors: r-devel-linux-x86_64-debian-clang, r-devel-linux-x86_64-debian-gcc, r-devel-linux-x86_64-fedora-clang, r-devel-linux-x86_64-fedora-gcc, r-devel-osx-x86_64-clang, r-devel-windows-ix86+x86_64, r-patched-linux-x86_64, r-patched-solaris-sparc, r-patched-solaris-x86, r-release-linux-x86_64, r-release-osx-x86_64-mavericks, r-release-windows-ix86+x86_64, r-oldrel-windows-ix86+x86_64

Version: 1.0
Check: R code for possible problems
Result: NOTE
    bias: no visible global function definition for ‘predict’
    bias: no visible global function definition for ‘pnorm’
    bias: no visible global function definition for ‘model.matrix’
Flavors: r-devel-linux-x86_64-debian-clang, r-devel-linux-x86_64-debian-gcc, r-devel-linux-x86_64-fedora-clang, r-devel-windows-ix86+x86_64