CRAN Package Check Results for Package biasbetareg

Last updated on 2014-10-25 01:49:36.

Flavor Version Tinstall Tcheck Ttotal Status Flags
r-devel-linux-x86_64-debian-clang 1.0 2.01 23.72 25.73 NOTE
r-devel-linux-x86_64-debian-gcc 1.0 1.96 24.13 26.09 NOTE
r-devel-linux-x86_64-fedora-clang 1.0 56.35 NOTE
r-devel-linux-x86_64-fedora-gcc 1.0 58.25 NOTE
r-devel-osx-x86_64-clang 1.0 55.84 NOTE
r-devel-windows-ix86+x86_64 1.0 6.00 36.00 42.00 NOTE
r-patched-linux-x86_64 1.0 2.87 24.86 27.72 NOTE
r-patched-solaris-sparc 1.0 339.70 NOTE
r-patched-solaris-x86 1.0 71.40 NOTE
r-release-linux-ix86 1.0 2.61 32.54 35.15 NOTE
r-release-linux-x86_64 1.0 2.32 25.66 27.98 NOTE
r-release-osx-x86_64-mavericks 1.0 NOTE
r-release-osx-x86_64-snowleopard 1.0 OK
r-release-windows-ix86+x86_64 1.0 8.00 39.00 47.00 NOTE
r-oldrel-windows-ix86+x86_64 1.0 7.00 40.00 47.00 NOTE

Check Details

Version: 1.0
Check: dependencies in R code
Result: NOTE
    Package in Depends field not imported from: ‘betareg’
     These packages need to be imported from (in the NAMESPACE file)
     for when this namespace is loaded but not attached.
    See the information on DESCRIPTION files in the chapter ‘Creating R
    packages’ of the ‘Writing R Extensions’ manual.
Flavors: r-devel-linux-x86_64-debian-clang, r-devel-linux-x86_64-debian-gcc, r-devel-linux-x86_64-fedora-clang, r-devel-linux-x86_64-fedora-gcc, r-devel-osx-x86_64-clang, r-devel-windows-ix86+x86_64, r-patched-linux-x86_64, r-patched-solaris-sparc, r-patched-solaris-x86, r-release-linux-ix86, r-release-linux-x86_64, r-release-osx-x86_64-mavericks, r-release-windows-ix86+x86_64, r-oldrel-windows-ix86+x86_64