CRAN Package Check Results for Package biasbetareg

Last updated on 2016-09-27 23:48:56.

Flavor Version Tinstall Tcheck Ttotal Status Flags
r-devel-linux-x86_64-debian-clang 1.0 1.36 16.57 17.93 NOTE
r-devel-linux-x86_64-debian-gcc 1.0 1.42 16.70 18.12 NOTE
r-devel-linux-x86_64-fedora-clang 1.0 33.20 NOTE
r-devel-linux-x86_64-fedora-gcc 1.0 31.59 NOTE
r-devel-macos-x86_64-clang 1.0 27.29 NOTE
r-devel-windows-ix86+x86_64 1.0 8.00 52.00 60.00 NOTE
r-patched-linux-x86_64 1.0 1.36 17.07 18.43 NOTE
r-patched-solaris-sparc 1.0 201.60 NOTE
r-patched-solaris-x86 1.0 45.00 NOTE
r-release-linux-x86_64 1.0 1.42 17.37 18.79 NOTE
r-release-osx-x86_64-mavericks 1.0 NOTE
r-release-windows-ix86+x86_64 1.0 6.00 50.00 56.00 NOTE
r-oldrel-windows-ix86+x86_64 1.0 6.00 48.00 54.00 NOTE

Check Details

Version: 1.0
Check: dependencies in R code
Result: NOTE
    Package in Depends field not imported from: ‘betareg’
     These packages need to be imported from (in the NAMESPACE file)
     for when this namespace is loaded but not attached.
Flavors: r-devel-linux-x86_64-debian-clang, r-devel-linux-x86_64-debian-gcc, r-devel-linux-x86_64-fedora-clang, r-devel-linux-x86_64-fedora-gcc, r-devel-macos-x86_64-clang, r-devel-windows-ix86+x86_64, r-patched-linux-x86_64, r-patched-solaris-sparc, r-patched-solaris-x86, r-release-linux-x86_64, r-release-osx-x86_64-mavericks, r-release-windows-ix86+x86_64, r-oldrel-windows-ix86+x86_64

Version: 1.0
Check: R code for possible problems
Result: NOTE
    bias: no visible global function definition for ‘predict’
    bias: no visible global function definition for ‘pnorm’
    bias: no visible global function definition for ‘model.matrix’
    Undefined global functions or variables:
     model.matrix pnorm predict
    Consider adding
     importFrom("stats", "model.matrix", "pnorm", "predict")
    to your NAMESPACE file.
Flavors: r-devel-linux-x86_64-debian-clang, r-devel-linux-x86_64-debian-gcc, r-devel-linux-x86_64-fedora-clang, r-devel-linux-x86_64-fedora-gcc, r-devel-macos-x86_64-clang, r-devel-windows-ix86+x86_64, r-patched-linux-x86_64, r-patched-solaris-sparc, r-patched-solaris-x86, r-release-linux-x86_64, r-release-osx-x86_64-mavericks, r-release-windows-ix86+x86_64