CRAN Package Check Results for Package biasbetareg

Last updated on 2014-07-24 21:48:40.

Flavor Version Tinstall Tcheck Ttotal Status Flags
r-devel-linux-x86_64-debian-clang 1.0 2.10 24.58 26.68 NOTE
r-devel-linux-x86_64-debian-gcc 1.0 2.02 23.99 26.01 NOTE
r-devel-linux-x86_64-fedora-clang 1.0 60.69 NOTE
r-devel-linux-x86_64-fedora-gcc 1.0 59.19 NOTE
r-devel-osx-x86_64-clang 1.0 51.69 NOTE
r-devel-windows-ix86+x86_64 1.0 7.00 38.00 45.00 NOTE
r-patched-linux-x86_64 1.0 2.36 24.58 26.94 NOTE
r-patched-solaris-sparc 1.0 333.70 NOTE
r-patched-solaris-x86 1.0 71.90 NOTE
r-release-linux-ix86 1.0 2.62 32.98 35.60 NOTE
r-release-linux-x86_64 1.0 3.07 26.15 29.22 NOTE
r-release-osx-x86_64-mavericks 1.0 NOTE
r-release-osx-x86_64-snowleopard 1.0 OK
r-release-windows-ix86+x86_64 1.0 7.00 43.00 50.00 NOTE
r-oldrel-windows-ix86+x86_64 1.0 8.00 41.00 49.00 NOTE

Check Details

Version: 1.0
Check: dependencies in R code
Result: NOTE
    Package in Depends field not imported from: ‘betareg’
     These packages need to be imported from (in the NAMESPACE file)
     for when this namespace is loaded but not attached.
    See the information on DESCRIPTION files in the chapter ‘Creating R
    packages’ of the ‘Writing R Extensions’ manual.
Flavors: r-devel-linux-x86_64-debian-clang, r-devel-linux-x86_64-debian-gcc, r-devel-linux-x86_64-fedora-clang, r-devel-linux-x86_64-fedora-gcc, r-devel-osx-x86_64-clang, r-devel-windows-ix86+x86_64, r-patched-linux-x86_64, r-patched-solaris-sparc, r-patched-solaris-x86, r-release-linux-ix86, r-release-linux-x86_64, r-release-osx-x86_64-mavericks, r-release-windows-ix86+x86_64, r-oldrel-windows-ix86+x86_64