CRAN Package Check Results for Package biasbetareg

Last updated on 2016-12-10 12:53:31.

Flavor Version Tinstall Tcheck Ttotal Status Flags
r-devel-linux-x86_64-debian-clang 1.0 1.58 20.77 22.35 NOTE
r-devel-linux-x86_64-debian-gcc 1.0 1.68 20.81 22.48 NOTE
r-devel-linux-x86_64-fedora-clang 1.0 42.89 NOTE --no-stop-on-test-error
r-devel-linux-x86_64-fedora-gcc 1.0 40.69 NOTE --no-stop-on-test-error
r-devel-macos-x86_64-clang 1.0 32.59 NOTE --no-stop-on-test-error
r-devel-windows-ix86+x86_64 1.0 5.00 62.00 67.00 NOTE
r-patched-linux-x86_64 1.0 1.37 16.77 18.13 NOTE
r-patched-solaris-sparc 1.0 201.60 NOTE
r-patched-solaris-x86 1.0 45.20 NOTE
r-release-linux-x86_64 1.0 1.44 16.94 18.38 NOTE
r-release-osx-x86_64-mavericks 1.0 NOTE
r-release-windows-ix86+x86_64 1.0 7.00 36.00 43.00 NOTE
r-oldrel-windows-ix86+x86_64 1.0 6.00 35.00 41.00 NOTE

Check Details

Version: 1.0
Check: dependencies in R code
Result: NOTE
    Package in Depends field not imported from: ‘betareg’
     These packages need to be imported from (in the NAMESPACE file)
     for when this namespace is loaded but not attached.
Flavors: r-devel-linux-x86_64-debian-clang, r-devel-linux-x86_64-debian-gcc, r-devel-windows-ix86+x86_64, r-patched-linux-x86_64, r-patched-solaris-sparc, r-patched-solaris-x86, r-release-linux-x86_64, r-release-osx-x86_64-mavericks, r-release-windows-ix86+x86_64, r-oldrel-windows-ix86+x86_64

Version: 1.0
Check: R code for possible problems
Result: NOTE
    bias: no visible global function definition for ‘predict’
    bias: no visible global function definition for ‘pnorm’
    bias: no visible global function definition for ‘model.matrix’
    Undefined global functions or variables:
     model.matrix pnorm predict
    Consider adding
     importFrom("stats", "model.matrix", "pnorm", "predict")
    to your NAMESPACE file.
Flavors: r-devel-linux-x86_64-debian-clang, r-devel-linux-x86_64-debian-gcc, r-devel-windows-ix86+x86_64, r-patched-linux-x86_64, r-patched-solaris-sparc, r-patched-solaris-x86, r-release-linux-x86_64, r-release-osx-x86_64-mavericks, r-release-windows-ix86+x86_64

Version: 1.0
Flags: --no-stop-on-test-error
Check: dependencies in R code
Result: NOTE
    Package in Depends field not imported from: ‘betareg’
     These packages need to be imported from (in the NAMESPACE file)
     for when this namespace is loaded but not attached.
Flavors: r-devel-linux-x86_64-fedora-clang, r-devel-linux-x86_64-fedora-gcc, r-devel-macos-x86_64-clang

Version: 1.0
Flags: --no-stop-on-test-error
Check: R code for possible problems
Result: NOTE
    bias: no visible global function definition for ‘predict’
    bias: no visible global function definition for ‘pnorm’
    bias: no visible global function definition for ‘model.matrix’
    Undefined global functions or variables:
     model.matrix pnorm predict
    Consider adding
     importFrom("stats", "model.matrix", "pnorm", "predict")
    to your NAMESPACE file.
Flavors: r-devel-linux-x86_64-fedora-clang, r-devel-linux-x86_64-fedora-gcc, r-devel-macos-x86_64-clang