CRAN Package Check Results for Package biasbetareg

Last updated on 2014-04-18 03:47:12.

Flavor Version Tinstall Tcheck Ttotal Status Flags
r-devel-linux-x86_64-debian-clang 1.0 2.33 26.76 29.09 NOTE
r-devel-linux-x86_64-debian-gcc NOTE
r-devel-linux-x86_64-fedora-clang 1.0 61.35 NOTE
r-devel-linux-x86_64-fedora-gcc 1.0 56.65 NOTE
r-devel-macosx-x86_64-clang 1.0 54.98 NOTE
r-devel-macosx-x86_64-gcc 1.0 ERROR
r-devel-windows-ix86+x86_64 1.0 7.00 38.00 45.00 NOTE
r-patched-linux-x86_64 1.0 2.37 26.58 28.95 NOTE
r-patched-solaris-sparc 1.0 333.70 NOTE
r-patched-solaris-x86 1.0 73.60 NOTE
r-release-linux-ix86 1.0 4.00 46.00 50.00 NOTE
r-release-linux-x86_64 1.0 2.22 26.66 28.88 NOTE
r-release-macosx-x86_64 1.0 OK
r-release-windows-ix86+x86_64 1.0 9.00 39.00 48.00 NOTE
r-oldrel-windows-ix86+x86_64 1.0 7.00 38.00 45.00 NOTE

Check Details

Version: 1.0
Check: dependencies in R code
Result: NOTE
    Package in Depends field not imported from: ‘betareg’
     These packages need to be imported from (in the NAMESPACE file)
     for when this namespace is loaded but not attached.
    See the information on DESCRIPTION files in the chapter ‘Creating R
    packages’ of the ‘Writing R Extensions’ manual.
Flavors: r-devel-linux-x86_64-debian-clang, r-devel-linux-x86_64-debian-gcc, r-devel-linux-x86_64-fedora-clang, r-devel-linux-x86_64-fedora-gcc, r-devel-macosx-x86_64-clang, r-devel-windows-ix86+x86_64, r-patched-linux-x86_64, r-patched-solaris-sparc, r-patched-solaris-x86, r-release-linux-ix86, r-release-linux-x86_64, r-release-windows-ix86+x86_64, r-oldrel-windows-ix86+x86_64

Version: 1.0
Check: package dependencies
Result: ERROR
    Package required but not available: ‘betareg’
    
    See the information on DESCRIPTION files in the chapter ‘Creating R
    packages’ of the ‘Writing R Extensions’ manual.
Flavor: r-devel-macosx-x86_64-gcc