CRAN Package Check Results for Package biasbetareg

Last updated on 2015-04-25 12:46:11.

Flavor Version Tinstall Tcheck Ttotal Status Flags
r-devel-linux-x86_64-debian-clang 1.0 1.50 18.41 19.91 NOTE
r-devel-linux-x86_64-debian-gcc 1.0 1.81 17.32 19.12 NOTE
r-devel-linux-x86_64-fedora-clang 1.0 39.41 NOTE
r-devel-linux-x86_64-fedora-gcc 1.0 39.85 NOTE
r-devel-osx-x86_64-clang 1.0 37.68 NOTE
r-devel-windows-ix86+x86_64 1.0 4.00 28.00 32.00 NOTE
r-patched-linux-x86_64 1.0 1.88 17.34 19.22 NOTE
r-patched-solaris-sparc 1.0 253.60 NOTE
r-patched-solaris-x86 1.0 51.30 NOTE
r-release-linux-x86_64 1.0 1.47 17.80 19.28 NOTE
r-release-osx-x86_64-mavericks 1.0 NOTE
r-release-osx-x86_64-snowleopard 1.0 ERROR
r-release-windows-ix86+x86_64 1.0 5.00 28.00 33.00 NOTE
r-oldrel-windows-ix86+x86_64 1.0 6.00 39.00 45.00 NOTE

Check Details

Version: 1.0
Check: dependencies in R code
Result: NOTE
    Package in Depends field not imported from: 'betareg'
     These packages need to be imported from (in the NAMESPACE file)
     for when this namespace is loaded but not attached.
Flavors: r-devel-windows-ix86+x86_64, r-release-windows-ix86+x86_64, r-oldrel-windows-ix86+x86_64