CRAN Package Check Results for Package biasbetareg

Last updated on 2014-09-02 10:51:42.

Flavor Version Tinstall Tcheck Ttotal Status Flags
r-devel-linux-x86_64-debian-clang 1.0 2.74 23.58 26.32 NOTE
r-devel-linux-x86_64-debian-gcc 1.0 2.00 22.49 24.49 NOTE
r-devel-linux-x86_64-fedora-clang 1.0 60.02 NOTE
r-devel-linux-x86_64-fedora-gcc 1.0 53.96 NOTE
r-devel-osx-x86_64-clang 1.0 49.33 NOTE
r-devel-windows-ix86+x86_64 1.0 7.00 37.00 44.00 NOTE
r-patched-linux-x86_64 1.0 2.17 24.85 27.02 NOTE
r-patched-solaris-sparc 1.0 339.70 NOTE
r-patched-solaris-x86 1.0 74.10 NOTE
r-release-linux-ix86 1.0 2.63 34.46 37.09 NOTE
r-release-linux-x86_64 1.0 3.28 26.30 29.58 NOTE
r-release-osx-x86_64-mavericks 1.0 NOTE
r-release-osx-x86_64-snowleopard 1.0 OK
r-release-windows-ix86+x86_64 1.0 8.00 38.00 46.00 NOTE
r-oldrel-windows-ix86+x86_64 1.0 8.00 37.00 45.00 NOTE

Check Details

Version: 1.0
Check: dependencies in R code
Result: NOTE
    Package in Depends field not imported from: ‘betareg’
     These packages need to be imported from (in the NAMESPACE file)
     for when this namespace is loaded but not attached.
    See the information on DESCRIPTION files in the chapter ‘Creating R
    packages’ of the ‘Writing R Extensions’ manual.
Flavors: r-devel-linux-x86_64-debian-clang, r-devel-linux-x86_64-debian-gcc, r-devel-linux-x86_64-fedora-clang, r-devel-linux-x86_64-fedora-gcc, r-devel-osx-x86_64-clang, r-devel-windows-ix86+x86_64, r-patched-linux-x86_64, r-patched-solaris-sparc, r-patched-solaris-x86, r-release-linux-ix86, r-release-linux-x86_64, r-release-osx-x86_64-mavericks, r-release-windows-ix86+x86_64, r-oldrel-windows-ix86+x86_64