CRAN Package Check Results for Package biblio

Last updated on 2022-10-04 05:50:25 CEST.

Flavor Version Tinstall Tcheck Ttotal Status Flags
r-devel-linux-x86_64-debian-clang 0.0.6 4.17 35.34 39.51 OK
r-devel-linux-x86_64-debian-gcc 0.0.6 2.09 27.01 29.10 OK
r-devel-linux-x86_64-fedora-clang 0.0.6 61.20 NOTE
r-devel-linux-x86_64-fedora-gcc 0.0.6 60.48 NOTE
r-devel-windows-x86_64 0.0.6 17.00 66.00 83.00 OK
r-patched-linux-x86_64 0.0.6 5.10 33.92 39.02 OK
r-release-linux-x86_64 0.0.6 3.96 33.75 37.71 OK
r-release-macos-arm64 0.0.6 20.00 NOTE
r-release-macos-x86_64 0.0.6 27.00 NOTE
r-release-windows-x86_64 0.0.6 16.00 63.00 79.00 OK
r-oldrel-macos-arm64 0.0.6 16.00 NOTE
r-oldrel-macos-x86_64 0.0.6 29.00 NOTE
r-oldrel-windows-ix86+x86_64 0.0.6 8.00 63.00 71.00 OK

Check Details

Version: 0.0.6
Check: data for non-ASCII characters
Result: NOTE
     Note: found 1904 marked UTF-8 strings
Flavors: r-devel-linux-x86_64-fedora-clang, r-devel-linux-x86_64-fedora-gcc, r-release-macos-arm64, r-release-macos-x86_64, r-oldrel-macos-arm64, r-oldrel-macos-x86_64