CRAN Package Check Results for Package biblioverlap

Last updated on 2024-06-16 00:58:16 CEST.

Flavor Version Tinstall Tcheck Ttotal Status Flags
r-devel-linux-x86_64-debian-clang 1.0.2 4.16 45.86 50.02 OK
r-devel-linux-x86_64-debian-gcc 1.0.2 2.91 34.86 37.77 OK
r-devel-linux-x86_64-fedora-clang 1.0.2 64.35 NOTE
r-devel-linux-x86_64-fedora-gcc 1.0.2 57.79 NOTE
r-devel-windows-x86_64 1.0.2 5.00 62.00 67.00 OK
r-patched-linux-x86_64 1.0.2 3.86 44.56 48.42 OK
r-release-linux-x86_64 1.0.2 2.13 43.27 45.40 OK
r-release-macos-arm64 1.0.2 26.00 OK
r-release-macos-x86_64 1.0.2 35.00 OK
r-release-windows-x86_64 1.0.2 5.00 62.00 67.00 OK
r-oldrel-macos-arm64 1.0.2 28.00 OK
r-oldrel-macos-x86_64 1.0.2 63.00 OK
r-oldrel-windows-x86_64 1.0.2 5.00 69.00 74.00 OK

Check Details

Version: 1.0.2
Check: data for non-ASCII characters
Result: NOTE Note: found 573 marked UTF-8 strings Flavors: r-devel-linux-x86_64-fedora-clang, r-devel-linux-x86_64-fedora-gcc