CRAN Package Check Results for Package bibtex

Last updated on 2014-07-25 17:47:57.

Flavor Version Tinstall Tcheck Ttotal Status Flags
r-devel-linux-x86_64-debian-clang 0.3-6 1.30 9.16 10.45 OK
r-devel-linux-x86_64-debian-gcc 0.3-6 1.86 9.19 11.04 OK
r-devel-linux-x86_64-fedora-clang 0.3-6 21.31 OK
r-devel-linux-x86_64-fedora-gcc 0.3-6 20.32 OK
r-devel-osx-x86_64-clang 0.3-6 23.69 OK
r-devel-windows-ix86+x86_64 0.3-6 8.00 21.00 29.00 OK
r-patched-linux-x86_64 0.3-6 1.89 9.44 11.32 OK
r-patched-solaris-sparc 0.3-6 128.60 WARN
r-patched-solaris-x86 0.3-6 31.00 OK
r-release-linux-ix86 0.3-6 2.57 15.51 18.08 OK
r-release-linux-x86_64 0.3-6 1.91 9.77 11.68 OK
r-release-osx-x86_64-mavericks 0.3-6 OK
r-release-windows-ix86+x86_64 0.3-6 11.00 20.00 31.00 OK
r-oldrel-windows-ix86+x86_64 0.3-6 7.00 23.00 30.00 OK

Memtest notes: UBSAN

Check Details

Version: 0.3-6
Check: compiled code
Result: WARNING
    File ‘/home/ripley/R/Lib32/bibtex/libs/bibtex.so’:
     Found ‘exit’, possibly from ‘exit’ (C)
     Object: ‘biblex.o’
    
    Compiled code should not call entry points which might terminate R nor
    write to stdout/stderr instead of to the console.
    
    See ‘Writing portable packages’ in the ‘Writing R Extensions’ manual.
Flavor: r-patched-solaris-sparc