CRAN Package Check Results for Package bibtex

Last updated on 2014-08-20 11:48:37.

Flavor Version Tinstall Tcheck Ttotal Status Flags
r-devel-linux-x86_64-debian-clang 0.3-6 1.20 9.15 10.36 OK
r-devel-linux-x86_64-debian-gcc 0.3-6 1.84 9.10 10.94 OK
r-devel-linux-x86_64-fedora-clang 0.3-6 21.95 OK
r-devel-linux-x86_64-fedora-gcc 0.3-6 20.49 OK
r-devel-osx-x86_64-clang 0.3-6 24.22 OK
r-devel-windows-ix86+x86_64 0.3-6 8.00 20.00 28.00 OK
r-patched-linux-x86_64 0.3-6 1.90 9.34 11.25 OK
r-patched-solaris-sparc 0.3-6 134.80 WARN
r-patched-solaris-x86 0.3-6 31.40 OK
r-release-linux-ix86 0.3-6 2.55 15.67 18.22 OK
r-release-linux-x86_64 0.3-6 1.91 9.36 11.27 OK
r-release-osx-x86_64-mavericks 0.3-6 OK
r-release-windows-ix86+x86_64 0.3-6 11.00 20.00 31.00 OK
r-oldrel-windows-ix86+x86_64 0.3-6 7.00 23.00 30.00 OK

Memtest notes: UBSAN

Check Details

Version: 0.3-6
Check: compiled code
Result: WARNING
    File ‘/home/ripley/R/Lib32/bibtex/libs/bibtex.so’:
     Found ‘exit’, possibly from ‘exit’ (C)
     Object: ‘biblex.o’
    
    Compiled code should not call entry points which might terminate R nor
    write to stdout/stderr instead of to the console.
    
    See ‘Writing portable packages’ in the ‘Writing R Extensions’ manual.
Flavor: r-patched-solaris-sparc