CRAN Package Check Results for Package bibtex

Last updated on 2015-03-26 21:46:50.

Flavor Version Tinstall Tcheck Ttotal Status Flags
r-devel-linux-x86_64-debian-clang 0.4.0 1.47 9.91 11.38 NOTE
r-devel-linux-x86_64-debian-gcc 0.4.0 1.94 9.55 11.49 NOTE
r-devel-linux-x86_64-fedora-clang 0.4.0 21.11 NOTE
r-devel-linux-x86_64-fedora-gcc 0.4.0 19.49 NOTE
r-devel-osx-x86_64-clang 0.4.0 26.89 NOTE
r-prerel-windows-ix86+x86_64 0.4.0 9.00 22.00 31.00 NOTE
r-prerel-linux-x86_64 0.4.0 1.98 9.63 11.61 NOTE
r-prerel-solaris-sparc 0.4.0 154.00 NOTE
r-prerel-solaris-x86 0.4.0 29.20 NOTE
r-release-linux-x86_64 0.4.0 2.04 11.16 13.20 OK
r-release-osx-x86_64-mavericks 0.4.0 OK
r-release-osx-x86_64-snowleopard 0.4.0 OK
r-release-windows-ix86+x86_64 0.4.0 11.00 23.00 34.00 OK
r-oldrel-windows-ix86+x86_64 0.4.0 9.00 25.00 34.00 OK

Check Details

Version: 0.4.0
Check: DESCRIPTION meta-information
Result: NOTE
    Malformed Description field: should contain one or more complete sentences.
Flavors: r-devel-linux-x86_64-debian-clang, r-devel-linux-x86_64-debian-gcc, r-devel-linux-x86_64-fedora-clang, r-devel-linux-x86_64-fedora-gcc, r-devel-osx-x86_64-clang, r-prerel-windows-ix86+x86_64, r-prerel-linux-x86_64, r-prerel-solaris-sparc, r-prerel-solaris-x86