CRAN Package Check Results for Package bibtex

Last updated on 2019-12-08 10:48:04 CET.

Flavor Version Tinstall Tcheck Ttotal Status Flags
r-devel-linux-x86_64-debian-clang 0.4.2 4.94 23.74 28.68 NOTE
r-devel-linux-x86_64-debian-gcc 0.4.2 3.47 18.21 21.68 NOTE
r-devel-linux-x86_64-fedora-clang 0.4.2 33.88 NOTE
r-devel-linux-x86_64-fedora-gcc 0.4.2 31.59 NOTE
r-devel-windows-ix86+x86_64 0.4.2 12.00 67.00 79.00 OK
r-devel-windows-ix86+x86_64-gcc8 0.4.2 15.00 49.00 64.00 OK
r-patched-linux-x86_64 0.4.2 3.49 21.17 24.66 OK
r-patched-solaris-x86 0.4.2 49.40 OK
r-release-linux-x86_64 0.4.2 3.07 21.49 24.56 OK
r-release-windows-ix86+x86_64 0.4.2 16.00 46.00 62.00 OK
r-release-osx-x86_64 0.4.2 OK
r-oldrel-windows-ix86+x86_64 0.4.2 10.00 45.00 55.00 OK
r-oldrel-osx-x86_64 0.4.2 OK

Additional issues

gcc10 LTO rchk

Check Details

Version: 0.4.2
Check: for non-standard things in the check directory
Result: NOTE
    Found the following files/directories:
     'references.bib' 'references2.bib'
Flavors: r-devel-linux-x86_64-debian-clang, r-devel-linux-x86_64-debian-gcc, r-devel-linux-x86_64-fedora-clang, r-devel-linux-x86_64-fedora-gcc