CRAN Package Check Results for Package bibtex

Last updated on 2017-01-24 05:48:38.

Flavor Version Tinstall Tcheck Ttotal Status Flags
r-devel-linux-x86_64-debian-clang 0.4.0 1.76 11.19 12.96 NOTE
r-devel-linux-x86_64-debian-gcc 0.4.0 2.16 10.88 13.04 NOTE
r-devel-linux-x86_64-fedora-clang 0.4.0 21.96 NOTE --no-stop-on-test-error
r-devel-linux-x86_64-fedora-gcc 0.4.0 22.14 NOTE --no-stop-on-test-error
r-devel-macos-x86_64-clang 0.4.0 18.94 NOTE --no-stop-on-test-error
r-devel-windows-ix86+x86_64 0.4.0 22.00 28.00 50.00 NOTE
r-patched-linux-x86_64 0.4.0 2.01 9.87 11.88 NOTE
r-patched-solaris-sparc 0.4.0 114.40 NOTE
r-patched-solaris-x86 0.4.0 30.40 NOTE
r-release-linux-x86_64 0.4.0 1.96 9.87 11.83 NOTE
r-release-osx-x86_64-mavericks 0.4.0 NOTE
r-release-windows-ix86+x86_64 0.4.0 26.00 27.00 53.00 NOTE
r-oldrel-windows-ix86+x86_64 0.4.0 34.00 26.00 60.00 NOTE

Check Details

Version: 0.4.0
Check: DESCRIPTION meta-information
Result: NOTE
    Malformed Description field: should contain one or more complete sentences.
Flavors: r-devel-linux-x86_64-debian-clang, r-devel-linux-x86_64-debian-gcc, r-devel-windows-ix86+x86_64, r-patched-linux-x86_64, r-patched-solaris-sparc, r-patched-solaris-x86, r-release-linux-x86_64, r-release-osx-x86_64-mavericks, r-release-windows-ix86+x86_64, r-oldrel-windows-ix86+x86_64

Version: 0.4.0
Check: R code for possible problems
Result: NOTE
    arrange.single.author: no visible global function definition for
     ‘person’
    write.bib: no visible global function definition for
     ‘installed.packages’
    write.bib : <anonymous>: no visible global function definition for
     ‘citation’
    write.bib: no visible global function definition for ‘toBibtex’
    Undefined global functions or variables:
     citation installed.packages person toBibtex
    Consider adding
     importFrom("utils", "citation", "installed.packages", "person",
     "toBibtex")
    to your NAMESPACE file.
Flavors: r-devel-linux-x86_64-debian-clang, r-devel-linux-x86_64-debian-gcc, r-devel-windows-ix86+x86_64, r-patched-linux-x86_64, r-patched-solaris-sparc, r-patched-solaris-x86, r-release-linux-x86_64, r-release-osx-x86_64-mavericks, r-release-windows-ix86+x86_64

Version: 0.4.0
Flags: --no-stop-on-test-error
Check: DESCRIPTION meta-information
Result: NOTE
    Malformed Description field: should contain one or more complete sentences.
Flavors: r-devel-linux-x86_64-fedora-clang, r-devel-linux-x86_64-fedora-gcc, r-devel-macos-x86_64-clang

Version: 0.4.0
Flags: --no-stop-on-test-error
Check: R code for possible problems
Result: NOTE
    arrange.single.author: no visible global function definition for
     ‘person’
    write.bib: no visible global function definition for
     ‘installed.packages’
    write.bib : <anonymous>: no visible global function definition for
     ‘citation’
    write.bib: no visible global function definition for ‘toBibtex’
    Undefined global functions or variables:
     citation installed.packages person toBibtex
    Consider adding
     importFrom("utils", "citation", "installed.packages", "person",
     "toBibtex")
    to your NAMESPACE file.
Flavors: r-devel-linux-x86_64-fedora-clang, r-devel-linux-x86_64-fedora-gcc, r-devel-macos-x86_64-clang