CRAN Package Check Results for Package bibtex

Last updated on 2020-07-13 12:48:40 CEST.

Flavor Version Tinstall Tcheck Ttotal Status Flags
r-devel-linux-x86_64-debian-clang 0.4.2.2 4.46 23.71 28.17 OK
r-devel-linux-x86_64-debian-gcc 0.4.2.2 3.34 18.69 22.03 OK
r-devel-linux-x86_64-fedora-clang 0.4.2.2 44.51 OK
r-devel-linux-x86_64-fedora-gcc 0.4.2.2 34.83 OK
r-devel-windows-ix86+x86_64 0.4.2.2 18.00 73.00 91.00 OK
r-patched-linux-x86_64 0.4.2.2 4.27 23.98 28.25 OK
r-patched-solaris-x86 0.4.2.2 52.40 OK
r-release-linux-x86_64 0.4.2.2 3.73 23.93 27.66 OK
r-release-macos-x86_64 0.4.2.2 ERROR
r-release-windows-ix86+x86_64 0.4.2.2 18.00 50.00 68.00 OK
r-oldrel-macos-x86_64 0.4.2.2 OK
r-oldrel-windows-ix86+x86_64 0.4.2.2 15.00 49.00 64.00 OK

Additional issues

rchk

Check Details

Version: 0.4.2.2
Check: whether package can be installed
Result: ERROR
    Installation failed.
Flavor: r-release-macos-x86_64