CRAN Package Check Results for Package bibtex

Last updated on 2015-07-03 16:47:11.

Flavor Version Tinstall Tcheck Ttotal Status Flags
r-devel-linux-x86_64-debian-clang 0.4.0 1.41 9.04 10.45 NOTE
r-devel-linux-x86_64-debian-gcc 0.4.0 1.85 9.28 11.14 NOTE
r-devel-linux-x86_64-fedora-clang 0.4.0 19.52 NOTE
r-devel-linux-x86_64-fedora-gcc 0.4.0 18.34 NOTE
r-devel-osx-x86_64-clang 0.4.0 21.58 NOTE
r-devel-windows-ix86+x86_64 0.4.0 12.00 20.00 32.00 NOTE
r-patched-linux-x86_64 0.4.0 1.95 9.42 11.37 NOTE
r-patched-solaris-sparc 0.4.0 136.10 NOTE
r-patched-solaris-x86 0.4.0 30.70 NOTE
r-release-linux-x86_64 0.4.0 1.99 9.04 11.03 NOTE
r-release-osx-x86_64-mavericks 0.4.0 NOTE
r-release-windows-ix86+x86_64 0.4.0 9.00 21.00 30.00 NOTE
r-oldrel-windows-ix86+x86_64 0.4.0 11.00 23.00 34.00 OK

Check Details

Version: 0.4.0
Check: DESCRIPTION meta-information
Result: NOTE
    Malformed Description field: should contain one or more complete sentences.
Flavors: r-devel-linux-x86_64-debian-clang, r-devel-linux-x86_64-debian-gcc, r-devel-linux-x86_64-fedora-clang, r-devel-linux-x86_64-fedora-gcc, r-devel-osx-x86_64-clang, r-devel-windows-ix86+x86_64, r-patched-linux-x86_64, r-patched-solaris-sparc, r-patched-solaris-x86, r-release-linux-x86_64, r-release-osx-x86_64-mavericks, r-release-windows-ix86+x86_64

Version: 0.4.0
Check: R code for possible problems
Result: NOTE
    arrange.single.author: no visible global function definition for
     ‘person’
    write.bib: no visible global function definition for
     ‘installed.packages’
    write.bib : <anonymous>: no visible global function definition for
     ‘citation’
    write.bib: no visible global function definition for ‘toBibtex’
    Undefined global functions or variables:
     citation installed.packages person toBibtex
Flavors: r-devel-linux-x86_64-debian-clang, r-devel-linux-x86_64-debian-gcc, r-devel-linux-x86_64-fedora-clang, r-devel-linux-x86_64-fedora-gcc