CRAN Package Check Results for Package bibtex

Last updated on 2016-09-26 16:46:37.

Flavor Version Tinstall Tcheck Ttotal Status Flags
r-devel-linux-x86_64-debian-clang 0.4.0 1.75 9.87 11.62 NOTE
r-devel-linux-x86_64-debian-gcc 0.4.0 2.12 9.73 11.85 NOTE
r-devel-linux-x86_64-fedora-clang 0.4.0 19.25 NOTE
r-devel-linux-x86_64-fedora-gcc 0.4.0 19.28 NOTE
r-devel-macos-x86_64-clang 0.4.0 17.16 NOTE
r-devel-windows-ix86+x86_64 0.4.0 14.00 40.00 54.00 NOTE
r-patched-linux-x86_64 0.4.0 1.93 9.72 11.65 NOTE
r-patched-solaris-sparc 0.4.0 109.40 NOTE
r-patched-solaris-x86 0.4.0 26.10 NOTE
r-release-linux-x86_64 0.4.0 2.04 10.06 12.09 NOTE
r-release-osx-x86_64-mavericks 0.4.0 NOTE
r-release-windows-ix86+x86_64 0.4.0 9.00 137.00 146.00 NOTE
r-oldrel-windows-ix86+x86_64 0.4.0 9.00 20.00 29.00 NOTE

Check Details

Version: 0.4.0
Check: DESCRIPTION meta-information
Result: NOTE
    Malformed Description field: should contain one or more complete sentences.
Flavors: r-devel-linux-x86_64-debian-clang, r-devel-linux-x86_64-debian-gcc, r-devel-linux-x86_64-fedora-clang, r-devel-linux-x86_64-fedora-gcc, r-devel-macos-x86_64-clang, r-devel-windows-ix86+x86_64, r-patched-linux-x86_64, r-patched-solaris-sparc, r-patched-solaris-x86, r-release-linux-x86_64, r-release-osx-x86_64-mavericks, r-release-windows-ix86+x86_64, r-oldrel-windows-ix86+x86_64

Version: 0.4.0
Check: R code for possible problems
Result: NOTE
    arrange.single.author: no visible global function definition for
     ‘person’
    write.bib: no visible global function definition for
     ‘installed.packages’
    write.bib : <anonymous>: no visible global function definition for
     ‘citation’
    write.bib: no visible global function definition for ‘toBibtex’
    Undefined global functions or variables:
     citation installed.packages person toBibtex
    Consider adding
     importFrom("utils", "citation", "installed.packages", "person",
     "toBibtex")
    to your NAMESPACE file.
Flavors: r-devel-linux-x86_64-debian-clang, r-devel-linux-x86_64-debian-gcc, r-devel-linux-x86_64-fedora-clang, r-devel-linux-x86_64-fedora-gcc, r-devel-macos-x86_64-clang, r-devel-windows-ix86+x86_64, r-patched-linux-x86_64, r-patched-solaris-sparc, r-patched-solaris-x86, r-release-linux-x86_64, r-release-osx-x86_64-mavericks, r-release-windows-ix86+x86_64