CRAN Package Check Results for Package bibtex

Last updated on 2016-07-28 19:49:54.

Flavor Version Tinstall Tcheck Ttotal Status Flags
r-devel-linux-x86_64-debian-clang 0.4.0 2.03 11.93 13.96 NOTE
r-devel-linux-x86_64-debian-gcc 0.4.0 3.08 10.89 13.98 NOTE
r-devel-linux-x86_64-fedora-clang 0.4.0 18.81 NOTE
r-devel-linux-x86_64-fedora-gcc 0.4.0 16.72 NOTE
r-devel-osx-x86_64-clang 0.4.0 16.93 NOTE
r-devel-windows-ix86+x86_64 0.4.0 8.00 29.00 37.00 NOTE
r-patched-linux-x86_64 0.4.0 2.41 11.67 14.08 NOTE
r-patched-solaris-sparc 0.4.0 109.40 NOTE
r-patched-solaris-x86 0.4.0 26.00 NOTE
r-release-linux-x86_64 0.4.0 2.42 11.69 14.11 NOTE
r-release-osx-x86_64-mavericks 0.4.0 NOTE
r-release-windows-ix86+x86_64 0.4.0 10.00 36.00 46.00 NOTE
r-oldrel-windows-ix86+x86_64 0.4.0 9.00 20.00 29.00 NOTE

Check Details

Version: 0.4.0
Check: DESCRIPTION meta-information
Result: NOTE
    Malformed Description field: should contain one or more complete sentences.
Flavors: r-devel-linux-x86_64-debian-clang, r-devel-linux-x86_64-debian-gcc, r-devel-linux-x86_64-fedora-clang, r-devel-linux-x86_64-fedora-gcc, r-devel-osx-x86_64-clang, r-devel-windows-ix86+x86_64, r-patched-linux-x86_64, r-patched-solaris-sparc, r-patched-solaris-x86, r-release-linux-x86_64, r-release-osx-x86_64-mavericks, r-release-windows-ix86+x86_64, r-oldrel-windows-ix86+x86_64

Version: 0.4.0
Check: R code for possible problems
Result: NOTE
    arrange.single.author: no visible global function definition for
     ‘person’
    write.bib: no visible global function definition for
     ‘installed.packages’
    write.bib : <anonymous>: no visible global function definition for
     ‘citation’
    write.bib: no visible global function definition for ‘toBibtex’
    Undefined global functions or variables:
     citation installed.packages person toBibtex
    Consider adding
     importFrom("utils", "citation", "installed.packages", "person",
     "toBibtex")
    to your NAMESPACE file.
Flavors: r-devel-linux-x86_64-debian-clang, r-devel-linux-x86_64-debian-gcc, r-devel-linux-x86_64-fedora-clang, r-devel-linux-x86_64-fedora-gcc, r-devel-osx-x86_64-clang, r-devel-windows-ix86+x86_64, r-patched-linux-x86_64, r-patched-solaris-sparc, r-patched-solaris-x86, r-release-linux-x86_64, r-release-osx-x86_64-mavericks, r-release-windows-ix86+x86_64