CRAN Package Check Results for Package bibtex

Last updated on 2014-10-31 23:47:24.

Flavor Version Tinstall Tcheck Ttotal Status Flags
r-devel-linux-x86_64-debian-clang 0.3-6 1.38 9.94 11.31 OK
r-devel-linux-x86_64-debian-gcc 0.3-6 1.96 10.04 11.99 OK
r-devel-linux-x86_64-fedora-clang 0.3-6 21.94 OK
r-devel-linux-x86_64-fedora-gcc 0.3-6 20.94 OK
r-devel-osx-x86_64-clang 0.3-6 26.02 OK
r-devel-windows-ix86+x86_64 0.3-6 9.00 20.00 29.00 OK
r-patched-linux-x86_64 0.3-6 2.00 11.07 13.06 OK
r-patched-solaris-sparc 0.3-6 134.80 WARN
r-patched-solaris-x86 0.3-6 33.30 OK
r-release-linux-ix86 0.3-6 2.54 15.70 18.24 OK
r-release-linux-x86_64 0.3-6 1.97 9.74 11.71 OK
r-release-osx-x86_64-mavericks 0.3-6 OK
r-release-windows-ix86+x86_64 0.3-6 11.00 20.00 31.00 OK
r-oldrel-windows-ix86+x86_64 0.3-6 7.00 23.00 30.00 OK

Memtest notes: UBSAN UBSAN-gcc

Check Details

Version: 0.3-6
Check: compiled code
Result: WARN
    File ‘/home/ripley/R/Lib32/bibtex/libs/bibtex.so’:
     Found ‘exit’, possibly from ‘exit’ (C)
     Object: ‘biblex.o’
    
    Compiled code should not call entry points which might terminate R nor
    write to stdout/stderr instead of to the console.
    
    See ‘Writing portable packages’ in the ‘Writing R Extensions’ manual.
Flavor: r-patched-solaris-sparc