CRAN Package Check Results for Package bibtex

Last updated on 2015-05-29 17:47:09.

Flavor Version Tinstall Tcheck Ttotal Status Flags
r-devel-linux-x86_64-debian-clang 0.4.0 1.47 9.20 10.67 NOTE
r-devel-linux-x86_64-debian-gcc 0.4.0 1.92 9.06 10.97 NOTE
r-devel-linux-x86_64-fedora-clang 0.4.0 21.38 NOTE
r-devel-linux-x86_64-fedora-gcc 0.4.0 20.37 NOTE
r-devel-osx-x86_64-clang 0.4.0 23.28 NOTE
r-devel-windows-ix86+x86_64 0.4.0 9.00 20.00 29.00 NOTE
r-patched-linux-x86_64 0.4.0 1.96 9.38 11.34 NOTE
r-patched-solaris-sparc 0.4.0 136.10 NOTE
r-patched-solaris-x86 0.4.0 30.10 NOTE
r-release-linux-x86_64 0.4.0 2.04 9.16 11.20 NOTE
r-release-osx-x86_64-mavericks 0.4.0 NOTE
r-release-osx-x86_64-snowleopard 0.4.0 NOTE
r-release-windows-ix86+x86_64 0.4.0 6.00 24.00 30.00 NOTE
r-oldrel-windows-ix86+x86_64 0.4.0 11.00 23.00 34.00 OK

Check Details

Version: 0.4.0
Check: DESCRIPTION meta-information
Result: NOTE
    Malformed Description field: should contain one or more complete sentences.
Flavors: r-devel-linux-x86_64-debian-clang, r-devel-linux-x86_64-debian-gcc, r-devel-linux-x86_64-fedora-clang, r-devel-linux-x86_64-fedora-gcc, r-devel-osx-x86_64-clang, r-devel-windows-ix86+x86_64, r-patched-linux-x86_64, r-patched-solaris-sparc, r-patched-solaris-x86, r-release-linux-x86_64, r-release-osx-x86_64-mavericks, r-release-osx-x86_64-snowleopard, r-release-windows-ix86+x86_64