CRAN Package Check Results for Package bibtex

Last updated on 2014-11-23 17:49:23.

Flavor Version Tinstall Tcheck Ttotal Status Flags
r-devel-linux-x86_64-debian-clang 0.3-6 1.35 10.15 11.50 OK
r-devel-linux-x86_64-debian-gcc 0.3-6 2.19 9.85 12.04 OK
r-devel-linux-x86_64-fedora-clang 0.3-6 22.56 OK
r-devel-linux-x86_64-fedora-gcc 0.3-6 21.98 OK
r-devel-osx-x86_64-clang 0.3-6 28.86 OK
r-devel-windows-ix86+x86_64 0.3-6 10.00 20.00 30.00 OK
r-patched-linux-x86_64 0.3-6 1.96 10.08 12.05 OK
r-patched-solaris-sparc 0.3-6 134.80 WARN
r-patched-solaris-x86 0.3-6 32.70 OK
r-release-linux-ix86 0.3-6 2.51 15.07 17.58 OK
r-release-linux-x86_64 0.3-6 1.99 9.94 11.94 OK
r-release-osx-x86_64-mavericks 0.3-6 OK
r-release-windows-ix86+x86_64 0.3-6 9.00 20.00 29.00 OK
r-oldrel-windows-ix86+x86_64 0.3-6 7.00 23.00 30.00 OK

Memtest notes: UBSAN UBSAN-gcc

Check Details

Version: 0.3-6
Check: compiled code
Result: WARN
    File ‘/home/ripley/R/Lib32/bibtex/libs/bibtex.so’:
     Found ‘exit’, possibly from ‘exit’ (C)
     Object: ‘biblex.o’
    
    Compiled code should not call entry points which might terminate R nor
    write to stdout/stderr instead of to the console.
    
    See ‘Writing portable packages’ in the ‘Writing R Extensions’ manual.
Flavor: r-patched-solaris-sparc