CRAN Package Check Results for Package bibtex

Last updated on 2019-08-20 07:48:01 CEST.

Flavor Version Tinstall Tcheck Ttotal Status Flags
r-devel-linux-x86_64-debian-clang 0.4.2 3.89 21.39 25.28 NOTE
r-devel-linux-x86_64-debian-gcc 0.4.2 3.03 16.90 19.93 NOTE
r-devel-linux-x86_64-fedora-clang 0.4.2 32.95 NOTE
r-devel-linux-x86_64-fedora-gcc 0.4.2 30.78 NOTE
r-devel-windows-ix86+x86_64 0.4.2 19.00 62.00 81.00 OK
r-patched-linux-x86_64 0.4.2 3.38 21.10 24.48 OK
r-patched-solaris-x86 0.4.2 55.90 OK
r-release-linux-x86_64 0.4.2 3.54 20.94 24.48 OK
r-release-windows-ix86+x86_64 0.4.2 11.00 46.00 57.00 OK
r-release-osx-x86_64 0.4.2 OK
r-oldrel-windows-ix86+x86_64 0.4.2 15.00 58.00 73.00 OK
r-oldrel-osx-x86_64 0.4.2 OK

Additional issues

LTO rchk

Check Details

Version: 0.4.2
Check: for non-standard things in the check directory
Result: NOTE
    Found the following files/directories:
     'references.bib' 'references2.bib'
Flavors: r-devel-linux-x86_64-debian-clang, r-devel-linux-x86_64-debian-gcc, r-devel-linux-x86_64-fedora-clang, r-devel-linux-x86_64-fedora-gcc