CRAN Package Check Results for Package bibtex

Last updated on 2015-02-28 02:48:39.

Flavor Version Tinstall Tcheck Ttotal Status Flags
r-devel-linux-x86_64-debian-clang 0.4.0 1.42 9.93 11.35 NOTE
r-devel-linux-x86_64-debian-gcc 0.4.0 1.95 9.74 11.68 NOTE
r-devel-linux-x86_64-fedora-clang 0.4.0 21.28 NOTE
r-devel-linux-x86_64-fedora-gcc 0.4.0 20.38 NOTE
r-devel-osx-x86_64-clang 0.4.0 23.61 NOTE
r-devel-windows-ix86+x86_64 0.4.0 9.00 20.00 29.00 NOTE
r-patched-linux-x86_64 0.4.0 1.98 10.08 12.05 OK
r-patched-solaris-sparc 0.4.0 125.30 OK
r-release-linux-ix86 0.4.0 2.50 17.72 20.22 OK
r-release-linux-x86_64 0.4.0 2.06 10.34 12.40 OK
r-release-osx-x86_64-mavericks 0.4.0 OK
r-release-osx-x86_64-snowleopard 0.4.0 OK
r-release-windows-ix86+x86_64 0.4.0 9.00 25.00 34.00 OK
r-oldrel-windows-ix86+x86_64 0.4.0 9.00 25.00 34.00 OK

Check Details

Version: 0.4.0
Check: DESCRIPTION meta-information
Result: NOTE
    Malformed Description field: should contain one or more complete sentences.
Flavors: r-devel-linux-x86_64-debian-clang, r-devel-linux-x86_64-debian-gcc, r-devel-linux-x86_64-fedora-clang, r-devel-linux-x86_64-fedora-gcc, r-devel-osx-x86_64-clang, r-devel-windows-ix86+x86_64