CRAN Package Check Results for Package bibtex

Last updated on 2014-12-21 21:47:16.

Flavor Version Tinstall Tcheck Ttotal Status Flags
r-devel-linux-x86_64-debian-clang 0.3-6 1.34 10.48 11.82 OK
r-devel-linux-x86_64-debian-gcc 0.3-6 1.94 9.75 11.68 OK
r-devel-linux-x86_64-fedora-clang 0.3-6 23.23 OK
r-devel-linux-x86_64-fedora-gcc 0.3-6 22.62 OK
r-devel-osx-x86_64-clang 0.3-6 26.21 OK
r-devel-windows-ix86+x86_64 0.3-6 17.00 28.00 45.00 OK
r-patched-linux-x86_64 0.3-6 2.00 10.05 12.05 OK
r-patched-solaris-sparc 0.3-6 134.80 WARN
r-patched-solaris-x86 0.3-6 33.30 OK
r-release-linux-ix86 0.3-6 2.49 14.95 17.44 OK
r-release-linux-x86_64 0.3-6 1.98 9.95 11.92 OK
r-release-osx-x86_64-mavericks 0.3-6 OK
r-release-windows-ix86+x86_64 0.3-6 9.00 20.00 29.00 OK
r-oldrel-windows-ix86+x86_64 0.3-6 7.00 23.00 30.00 OK

Memtest notes: UBSAN UBSAN-clang-trunk UBSAN-gcc

Check Details

Version: 0.3-6
Check: compiled code
Result: WARN
    File ‘/home/ripley/R/Lib32/bibtex/libs/bibtex.so’:
     Found ‘exit’, possibly from ‘exit’ (C)
     Object: ‘biblex.o’
    
    Compiled code should not call entry points which might terminate R nor
    write to stdout/stderr instead of to the console.
    
    See ‘Writing portable packages’ in the ‘Writing R Extensions’ manual.
Flavor: r-patched-solaris-sparc