CRAN Package Check Results for Package bibtex

Last updated on 2019-10-23 20:47:17 CEST.

Flavor Version Tinstall Tcheck Ttotal Status Flags
r-devel-linux-x86_64-debian-clang 0.4.2 4.12 20.68 24.80 NOTE
r-devel-linux-x86_64-debian-gcc 0.4.2 3.14 16.43 19.57 NOTE
r-devel-linux-x86_64-fedora-clang 0.4.2 31.13 NOTE
r-devel-linux-x86_64-fedora-gcc 0.4.2 29.92 NOTE
r-devel-windows-ix86+x86_64 0.4.2 13.00 46.00 59.00 OK
r-patched-linux-x86_64 0.4.2 3.61 20.29 23.90 OK
r-patched-solaris-x86 0.4.2 54.30 OK
r-release-linux-x86_64 0.4.2 3.59 20.68 24.27 OK
r-release-windows-ix86+x86_64 0.4.2 24.00 48.00 72.00 OK
r-release-osx-x86_64 0.4.2 OK
r-oldrel-windows-ix86+x86_64 0.4.2 15.00 40.00 55.00 OK
r-oldrel-osx-x86_64 0.4.2 OK

Additional issues

LTO rchk

Check Details

Version: 0.4.2
Check: for non-standard things in the check directory
Result: NOTE
    Found the following files/directories:
     'references.bib' 'references2.bib'
Flavors: r-devel-linux-x86_64-debian-clang, r-devel-linux-x86_64-debian-gcc, r-devel-linux-x86_64-fedora-clang, r-devel-linux-x86_64-fedora-gcc