CRAN Package Check Results for Package biclustermd

Last updated on 2020-02-28 19:52:03 CET.

Flavor Version Tinstall Tcheck Ttotal Status Flags
r-devel-linux-x86_64-debian-clang 0.2.1 8.58 133.63 142.21 OK
r-devel-linux-x86_64-debian-gcc 0.2.1 8.22 96.70 104.92 OK
r-devel-linux-x86_64-fedora-clang 0.2.1 160.01 NOTE
r-devel-linux-x86_64-fedora-gcc 0.2.1 153.82 NOTE
r-devel-windows-ix86+x86_64 0.2.1 26.00 200.00 226.00 OK
r-devel-windows-ix86+x86_64-gcc8 0.2.1 23.00 153.00 176.00 OK
r-patched-linux-x86_64 0.2.1 7.20 113.44 120.64 OK
r-patched-solaris-x86 0.2.1 211.60 NOTE
r-release-linux-x86_64 0.2.1 7.06 114.08 121.14 OK
r-release-windows-ix86+x86_64 0.2.1 15.00 191.00 206.00 OK
r-release-osx-x86_64 0.2.1 NOTE
r-oldrel-windows-ix86+x86_64 0.2.1 11.00 127.00 138.00 OK
r-oldrel-osx-x86_64 0.2.1 NOTE

Check Details

Version: 0.2.1
Check: dependencies in R code
Result: NOTE
    Namespace in Imports field not imported from: ‘nycflights13’
     All declared Imports should be used.
Flavors: r-devel-linux-x86_64-fedora-clang, r-devel-linux-x86_64-fedora-gcc, r-patched-solaris-x86, r-release-osx-x86_64, r-oldrel-osx-x86_64