CRAN Package Check Results for Package bifactorial

Last updated on 2014-09-02 13:46:50.

Flavor Version Tinstall Tcheck Ttotal Status Flags
r-devel-linux-x86_64-debian-clang 1.4.7 12.75 31.88 44.63 NOTE
r-devel-linux-x86_64-debian-gcc 1.4.7 17.05 31.51 48.56 NOTE
r-devel-linux-x86_64-fedora-clang 1.4.7 96.45 NOTE
r-devel-linux-x86_64-fedora-gcc 1.4.7 95.99 NOTE
r-devel-osx-x86_64-clang 1.4.7 74.33 NOTE
r-devel-windows-ix86+x86_64 1.4.7 52.00 75.00 127.00 NOTE
r-patched-linux-x86_64 1.4.7 16.94 33.64 50.58 NOTE
r-patched-solaris-sparc 1.4.7 640.30 NOTE
r-patched-solaris-x86 1.4.7 128.50 NOTE
r-release-linux-ix86 1.4.7 22.22 46.86 69.08 NOTE
r-release-linux-x86_64 1.4.7 17.00 34.15 51.15 NOTE
r-release-osx-x86_64-mavericks 1.4.7 NOTE
r-release-osx-x86_64-snowleopard 1.4.7 NOTE
r-release-windows-ix86+x86_64 1.4.7 51.00 77.00 128.00 NOTE
r-oldrel-windows-ix86+x86_64 1.4.7 59.00 82.00 141.00 NOTE

Memtest notes: valgrind

Check Details

Version: 1.4.7
Check: dependencies in R code
Result: NOTE
    'library' or 'require' call to ‘mvtnorm’ which was already attached by Depends.
     Please remove these calls from your code.
    Packages in Depends field not imported from:
     ‘Rcpp’ ‘mvtnorm’
     These packages need to be imported from (in the NAMESPACE file)
     for when this namespace is loaded but not attached.
    See the information on DESCRIPTION files in the chapter ‘Creating R
    packages’ of the ‘Writing R Extensions’ manual.
Flavors: r-devel-linux-x86_64-debian-clang, r-devel-linux-x86_64-debian-gcc, r-devel-linux-x86_64-fedora-clang, r-devel-linux-x86_64-fedora-gcc, r-devel-osx-x86_64-clang, r-devel-windows-ix86+x86_64, r-patched-linux-x86_64, r-patched-solaris-sparc, r-patched-solaris-x86, r-release-linux-ix86, r-release-linux-x86_64, r-release-osx-x86_64-mavericks, r-release-osx-x86_64-snowleopard, r-release-windows-ix86+x86_64, r-oldrel-windows-ix86+x86_64

Version: 1.4.7
Check: R code for possible problems
Result: NOTE
    maxstudent2 : padj.fun: no visible global function definition for
     ‘pmvnorm’
    pvstudent2 : padj.fun: no visible global function definition for
     ‘pmvnorm’
Flavors: r-devel-linux-x86_64-debian-clang, r-devel-linux-x86_64-debian-gcc, r-devel-linux-x86_64-fedora-clang, r-devel-linux-x86_64-fedora-gcc, r-devel-osx-x86_64-clang, r-devel-windows-ix86+x86_64

Version: 1.4.7
Check: compiled code
Result: NOTE
    File ‘/home/hornik/tmp/R.check/r-devel-clang/Work/build/Packages/bifactorial/libs/bifactorial.so’:
     Found ‘rand’, possibly from ‘rand’ (C)
     Object: ‘misc.o’
     Found ‘srand’, possibly from ‘srand’ (C)
     Objects: ‘krit.o’, ‘pv.o’
    
    Compiled code should not call entry points which might terminate R nor
    write to stdout/stderr instead of to the console, nor the C RNG.
    
    See ‘Writing portable packages’ in the ‘Writing R Extensions’ manual.
Flavor: r-devel-linux-x86_64-debian-clang

Version: 1.4.7
Check: compiled code
Result: NOTE
    File ‘/home/hornik/tmp/R.check/r-devel-gcc/Work/build/Packages/bifactorial/libs/bifactorial.so’:
     Found ‘rand’, possibly from ‘rand’ (C)
     Object: ‘misc.o’
     Found ‘srand’, possibly from ‘srand’ (C)
     Objects: ‘krit.o’, ‘pv.o’
    
    Compiled code should not call entry points which might terminate R nor
    write to stdout/stderr instead of to the console, nor the C RNG.
    
    See ‘Writing portable packages’ in the ‘Writing R Extensions’ manual.
Flavor: r-devel-linux-x86_64-debian-gcc

Version: 1.4.7
Check: compiled code
Result: NOTE
    File ‘/data/gannet/ripley/R/packages/tests-clang/bifactorial.Rcheck/bifactorial/libs/bifactorial.so’:
     Found ‘rand’, possibly from ‘rand’ (C)
     Object: ‘misc.o’
     Found ‘srand’, possibly from ‘srand’ (C)
     Objects: ‘krit.o’, ‘pv.o’
    
    Compiled code should not call entry points which might terminate R nor
    write to stdout/stderr instead of to the console, nor the C RNG.
    
    See ‘Writing portable packages’ in the ‘Writing R Extensions’ manual.
Flavor: r-devel-linux-x86_64-fedora-clang

Version: 1.4.7
Check: compiled code
Result: NOTE
    File ‘/data/gannet/ripley/R/packages/tests-devel/bifactorial.Rcheck/bifactorial/libs/bifactorial.so’:
     Found ‘rand’, possibly from ‘rand’ (C)
     Object: ‘misc.o’
     Found ‘srand’, possibly from ‘srand’ (C)
     Objects: ‘krit.o’, ‘pv.o’
    
    Compiled code should not call entry points which might terminate R nor
    write to stdout/stderr instead of to the console, nor the C RNG.
    
    See ‘Writing portable packages’ in the ‘Writing R Extensions’ manual.
Flavor: r-devel-linux-x86_64-fedora-gcc

Version: 1.4.7
Check: compiled code
Result: NOTE
    File ‘/Users/ripley/R/packages/tests-devel/bifactorial.Rcheck/bifactorial/libs/bifactorial.so’:
     Found ‘_rand’, possibly from ‘rand’ (C)
     Object: ‘misc.o’
     Found ‘_srand’, possibly from ‘srand’ (C)
     Objects: ‘krit.o’, ‘pv.o’
    
    Compiled code should not call entry points which might terminate R nor
    write to stdout/stderr instead of to the console, nor the C RNG.
    
    See ‘Writing portable packages’ in the ‘Writing R Extensions’ manual.
Flavor: r-devel-osx-x86_64-clang

Version: 1.4.7
Check: compiled code
Result: NOTE
    File 'd:/Rcompile/CRANpkg/lib/3.2/bifactorial/libs/i386/bifactorial.dll':
     Found 'rand', possibly from 'rand' (C)
     Object: 'misc.o'
     Found 'srand', possibly from 'srand' (C)
     Objects: 'krit.o', 'pv.o'
    File 'd:/Rcompile/CRANpkg/lib/3.2/bifactorial/libs/x64/bifactorial.dll':
     Found 'rand', possibly from 'rand' (C)
     Object: 'misc.o'
     Found 'srand', possibly from 'srand' (C)
     Objects: 'krit.o', 'pv.o'
    
    Compiled code should not call entry points which might terminate R nor
    write to stdout/stderr instead of to the console, nor the C RNG.
    
    See 'Writing portable packages' in the 'Writing R Extensions' manual.
Flavor: r-devel-windows-ix86+x86_64