CRAN Package Check Results for Package bigGP

Last updated on 2014-07-22 19:47:47.

Flavor Version Tinstall Tcheck Ttotal Status Flags
r-devel-linux-x86_64-debian-clang 0.1-3 4.97 20.02 24.99 OK
r-devel-linux-x86_64-debian-gcc 0.1-3 5.52 20.73 26.25 OK
r-devel-linux-x86_64-fedora-clang 0.1-3 44.63 NOTE
r-devel-linux-x86_64-fedora-gcc 0.1-3 43.27 NOTE
r-devel-osx-x86_64-clang 0.1-3 45.13 OK
r-patched-linux-x86_64 0.1-3 5.14 20.65 25.79 OK
r-patched-solaris-sparc 0.1-3 234.10 OK
r-patched-solaris-x86 0.1-3 59.90 OK
r-release-linux-ix86 0.1-3 7.47 26.48 33.95 OK
r-release-linux-x86_64 0.1-3 5.39 21.12 26.52 OK
r-release-osx-x86_64-mavericks 0.1-3 ERROR
r-release-osx-x86_64-snowleopard 0.1-3 NOTE

Check Details

Version: 0.1-3
Check: top-level files
Result: NOTE
    Non-standard files/directories found at top level:
     ‘ax_blas.m4’ ‘ax_lapack.m4’ ‘configure.alt’ ‘configure.alt.ac’
Flavors: r-devel-linux-x86_64-fedora-clang, r-devel-linux-x86_64-fedora-gcc

Version: 0.1-3
Check: package dependencies
Result: ERROR
    Package required but not available: ‘Rmpi’
    
    Package suggested but not available for checking: ‘rsprng’
    
    See the information on DESCRIPTION files in the chapter ‘Creating R
    packages’ of the ‘Writing R Extensions’ manual.
Flavor: r-release-osx-x86_64-mavericks

Version: 0.1-3
Check: package dependencies
Result: NOTE
    Package suggested but not available for checking: ‘rsprng’
Flavor: r-release-osx-x86_64-snowleopard

Version: 0.1-3
Check: R code for possible problems
Result: NOTE
    bigGP.init: no visible global function definition for ‘init.sprng’
Flavor: r-release-osx-x86_64-snowleopard