CRAN Package Check Results for Package bigGP

Last updated on 2019-08-21 22:48:34 CEST.

Flavor Version Tinstall Tcheck Ttotal Status Flags
r-devel-linux-x86_64-debian-clang 0.1-6 12.46 32.15 44.61 OK
r-devel-linux-x86_64-debian-gcc 0.1-6 OK
r-devel-linux-x86_64-fedora-clang 0.1-6 57.46 NOTE
r-devel-linux-x86_64-fedora-gcc 0.1-6 54.11 NOTE
r-patched-linux-x86_64 0.1-6 10.00 32.21 42.21 OK
r-patched-solaris-x86 0.1-6 75.70 OK
r-release-linux-x86_64 0.1-6 9.53 32.26 41.79 OK
r-release-osx-x86_64 0.1-6 ERROR
r-oldrel-osx-x86_64 0.1-6 ERROR

Check Details

Version: 0.1-6
Check: compiled code
Result: NOTE
    File ‘bigGP/libs/bigGP.so’:
     Found no calls to: ‘R_registerRoutines’, ‘R_useDynamicSymbols’
    
    It is good practice to register native routines and to disable symbol
    search.
    
    See ‘Writing portable packages’ in the ‘Writing R Extensions’ manual.
Flavors: r-devel-linux-x86_64-fedora-clang, r-devel-linux-x86_64-fedora-gcc

Version: 0.1-6
Check: package dependencies
Result: ERROR
    Package required but not available: ‘Rmpi’
    
    See section ‘The DESCRIPTION file’ in the ‘Writing R Extensions’
    manual.
Flavors: r-release-osx-x86_64, r-oldrel-osx-x86_64