CRAN Package Check Results for Package bigGP

Last updated on 2014-09-19 23:46:44.

Flavor Version Tinstall Tcheck Ttotal Status Flags
r-devel-linux-x86_64-debian-clang 0.1-3 5.16 20.03 25.19 NOTE
r-devel-linux-x86_64-debian-gcc 0.1-3 5.03 18.99 24.02 NOTE
r-devel-linux-x86_64-fedora-clang 0.1-3 42.24 NOTE
r-devel-linux-x86_64-fedora-gcc 0.1-3 40.10 NOTE
r-devel-osx-x86_64-clang 0.1-3 44.66 NOTE
r-patched-linux-x86_64 0.1-3 5.14 20.79 25.93 NOTE
r-patched-solaris-sparc 0.1-3 269.40 OK
r-patched-solaris-x86 0.1-3 60.60 OK
r-release-linux-ix86 0.1-3 7.48 26.91 34.40 OK
r-release-linux-x86_64 0.1-3 5.14 20.65 25.79 NOTE
r-release-osx-x86_64-mavericks 0.1-3 ERROR
r-release-osx-x86_64-snowleopard 0.1-3 NOTE

Check Details

Version: 0.1-3
Check: top-level files
Result: NOTE
    Non-standard files/directories found at top level:
     ‘ax_blas.m4’ ‘ax_lapack.m4’ ‘configure.alt’ ‘configure.alt.ac’
Flavors: r-devel-linux-x86_64-debian-clang, r-devel-linux-x86_64-debian-gcc, r-devel-linux-x86_64-fedora-clang, r-devel-linux-x86_64-fedora-gcc, r-patched-linux-x86_64, r-release-linux-x86_64

Version: 0.1-3
Check: R code for possible problems
Result: NOTE
    bigGP.init: no visible global function definition for ‘init.sprng’
Flavors: r-devel-linux-x86_64-debian-clang, r-devel-linux-x86_64-debian-gcc, r-devel-linux-x86_64-fedora-clang, r-devel-linux-x86_64-fedora-gcc, r-devel-osx-x86_64-clang, r-release-osx-x86_64-snowleopard

Version: 0.1-3
Check: package dependencies
Result: ERROR
    Package required but not available: ‘Rmpi’
    
    Package suggested but not available for checking: ‘rsprng’
    
    See the information on DESCRIPTION files in the chapter ‘Creating R
    packages’ of the ‘Writing R Extensions’ manual.
Flavor: r-release-osx-x86_64-mavericks

Version: 0.1-3
Check: package dependencies
Result: NOTE
    Package suggested but not available for checking: ‘rsprng’
Flavor: r-release-osx-x86_64-snowleopard