CRAN Package Check Results for Package bigGP

Last updated on 2016-09-25 03:47:01.

Flavor Version Tinstall Tcheck Ttotal Status Flags
r-devel-linux-x86_64-debian-clang 0.1-6 6.69 19.86 26.55 OK
r-devel-linux-x86_64-debian-gcc 0.1-6 5.45 19.75 25.20 OK
r-devel-linux-x86_64-fedora-clang 0.1-6 38.90 OK
r-devel-linux-x86_64-fedora-gcc 0.1-6 37.42 OK
r-devel-macos-x86_64-clang 0.1-6 32.23 OK
r-patched-linux-x86_64 0.1-6 4.96 19.50 24.46 OK
r-patched-solaris-sparc 0.1-6 226.00 OK
r-patched-solaris-x86 0.1-6 53.00 OK
r-release-linux-x86_64 0.1-6 5.12 19.34 24.46 OK
r-release-osx-x86_64-mavericks 0.1-6 ERROR

Check Details

Version: 0.1-6
Check: package dependencies
Result: ERROR
    Package required but not available: ‘Rmpi’
    
    See section ‘The DESCRIPTION file’ in the ‘Writing R Extensions’
    manual.
Flavor: r-release-osx-x86_64-mavericks