CRAN Package Check Results for Package bigGP

Last updated on 2018-05-21 23:50:37 CEST.

Flavor Version Tinstall Tcheck Ttotal Status Flags
r-devel-linux-x86_64-debian-clang 0.1-6 10.38 26.98 37.36 NOTE
r-devel-linux-x86_64-debian-gcc 0.1-6 7.60 23.43 31.03 NOTE
r-devel-linux-x86_64-fedora-clang 0.1-6 47.63 NOTE
r-devel-linux-x86_64-fedora-gcc 0.1-6 45.90 NOTE
r-patched-linux-x86_64 0.1-6 10.03 28.62 38.65 NOTE
r-patched-solaris-x86 0.1-6 88.40 OK
r-release-linux-x86_64 0.1-6 8.90 28.17 37.07 NOTE
r-release-osx-x86_64 0.1-6 ERROR
r-oldrel-osx-x86_64 0.1-6 ERROR

Check Details

Version: 0.1-6
Check: compiled code
Result: NOTE
    File ‘bigGP/libs/bigGP.so’:
     Found no calls to: ‘R_registerRoutines’, ‘R_useDynamicSymbols’
    
    It is good practice to register native routines and to disable symbol
    search.
    
    See ‘Writing portable packages’ in the ‘Writing R Extensions’ manual.
Flavors: r-devel-linux-x86_64-debian-clang, r-devel-linux-x86_64-debian-gcc, r-devel-linux-x86_64-fedora-clang, r-devel-linux-x86_64-fedora-gcc, r-patched-linux-x86_64, r-release-linux-x86_64

Version: 0.1-6
Check: package dependencies
Result: ERROR
    Package required but not available: ‘Rmpi’
    
    See section ‘The DESCRIPTION file’ in the ‘Writing R Extensions’
    manual.
Flavors: r-release-osx-x86_64, r-oldrel-osx-x86_64