CRAN Package Check Results for Package bigGP

Last updated on 2014-04-23 17:47:41.

Flavor Version Tinstall Tcheck Ttotal Status Flags
r-devel-linux-x86_64-debian-clang 0.1-2 5.46 30.85 36.32 NOTE
r-devel-linux-x86_64-debian-gcc 0.1-2 5.24 30.98 36.22 NOTE
r-devel-linux-x86_64-fedora-clang 0.1-2 51.56 NOTE
r-devel-linux-x86_64-fedora-gcc 0.1-2 48.81 NOTE
r-devel-osx-x86_64-clang 0.1-2 57.22 NOTE
r-devel-osx-x86_64-gcc 0.1-2 ERROR
r-patched-linux-x86_64 0.1-2 5.25 30.98 36.23 NOTE
r-patched-solaris-sparc 0.1-2 277.20 NOTE
r-patched-solaris-x86 0.1-2 69.80 NOTE
r-release-linux-ix86 0.1-2 10.00 47.00 57.00 NOTE
r-release-linux-x86_64 0.1-2 5.37 31.73 37.10 NOTE
r-release-osx-x86_64-mavericks 0.1-2 ERROR

Check Details

Version: 0.1-2
Check: dependencies in R code
Result: NOTE
    Packages in Depends field not imported from:
     ‘Rmpi’ ‘methods’
     These packages need to be imported from (in the NAMESPACE file)
     for when this namespace is loaded but not attached.
    See the information on DESCRIPTION files in the chapter ‘Creating R
    packages’ of the ‘Writing R Extensions’ manual.
Flavors: r-devel-linux-x86_64-debian-clang, r-devel-linux-x86_64-debian-gcc, r-devel-linux-x86_64-fedora-clang, r-devel-linux-x86_64-fedora-gcc, r-devel-osx-x86_64-clang, r-patched-linux-x86_64, r-patched-solaris-sparc, r-patched-solaris-x86, r-release-linux-ix86, r-release-linux-x86_64

Version: 0.1-2
Check: top-level files
Result: NOTE
    Non-standard files/directories found at top level:
     ‘ax_blas.m4’ ‘ax_lapack.m4’ ‘configure.alt’ ‘configure.alt.ac’
Flavors: r-devel-linux-x86_64-fedora-clang, r-devel-linux-x86_64-fedora-gcc

Version: 0.1-2
Check: package dependencies
Result: ERROR
    Package required but not available: ‘Rmpi’
    
    Packages suggested but not available for checking: ‘rsprng’ ‘fields’
    
    See the information on DESCRIPTION files in the chapter ‘Creating R
    packages’ of the ‘Writing R Extensions’ manual.
Flavor: r-devel-osx-x86_64-gcc

Version: 0.1-2
Check: package dependencies
Result: ERROR
    Package required but not available: ‘Rmpi’
    
    Package suggested but not available for checking: ‘rsprng’
    
    See the information on DESCRIPTION files in the chapter ‘Creating R
    packages’ of the ‘Writing R Extensions’ manual.
Flavor: r-release-osx-x86_64-mavericks