CRAN Package Check Results for Package bigGP

Last updated on 2016-05-03 15:49:08.

Flavor Version Tinstall Tcheck Ttotal Status Flags
r-devel-linux-x86_64-debian-gcc 0.1-6 5.12 19.83 24.95 OK
r-devel-linux-x86_64-fedora-clang 0.1-6 37.72 OK
r-devel-linux-x86_64-fedora-gcc 0.1-6 36.32 OK
r-devel-osx-x86_64-clang 0.1-6 44.77 OK
r-patched-linux-x86_64 0.1-6 5.55 19.31 24.86 OK
r-patched-solaris-sparc 0.1-6 221.80 OK
r-patched-solaris-x86 0.1-6 53.20 OK
r-release-linux-x86_64 0.1-6 5.81 19.88 25.68 OK
r-release-osx-x86_64-mavericks 0.1-6 ERROR

Check Details

Version: 0.1-6
Check: package dependencies
Result: ERROR
    Package required but not available: ‘Rmpi’
    
    See section ‘The DESCRIPTION file’ in the ‘Writing R Extensions’
    manual.
Flavor: r-release-osx-x86_64-mavericks