CRAN Package Check Results for Package bigGP

Last updated on 2016-08-27 04:50:46.

Flavor Version Tinstall Tcheck Ttotal Status Flags
r-devel-linux-x86_64-debian-clang 0.1-6 6.49 20.03 26.52 OK
r-devel-linux-x86_64-debian-gcc 0.1-6 7.82 25.87 33.69 OK
r-devel-linux-x86_64-fedora-clang 0.1-6 38.61 OK
r-devel-linux-x86_64-fedora-gcc 0.1-6 37.20 OK
r-devel-osx-x86_64-clang 0.1-6 32.00 OK
r-patched-linux-x86_64 0.1-6 5.06 18.77 23.83 OK
r-patched-solaris-sparc 0.1-6 226.00 OK
r-patched-solaris-x86 0.1-6 52.50 OK
r-release-linux-x86_64 0.1-6 6.09 19.51 25.60 OK
r-release-osx-x86_64-mavericks 0.1-6 ERROR

Check Details

Version: 0.1-6
Check: package dependencies
Result: ERROR
    Package required but not available: ‘Rmpi’
    
    See section ‘The DESCRIPTION file’ in the ‘Writing R Extensions’
    manual.
Flavor: r-release-osx-x86_64-mavericks