CRAN Package Check Results for Package bigGP

Last updated on 2015-03-31 10:57:21.

Flavor Version Tinstall Tcheck Ttotal Status Flags
r-devel-linux-x86_64-debian-clang 0.1-5 6.45 20.09 26.54 NOTE
r-devel-linux-x86_64-debian-gcc 0.1-5 5.02 21.46 26.48 NOTE
r-devel-linux-x86_64-fedora-clang 0.1-5 40.41 NOTE
r-devel-linux-x86_64-fedora-gcc 0.1-5 38.75 NOTE
r-devel-osx-x86_64-clang 0.1-5 29.31 NOTE
r-prerel-linux-x86_64 0.1-5 4.86 18.89 23.75 OK
r-prerel-solaris-sparc 0.1-5 212.40 NOTE
r-prerel-solaris-x86 0.1-5 56.70 NOTE
r-release-linux-x86_64 0.1-5 5.22 21.04 26.25 NOTE
r-release-osx-x86_64-mavericks 0.1-5 ERROR
r-release-osx-x86_64-snowleopard 0.1-5 NOTE

Check Details

Version: 0.1-5
Check: package dependencies
Result: NOTE
    Package suggested but not available for checking: ‘rsprng’
Flavors: r-devel-linux-x86_64-debian-clang, r-devel-linux-x86_64-debian-gcc, r-devel-linux-x86_64-fedora-clang, r-devel-linux-x86_64-fedora-gcc, r-devel-osx-x86_64-clang, r-prerel-solaris-sparc, r-prerel-solaris-x86, r-release-linux-x86_64, r-release-osx-x86_64-snowleopard

Version: 0.1-5
Check: package dependencies
Result: ERROR
    Package required but not available: ‘Rmpi’
    
    Package suggested but not available for checking: ‘rsprng’
    
    See section ‘The DESCRIPTION file’ in the ‘Writing R Extensions’
    manual.
Flavor: r-release-osx-x86_64-mavericks