CRAN Package Check Results for Package bigGP

Last updated on 2015-01-31 09:57:15.

Flavor Version Tinstall Tcheck Ttotal Status Flags
r-devel-linux-x86_64-debian-clang 0.1-5 5.24 20.95 26.19 OK
r-devel-linux-x86_64-debian-gcc 0.1-5 4.99 22.18 27.17 OK
r-devel-linux-x86_64-fedora-clang 0.1-5 42.94 OK
r-devel-linux-x86_64-fedora-gcc 0.1-5 40.47 OK
r-devel-osx-x86_64-clang 0.1-5 53.59 OK
r-patched-linux-x86_64 0.1-5 5.68 23.34 29.02 OK
r-patched-solaris-sparc 0.1-5 232.20 OK
r-patched-solaris-x86 0.1-5 63.30 OK
r-release-linux-ix86 0.1-5 7.14 24.58 31.72 OK
r-release-linux-x86_64 0.1-5 5.45 22.04 27.49 OK
r-release-osx-x86_64-mavericks 0.1-5 ERROR
r-release-osx-x86_64-snowleopard 0.1-5 NOTE

Check Details

Version: 0.1-5
Check: package dependencies
Result: ERROR
    Package required but not available: ‘Rmpi’
    
    Package suggested but not available for checking: ‘rsprng’
    
    See the information on DESCRIPTION files in the chapter ‘Creating R
    packages’ of the ‘Writing R Extensions’ manual.
Flavor: r-release-osx-x86_64-mavericks

Version: 0.1-5
Check: package dependencies
Result: NOTE
    Package suggested but not available for checking: ‘rsprng’
Flavor: r-release-osx-x86_64-snowleopard