CRAN Package Check Results for Package bigGP

Last updated on 2017-01-20 23:50:10.

Flavor Version Tinstall Tcheck Ttotal Status Flags
r-devel-linux-x86_64-debian-clang 0.1-6 6.65 18.30 24.95 OK
r-devel-linux-x86_64-debian-gcc 0.1-6 5.80 18.68 24.48 OK
r-devel-linux-x86_64-fedora-clang 0.1-6 42.51 OK --no-stop-on-test-error
r-devel-linux-x86_64-fedora-gcc 0.1-6 40.88 OK --no-stop-on-test-error
r-devel-macos-x86_64-clang 0.1-6 35.25 OK --no-stop-on-test-error
r-patched-linux-x86_64 0.1-6 4.82 16.99 21.81 OK
r-patched-solaris-sparc 0.1-6 231.90 OK
r-patched-solaris-x86 0.1-6 54.00 OK
r-release-linux-x86_64 0.1-6 4.79 16.11 20.89 OK
r-release-osx-x86_64-mavericks 0.1-6 ERROR

Check Details

Version: 0.1-6
Check: package dependencies
Result: ERROR
    Package required but not available: ‘Rmpi’
    
    See section ‘The DESCRIPTION file’ in the ‘Writing R Extensions’
    manual.
Flavor: r-release-osx-x86_64-mavericks