CRAN Package Check Results for Package bigGP

Last updated on 2017-06-27 15:48:35.

Flavor Version Tinstall Tcheck Ttotal Status Flags
r-devel-linux-x86_64-debian-clang 0.1-6 7.02 18.89 25.92 NOTE
r-devel-linux-x86_64-debian-gcc 0.1-6 5.67 17.96 23.63 NOTE
r-devel-linux-x86_64-fedora-clang 0.1-6 44.48 NOTE
r-devel-linux-x86_64-fedora-gcc 0.1-6 41.29 NOTE
r-patched-linux-x86_64 0.1-6 7.17 18.42 25.59 NOTE
r-patched-solaris-sparc 0.1-6 251.90 OK
r-patched-solaris-x86 0.1-6 80.70 OK
r-release-linux-x86_64 0.1-6 5.55 18.53 24.08 NOTE
r-release-osx-x86_64 0.1-6 ERROR
r-oldrel-osx-x86_64 0.1-6 ERROR

Check Details

Version: 0.1-6
Check: compiled code
Result: NOTE
    File ‘bigGP/libs/bigGP.so’:
     Found no calls to: ‘R_registerRoutines’, ‘R_useDynamicSymbols’
    
    It is good practice to register native routines and to disable symbol
    search.
    
    See ‘Writing portable packages’ in the ‘Writing R Extensions’ manual.
Flavors: r-devel-linux-x86_64-debian-clang, r-devel-linux-x86_64-debian-gcc, r-devel-linux-x86_64-fedora-clang, r-devel-linux-x86_64-fedora-gcc, r-patched-linux-x86_64, r-release-linux-x86_64

Version: 0.1-6
Check: package dependencies
Result: ERROR
    Package required but not available: ‘Rmpi’
    
    See section ‘The DESCRIPTION file’ in the ‘Writing R Extensions’
    manual.
Flavors: r-release-osx-x86_64, r-oldrel-osx-x86_64