CRAN Package Check Results for Package bigGP

Last updated on 2015-05-04 03:47:07.

Flavor Version Tinstall Tcheck Ttotal Status Flags
r-devel-linux-x86_64-debian-clang 0.1-5 5.03 20.10 25.13 NOTE
r-devel-linux-x86_64-debian-gcc 0.1-5 5.18 19.35 24.53 NOTE
r-devel-linux-x86_64-fedora-clang 0.1-5 40.29 NOTE
r-devel-linux-x86_64-fedora-gcc 0.1-5 37.85 NOTE
r-devel-osx-x86_64-clang 0.1-5 40.41 NOTE
r-patched-linux-x86_64 0.1-5 5.46 19.96 25.42 NOTE
r-patched-solaris-sparc 0.1-5 212.40 NOTE
r-patched-solaris-x86 0.1-5 55.50 NOTE
r-release-linux-x86_64 0.1-5 5.32 20.12 25.44 NOTE
r-release-osx-x86_64-mavericks 0.1-5 ERROR
r-release-osx-x86_64-snowleopard 0.1-5 ERROR

Check Details

Version: 0.1-5
Check: package dependencies
Result: NOTE
    Package suggested but not available for checking: ‘rsprng’
Flavors: r-devel-linux-x86_64-debian-clang, r-devel-linux-x86_64-debian-gcc, r-devel-linux-x86_64-fedora-clang, r-devel-linux-x86_64-fedora-gcc, r-devel-osx-x86_64-clang, r-patched-linux-x86_64, r-patched-solaris-sparc, r-patched-solaris-x86, r-release-linux-x86_64

Version: 0.1-5
Check: package namespace information
Result: OK
    
Flavor: r-release-osx-x86_64-mavericks

Version: 0.1-5
Check: package dependencies
Result: ERROR
    Package required but not available: ‘Rmpi’
    
    Package suggested but not available for checking: ‘rsprng’
    
    See section ‘The DESCRIPTION file’ in the ‘Writing R Extensions’
    manual.
Flavor: r-release-osx-x86_64-mavericks

Version: 0.1-5
Check: package dependencies
Result: ERROR
    Package required but not available: ‘Rmpi’
    
    Packages suggested but not available for checking: ‘rsprng’ ‘fields’
    
    See section ‘The DESCRIPTION file’ in the ‘Writing R Extensions’
    manual.
Flavor: r-release-osx-x86_64-snowleopard