CRAN Package Check Results for Package bigGP

Last updated on 2014-12-20 14:47:49.

Flavor Version Tinstall Tcheck Ttotal Status Flags
r-devel-linux-x86_64-debian-clang 0.1-4 5.12 24.24 29.36 OK
r-devel-linux-x86_64-debian-gcc 0.1-4 5.25 21.15 26.40 OK
r-devel-linux-x86_64-fedora-clang 0.1-4 44.85 OK
r-devel-linux-x86_64-fedora-gcc 0.1-4 42.28 OK
r-devel-osx-x86_64-clang 0.1-4 46.87 OK
r-patched-linux-x86_64 0.1-4 5.17 20.50 25.67 OK
r-patched-solaris-sparc 0.1-4 233.20 OK
r-patched-solaris-x86 0.1-4 60.00 OK
r-release-linux-ix86 0.1-4 7.18 24.34 31.52 OK
r-release-linux-x86_64 0.1-4 5.39 22.46 27.84 OK
r-release-osx-x86_64-mavericks 0.1-4 ERROR
r-release-osx-x86_64-snowleopard 0.1-4 NOTE

Check Details

Version: 0.1-4
Check: package dependencies
Result: ERROR
    Package required but not available: ‘Rmpi’
    
    Package suggested but not available for checking: ‘rsprng’
    
    See the information on DESCRIPTION files in the chapter ‘Creating R
    packages’ of the ‘Writing R Extensions’ manual.
Flavor: r-release-osx-x86_64-mavericks

Version: 0.1-4
Check: package dependencies
Result: NOTE
    Package suggested but not available for checking: ‘rsprng’
Flavor: r-release-osx-x86_64-snowleopard