CRAN Package Check Results for Package bigGP

Last updated on 2015-09-01 10:50:45.

Flavor Version Tinstall Tcheck Ttotal Status Flags
r-devel-linux-x86_64-debian-clang 0.1-6 4.95 18.91 23.86 OK
r-devel-linux-x86_64-debian-gcc 0.1-6 4.99 18.53 23.52 OK
r-devel-linux-x86_64-fedora-clang 0.1-6 38.13 OK
r-devel-linux-x86_64-fedora-gcc 0.1-6 36.20 OK
r-devel-osx-x86_64-clang 0.1-6 34.18 OK
r-patched-linux-x86_64 0.1-6 5.11 19.46 24.57 OK
r-patched-solaris-sparc 0.1-6 253.40 OK
r-patched-solaris-x86 0.1-6 60.40 OK
r-release-linux-x86_64 0.1-6 5.04 19.44 24.48 OK
r-release-osx-x86_64-mavericks 0.1-6 ERROR

Check Details

Version: 0.1-6
Check: package dependencies
Result: ERROR
    Package required but not available: ‘Rmpi’
    
    See section ‘The DESCRIPTION file’ in the ‘Writing R Extensions’
    manual.
Flavor: r-release-osx-x86_64-mavericks