CRAN Package Check Results for Package bigGP

Last updated on 2015-07-01 17:47:28.

Flavor Version Tinstall Tcheck Ttotal Status Flags
r-devel-linux-x86_64-debian-clang 0.1-5 5.10 20.13 25.23 NOTE
r-devel-linux-x86_64-debian-gcc 0.1-5 5.16 19.07 24.23 NOTE
r-devel-linux-x86_64-fedora-clang 0.1-5 39.07 NOTE
r-devel-linux-x86_64-fedora-gcc 0.1-5 37.14 NOTE
r-devel-osx-x86_64-clang 0.1-5 40.43 NOTE
r-patched-linux-x86_64 0.1-5 5.38 20.02 25.40 NOTE
r-patched-solaris-sparc 0.1-5 238.00 NOTE
r-patched-solaris-x86 0.1-5 58.00 NOTE
r-release-linux-x86_64 0.1-5 5.00 19.03 24.02 NOTE
r-release-osx-x86_64-mavericks 0.1-5 ERROR

Check Details

Version: 0.1-5
Check: package dependencies
Result: NOTE
    Package suggested but not available for checking: ‘rsprng’
Flavors: r-devel-linux-x86_64-debian-clang, r-devel-linux-x86_64-debian-gcc, r-devel-linux-x86_64-fedora-clang, r-devel-linux-x86_64-fedora-gcc, r-devel-osx-x86_64-clang, r-patched-linux-x86_64, r-patched-solaris-sparc, r-patched-solaris-x86, r-release-linux-x86_64

Version: 0.1-5
Check: R code for possible problems
Result: NOTE
    localConstructRnormMatrix: no visible global function definition for
     ‘rnorm’
Flavors: r-devel-linux-x86_64-debian-clang, r-devel-linux-x86_64-debian-gcc, r-devel-linux-x86_64-fedora-clang, r-devel-linux-x86_64-fedora-gcc

Version: 0.1-5
Check: package dependencies
Result: ERROR
    Package required but not available: ‘Rmpi’
    
    Package suggested but not available for checking: ‘rsprng’
    
    See section ‘The DESCRIPTION file’ in the ‘Writing R Extensions’
    manual.
Flavor: r-release-osx-x86_64-mavericks