CRAN Package Check Results for Package bigGP

Last updated on 2017-10-22 22:48:37.

Flavor Version Tinstall Tcheck Ttotal Status Flags
r-devel-linux-x86_64-debian-clang 0.1-6 6.11 18.66 24.78 NOTE
r-devel-linux-x86_64-debian-gcc 0.1-6 6.27 20.28 26.55 NOTE
r-devel-linux-x86_64-fedora-clang 0.1-6 42.73 NOTE
r-devel-linux-x86_64-fedora-gcc 0.1-6 42.12 NOTE
r-patched-linux-x86_64 0.1-6 6.04 18.73 24.77 NOTE
r-patched-solaris-x86 0.1-6 93.50 OK
r-release-linux-x86_64 0.1-6 5.65 18.54 24.19 NOTE
r-release-osx-x86_64 0.1-6 ERROR
r-oldrel-osx-x86_64 0.1-6 ERROR

Check Details

Version: 0.1-6
Check: compiled code
Result: NOTE
    File ‘bigGP/libs/bigGP.so’:
     Found no calls to: ‘R_registerRoutines’, ‘R_useDynamicSymbols’
    
    It is good practice to register native routines and to disable symbol
    search.
    
    See ‘Writing portable packages’ in the ‘Writing R Extensions’ manual.
Flavors: r-devel-linux-x86_64-debian-clang, r-devel-linux-x86_64-debian-gcc, r-devel-linux-x86_64-fedora-clang, r-devel-linux-x86_64-fedora-gcc, r-patched-linux-x86_64, r-release-linux-x86_64

Version: 0.1-6
Check: package dependencies
Result: ERROR
    Package required but not available: ‘Rmpi’
    
    See section ‘The DESCRIPTION file’ in the ‘Writing R Extensions’
    manual.
Flavors: r-release-osx-x86_64, r-oldrel-osx-x86_64