CRAN Package Check Results for Package bigGP

Last updated on 2015-02-28 12:51:06.

Flavor Version Tinstall Tcheck Ttotal Status Flags
r-devel-linux-x86_64-debian-clang 0.1-5 5.01 18.96 23.97 OK
r-devel-linux-x86_64-debian-gcc 0.1-5 5.69 19.10 24.79 OK
r-devel-linux-x86_64-fedora-clang 0.1-5 39.99 OK
r-devel-linux-x86_64-fedora-gcc 0.1-5 38.55 OK
r-devel-osx-x86_64-clang 0.1-5 38.82 OK
r-patched-linux-x86_64 0.1-5 5.22 21.06 26.28 OK
r-patched-solaris-sparc 0.1-5 232.20 OK
r-patched-solaris-x86 0.1-5 63.60 OK
r-release-linux-ix86 0.1-5 7.46 28.65 36.11 OK
r-release-linux-x86_64 0.1-5 5.12 20.22 25.34 OK
r-release-osx-x86_64-mavericks 0.1-5 ERROR
r-release-osx-x86_64-snowleopard 0.1-5 NOTE

Check Details

Version: 0.1-5
Check: package dependencies
Result: ERROR
    Package required but not available: ‘Rmpi’
    
    Package suggested but not available for checking: ‘rsprng’
    
    See section ‘The DESCRIPTION file’ in the ‘Writing R Extensions’
    manual.
Flavor: r-release-osx-x86_64-mavericks

Version: 0.1-5
Check: package dependencies
Result: NOTE
    Package suggested but not available for checking: ‘rsprng’
Flavor: r-release-osx-x86_64-snowleopard