CRAN Package Check Results for Package bigGP

Last updated on 2016-02-11 23:47:20.

Flavor Version Tinstall Tcheck Ttotal Status Flags
r-devel-linux-x86_64-debian-gcc 0.1-6 5.07 18.89 23.96 OK
r-devel-linux-x86_64-fedora-clang 0.1-6 37.08 OK
r-devel-linux-x86_64-fedora-gcc 0.1-6 36.22 OK
r-devel-osx-x86_64-clang 0.1-6 43.40 OK
r-patched-linux-x86_64 0.1-6 5.64 20.60 26.24 OK
r-patched-solaris-sparc 0.1-6 231.60 OK
r-patched-solaris-x86 0.1-6 52.20 OK
r-release-linux-x86_64 0.1-6 5.28 19.89 25.18 OK
r-release-osx-x86_64-mavericks 0.1-6 ERROR

Check Details

Version: 0.1-6
Check: package dependencies
Result: ERROR
    Package required but not available: ‘Rmpi’
    
    See section ‘The DESCRIPTION file’ in the ‘Writing R Extensions’
    manual.
Flavor: r-release-osx-x86_64-mavericks