CRAN Package Check Results for Package bigGP

Last updated on 2017-03-26 21:47:37.

Flavor Version Tinstall Tcheck Ttotal Status Flags
r-devel-linux-x86_64-debian-clang 0.1-6 6.91 18.95 25.85 NOTE
r-devel-linux-x86_64-debian-gcc 0.1-6 5.34 19.63 24.97 NOTE
r-devel-linux-x86_64-fedora-clang 0.1-6 48.96 NOTE --no-stop-on-test-error
r-devel-linux-x86_64-fedora-gcc 0.1-6 44.44 NOTE --no-stop-on-test-error
r-devel-macos-x86_64-clang 0.1-6 35.60 NOTE --no-stop-on-test-error
r-patched-linux-x86_64 0.1-6 4.94 18.40 23.34 NOTE
r-patched-solaris-sparc 0.1-6 251.90 OK
r-patched-solaris-x86 0.1-6 80.40 OK
r-release-linux-x86_64 0.1-6 4.68 16.53 21.20 OK
r-release-osx-x86_64-mavericks 0.1-6 ERROR

Check Details

Version: 0.1-6
Check: compiled code
Result: NOTE
    File ‘bigGP/libs/bigGP.so’:
     Found no calls to: ‘R_registerRoutines’, ‘R_useDynamicSymbols’
    
    It is good practice to register native routines and to disable symbol
    search.
    
    See ‘Writing portable packages’ in the ‘Writing R Extensions’ manual.
Flavors: r-devel-linux-x86_64-debian-clang, r-devel-linux-x86_64-debian-gcc, r-patched-linux-x86_64

Version: 0.1-6
Flags: --no-stop-on-test-error
Check: compiled code
Result: NOTE
    File ‘bigGP/libs/bigGP.so’:
     Found no calls to: ‘R_registerRoutines’, ‘R_useDynamicSymbols’
    
    It is good practice to register native routines and to disable symbol
    search.
    
    See ‘Writing portable packages’ in the ‘Writing R Extensions’ manual.
Flavors: r-devel-linux-x86_64-fedora-clang, r-devel-linux-x86_64-fedora-gcc, r-devel-macos-x86_64-clang

Version: 0.1-6
Check: package dependencies
Result: ERROR
    Package required but not available: ‘Rmpi’
    
    See section ‘The DESCRIPTION file’ in the ‘Writing R Extensions’
    manual.
Flavor: r-release-osx-x86_64-mavericks