CRAN Package Check Results for Package bigGP

Last updated on 2017-08-17 07:46:47.

Flavor Version Tinstall Tcheck Ttotal Status Flags
r-devel-linux-x86_64-debian-clang 0.1-6 6.92 18.89 25.81 NOTE
r-devel-linux-x86_64-debian-gcc 0.1-6 5.70 18.01 23.71 NOTE
r-devel-linux-x86_64-fedora-clang 0.1-6 45.84 NOTE
r-devel-linux-x86_64-fedora-gcc 0.1-6 48.49 NOTE
r-patched-linux-x86_64 0.1-6 5.66 19.23 24.89 NOTE
r-patched-solaris-x86 0.1-6 87.30 OK
r-release-linux-x86_64 0.1-6 5.26 19.12 24.38 NOTE
r-release-osx-x86_64 0.1-6 ERROR
r-oldrel-osx-x86_64 0.1-6 ERROR

Check Details

Version: 0.1-6
Check: compiled code
Result: NOTE
    File ‘bigGP/libs/bigGP.so’:
     Found no calls to: ‘R_registerRoutines’, ‘R_useDynamicSymbols’
    
    It is good practice to register native routines and to disable symbol
    search.
    
    See ‘Writing portable packages’ in the ‘Writing R Extensions’ manual.
Flavors: r-devel-linux-x86_64-debian-clang, r-devel-linux-x86_64-debian-gcc, r-devel-linux-x86_64-fedora-clang, r-devel-linux-x86_64-fedora-gcc, r-patched-linux-x86_64, r-release-linux-x86_64

Version: 0.1-6
Check: package dependencies
Result: ERROR
    Package required but not available: ‘Rmpi’
    
    See section ‘The DESCRIPTION file’ in the ‘Writing R Extensions’
    manual.
Flavors: r-release-osx-x86_64, r-oldrel-osx-x86_64