CRAN Package Check Results for Package bigGP

Last updated on 2016-07-31 06:47:18.

Flavor Version Tinstall Tcheck Ttotal Status Flags
r-devel-linux-x86_64-debian-clang 0.1-6 6.60 20.02 26.62 OK
r-devel-linux-x86_64-debian-gcc 0.1-6 5.75 19.61 25.35 OK
r-devel-linux-x86_64-fedora-clang 0.1-6 37.40 OK
r-devel-linux-x86_64-fedora-gcc 0.1-6 34.48 OK
r-devel-osx-x86_64-clang 0.1-6 31.77 OK
r-patched-linux-x86_64 0.1-6 5.24 19.48 24.71 OK
r-patched-solaris-sparc 0.1-6 226.00 OK
r-patched-solaris-x86 0.1-6 51.00 OK
r-release-linux-x86_64 0.1-6 6.44 23.68 30.13 OK
r-release-osx-x86_64-mavericks 0.1-6 ERROR

Check Details

Version: 0.1-6
Check: package dependencies
Result: ERROR
    Package required but not available: ‘Rmpi’
    
    See section ‘The DESCRIPTION file’ in the ‘Writing R Extensions’
    manual.
Flavor: r-release-osx-x86_64-mavericks