CRAN Package Check Results for Package bigGP

Last updated on 2016-12-09 23:49:21.

Flavor Version Tinstall Tcheck Ttotal Status Flags
r-devel-linux-x86_64-debian-clang 0.1-6 7.04 24.42 31.46 OK
r-devel-linux-x86_64-debian-gcc 0.1-6 6.30 24.34 30.64 OK
r-devel-linux-x86_64-fedora-clang 0.1-6 44.23 OK --no-stop-on-test-error
r-devel-linux-x86_64-fedora-gcc 0.1-6 42.58 OK --no-stop-on-test-error
r-devel-macos-x86_64-clang 0.1-6 36.02 OK --no-stop-on-test-error
r-patched-linux-x86_64 0.1-6 5.26 22.36 27.62 OK
r-patched-solaris-sparc 0.1-6 226.00 OK
r-patched-solaris-x86 0.1-6 53.20 OK
r-release-linux-x86_64 0.1-6 5.26 22.64 27.89 OK
r-release-osx-x86_64-mavericks 0.1-6 ERROR

Check Details

Version: 0.1-6
Check: package dependencies
Result: ERROR
    Package required but not available: ‘Rmpi’
    
    See section ‘The DESCRIPTION file’ in the ‘Writing R Extensions’
    manual.
Flavor: r-release-osx-x86_64-mavericks