CRAN Package Check Results for Package bigGP

Last updated on 2016-06-26 20:49:50.

Flavor Version Tinstall Tcheck Ttotal Status Flags
r-devel-linux-x86_64-debian-gcc 0.1-6 5.80 22.08 27.88 OK
r-devel-linux-x86_64-fedora-clang 0.1-6 37.52 OK
r-devel-linux-x86_64-fedora-gcc 0.1-6 36.83 OK
r-devel-osx-x86_64-clang 0.1-6 41.46 OK
r-patched-linux-x86_64 0.1-6 6.26 22.53 28.79 OK
r-patched-solaris-sparc 0.1-6 226.00 OK
r-patched-solaris-x86 0.1-6 53.30 OK
r-release-linux-x86_64 0.1-6 6.18 23.13 29.31 OK
r-release-osx-x86_64-mavericks 0.1-6 ERROR

Check Details

Version: 0.1-6
Check: package dependencies
Result: ERROR
    Package required but not available: ‘Rmpi’
    
    See section ‘The DESCRIPTION file’ in the ‘Writing R Extensions’
    manual.
Flavor: r-release-osx-x86_64-mavericks