CRAN Package Check Results for Package bigGP

Last updated on 2017-02-20 13:50:38.

Flavor Version Tinstall Tcheck Ttotal Status Flags
r-devel-linux-x86_64-debian-clang 0.1-6 6.46 18.45 24.91 NOTE
r-devel-linux-x86_64-debian-gcc 0.1-6 5.54 18.78 24.31 NOTE
r-devel-linux-x86_64-fedora-clang 0.1-6 41.29 NOTE --no-stop-on-test-error
r-devel-linux-x86_64-fedora-gcc 0.1-6 41.51 NOTE --no-stop-on-test-error
r-devel-macos-x86_64-clang 0.1-6 36.26 NOTE --no-stop-on-test-error
r-patched-linux-x86_64 0.1-6 4.81 16.16 20.97 OK
r-patched-solaris-sparc 0.1-6 231.90 OK
r-patched-solaris-x86 0.1-6 50.30 OK
r-release-linux-x86_64 0.1-6 4.56 16.49 21.05 OK
r-release-osx-x86_64-mavericks 0.1-6 ERROR

Check Details

Version: 0.1-6
Check: compiled code
Result: NOTE
    File ‘bigGP/libs/bigGP.so’:
     Found no calls to: ‘R_registerRoutines’, ‘R_useDynamicSymbols’
    
    It is good practice to register native routines and to disable symbol
    search.
    
    See ‘Writing portable packages’ in the ‘Writing R Extensions’ manual.
Flavors: r-devel-linux-x86_64-debian-clang, r-devel-linux-x86_64-debian-gcc

Version: 0.1-6
Flags: --no-stop-on-test-error
Check: compiled code
Result: NOTE
    File ‘bigGP/libs/bigGP.so’:
     Found no calls to: ‘R_registerRoutines’, ‘R_useDynamicSymbols’
    
    It is good practice to register native routines and to disable symbol
    search.
    
    See ‘Writing portable packages’ in the ‘Writing R Extensions’ manual.
Flavors: r-devel-linux-x86_64-fedora-clang, r-devel-linux-x86_64-fedora-gcc, r-devel-macos-x86_64-clang

Version: 0.1-6
Check: package dependencies
Result: ERROR
    Package required but not available: ‘Rmpi’
    
    See section ‘The DESCRIPTION file’ in the ‘Writing R Extensions’
    manual.
Flavor: r-release-osx-x86_64-mavericks