CRAN Package Check Results for Package bigRR

Last updated on 2017-06-28 10:48:04.

Flavor Version Tinstall Tcheck Ttotal Status Flags
r-devel-linux-x86_64-debian-clang 1.3-10 3.17 45.93 49.10 NOTE
r-devel-linux-x86_64-debian-gcc 1.3-10 2.99 50.40 53.40 NOTE
r-devel-linux-x86_64-fedora-clang 1.3-10 103.38 NOTE
r-devel-linux-x86_64-fedora-gcc 1.3-10 98.14 NOTE
r-devel-windows-ix86+x86_64 1.3-10 10.00 79.00 89.00 NOTE
r-patched-linux-x86_64 1.3-10 2.71 42.76 45.47 NOTE
r-patched-solaris-sparc 1.3-10 520.20 NOTE
r-patched-solaris-x86 1.3-10 143.80 NOTE
r-release-linux-x86_64 1.3-10 2.93 43.35 46.28 NOTE
r-release-windows-ix86+x86_64 1.3-10 6.00 110.00 116.00 NOTE
r-release-osx-x86_64 1.3-10 NOTE
r-oldrel-windows-ix86+x86_64 1.3-10 10.00 97.00 107.00 NOTE
r-oldrel-osx-x86_64 1.3-10 NOTE

Check Details

Version: 1.3-10
Check: R code for possible problems
Result: NOTE
    bigRR: no visible global function definition for ‘gaussian’
    bigRR.default: no visible global function definition for ‘gaussian’
    bigRR.formula: no visible global function definition for ‘gaussian’
    bigRR.formula: no visible global function definition for ‘as.formula’
    bigRR.formula: no visible global function definition for ‘model.frame’
    bigRR.formula: no visible global function definition for ‘model.matrix’
    bigRR.formula: no visible global function definition for
     ‘model.response’
    bigRR_update: no visible global function definition for ‘gaussian’
    hugeRR: no visible global function definition for ‘gaussian’
    hugeRR_update: no visible global function definition for ‘gaussian’
    plot.bigRR: no visible global function definition for ‘par’
    plot.bigRR: no visible global function definition for ‘plot’
    plot.bigRR: no visible global function definition for ‘rgb’
    Undefined global functions or variables:
     as.formula gaussian model.frame model.matrix model.response par plot
     rgb
    Consider adding
     importFrom("grDevices", "rgb")
     importFrom("graphics", "par", "plot")
     importFrom("stats", "as.formula", "gaussian", "model.frame",
     "model.matrix", "model.response")
    to your NAMESPACE file.
Flavors: r-devel-linux-x86_64-debian-clang, r-devel-linux-x86_64-debian-gcc, r-devel-linux-x86_64-fedora-clang, r-devel-linux-x86_64-fedora-gcc, r-devel-windows-ix86+x86_64, r-patched-linux-x86_64, r-patched-solaris-sparc, r-patched-solaris-x86, r-release-linux-x86_64, r-release-windows-ix86+x86_64, r-release-osx-x86_64, r-oldrel-windows-ix86+x86_64, r-oldrel-osx-x86_64