CRAN Package Check Results for Package bigRR

Last updated on 2015-09-01 16:49:16.

Flavor Version Tinstall Tcheck Ttotal Status Flags
r-devel-linux-x86_64-debian-clang 1.3-10 2.78 41.45 44.22 NOTE
r-devel-linux-x86_64-debian-gcc 1.3-10 2.82 40.09 42.92 NOTE
r-devel-linux-x86_64-fedora-clang 1.3-10 91.58 NOTE
r-devel-linux-x86_64-fedora-gcc 1.3-10 85.65 NOTE
r-devel-osx-x86_64-clang 1.3-10 72.13 OK
r-devel-windows-ix86+x86_64 1.3-10 11.00 97.00 108.00 NOTE
r-patched-linux-x86_64 1.3-10 3.07 41.37 44.44 OK
r-patched-solaris-sparc 1.3-10 527.10 OK
r-patched-solaris-x86 1.3-10 142.40 OK
r-release-linux-x86_64 1.3-10 2.98 43.15 46.13 OK
r-release-osx-x86_64-mavericks 1.3-10 OK
r-release-windows-ix86+x86_64 1.3-10 2.00 1.00 3.00 ERROR
r-oldrel-windows-ix86+x86_64 1.3-10 2.00 2.00 4.00 ERROR

Check Details

Version: 1.3-10
Check: R code for possible problems
Result: NOTE
    bigRR: no visible global function definition for ‘gaussian’
    bigRR.default: no visible global function definition for ‘gaussian’
    bigRR.formula: no visible global function definition for ‘gaussian’
    bigRR.formula: no visible global function definition for ‘as.formula’
    bigRR.formula: no visible global function definition for ‘model.frame’
    bigRR.formula: no visible global function definition for ‘model.matrix’
    bigRR.formula: no visible global function definition for
     ‘model.response’
    bigRR_update: no visible global function definition for ‘gaussian’
    hugeRR: no visible global function definition for ‘gaussian’
    hugeRR_update: no visible global function definition for ‘gaussian’
    plot.bigRR: no visible global function definition for ‘par’
    plot.bigRR: no visible global function definition for ‘plot’
    plot.bigRR: no visible global function definition for ‘rgb’
    Undefined global functions or variables:
     as.formula gaussian model.frame model.matrix model.response par plot
     rgb
    Consider adding
     importFrom("grDevices", "rgb")
     importFrom("graphics", "par", "plot")
     importFrom("stats", "as.formula", "gaussian", "model.frame",
     "model.matrix", "model.response")
    to your NAMESPACE.
Flavors: r-devel-linux-x86_64-debian-clang, r-devel-linux-x86_64-debian-gcc, r-devel-linux-x86_64-fedora-clang, r-devel-linux-x86_64-fedora-gcc, r-devel-windows-ix86+x86_64

Version: 1.3-10
Check: whether package can be installed
Result: ERROR
    Installation failed.
Flavors: r-release-windows-ix86+x86_64, r-oldrel-windows-ix86+x86_64