CRAN Package Check Results for Package bigRR

Last updated on 2015-08-05 11:47:50.

Flavor Version Tinstall Tcheck Ttotal Status Flags
r-devel-linux-x86_64-debian-clang 1.3-10 2.98 43.36 46.34 NOTE
r-devel-linux-x86_64-debian-gcc 1.3-10 3.09 42.92 46.01 NOTE
r-devel-linux-x86_64-fedora-clang 1.3-10 96.56 NOTE
r-devel-linux-x86_64-fedora-gcc 1.3-10 92.36 NOTE
r-devel-osx-x86_64-clang 1.3-10 80.86 OK
r-devel-windows-ix86+x86_64 1.3-10 12.00 102.00 114.00 NOTE
r-patched-linux-x86_64 1.3-10 3.17 39.88 43.05 OK
r-patched-solaris-sparc 1.3-10 527.10 OK
r-patched-solaris-x86 1.3-10 139.40 OK
r-release-linux-x86_64 1.3-10 3.00 41.77 44.77 OK
r-release-osx-x86_64-mavericks 1.3-10 OK
r-release-windows-ix86+x86_64 1.3-10 11.00 74.00 85.00 OK
r-oldrel-windows-ix86+x86_64 1.3-10 14.00 74.00 88.00 OK

Check Details

Version: 1.3-10
Check: R code for possible problems
Result: NOTE
    bigRR: no visible global function definition for ‘gaussian’
    bigRR.default: no visible global function definition for ‘gaussian’
    bigRR.formula: no visible global function definition for ‘gaussian’
    bigRR.formula: no visible global function definition for ‘as.formula’
    bigRR.formula: no visible global function definition for ‘model.frame’
    bigRR.formula: no visible global function definition for ‘model.matrix’
    bigRR.formula: no visible global function definition for
     ‘model.response’
    bigRR_update: no visible global function definition for ‘gaussian’
    hugeRR: no visible global function definition for ‘gaussian’
    hugeRR_update: no visible global function definition for ‘gaussian’
    plot.bigRR: no visible global function definition for ‘par’
    plot.bigRR: no visible global function definition for ‘plot’
    plot.bigRR: no visible global function definition for ‘rgb’
    Undefined global functions or variables:
     as.formula gaussian model.frame model.matrix model.response par plot
     rgb
    Consider adding
     importFrom("grDevices", "rgb")
     importFrom("graphics", "par", "plot")
     importFrom("stats", "as.formula", "gaussian", "model.frame",
     "model.matrix", "model.response")
    to your NAMESPACE.
Flavors: r-devel-linux-x86_64-debian-clang, r-devel-linux-x86_64-debian-gcc, r-devel-linux-x86_64-fedora-clang, r-devel-linux-x86_64-fedora-gcc, r-devel-windows-ix86+x86_64