CRAN Package Check Results for Package bigRR

Last updated on 2017-02-24 23:52:16.

Flavor Version Tinstall Tcheck Ttotal Status Flags
r-devel-linux-x86_64-debian-clang 1.3-10 2.66 43.98 46.64 NOTE
r-devel-linux-x86_64-debian-gcc 1.3-10 2.90 47.29 50.19 NOTE
r-devel-linux-x86_64-fedora-clang 1.3-10 101.06 NOTE --no-stop-on-test-error
r-devel-linux-x86_64-fedora-gcc 1.3-10 97.73 NOTE --no-stop-on-test-error
r-devel-macos-x86_64-clang 1.3-10 77.82 NOTE --no-stop-on-test-error
r-devel-windows-ix86+x86_64 1.3-10 22.00 98.00 120.00 NOTE
r-patched-linux-x86_64 1.3-10 2.73 40.94 43.67 NOTE
r-patched-solaris-sparc 1.3-10 478.30 NOTE
r-patched-solaris-x86 1.3-10 129.80 NOTE
r-release-linux-x86_64 1.3-10 2.49 45.91 48.40 NOTE
r-release-osx-x86_64-mavericks 1.3-10 NOTE
r-release-windows-ix86+x86_64 1.3-10 9.00 95.00 104.00 NOTE
r-oldrel-windows-ix86+x86_64 1.3-10 11.00 101.00 112.00 OK

Check Details

Version: 1.3-10
Check: R code for possible problems
Result: NOTE
    bigRR: no visible global function definition for ‘gaussian’
    bigRR.default: no visible global function definition for ‘gaussian’
    bigRR.formula: no visible global function definition for ‘gaussian’
    bigRR.formula: no visible global function definition for ‘as.formula’
    bigRR.formula: no visible global function definition for ‘model.frame’
    bigRR.formula: no visible global function definition for ‘model.matrix’
    bigRR.formula: no visible global function definition for
     ‘model.response’
    bigRR_update: no visible global function definition for ‘gaussian’
    hugeRR: no visible global function definition for ‘gaussian’
    hugeRR_update: no visible global function definition for ‘gaussian’
    plot.bigRR: no visible global function definition for ‘par’
    plot.bigRR: no visible global function definition for ‘plot’
    plot.bigRR: no visible global function definition for ‘rgb’
    Undefined global functions or variables:
     as.formula gaussian model.frame model.matrix model.response par plot
     rgb
    Consider adding
     importFrom("grDevices", "rgb")
     importFrom("graphics", "par", "plot")
     importFrom("stats", "as.formula", "gaussian", "model.frame",
     "model.matrix", "model.response")
    to your NAMESPACE file.
Flavors: r-devel-linux-x86_64-debian-clang, r-devel-linux-x86_64-debian-gcc, r-devel-windows-ix86+x86_64, r-patched-linux-x86_64, r-patched-solaris-sparc, r-patched-solaris-x86, r-release-linux-x86_64, r-release-osx-x86_64-mavericks, r-release-windows-ix86+x86_64

Version: 1.3-10
Flags: --no-stop-on-test-error
Check: R code for possible problems
Result: NOTE
    bigRR: no visible global function definition for ‘gaussian’
    bigRR.default: no visible global function definition for ‘gaussian’
    bigRR.formula: no visible global function definition for ‘gaussian’
    bigRR.formula: no visible global function definition for ‘as.formula’
    bigRR.formula: no visible global function definition for ‘model.frame’
    bigRR.formula: no visible global function definition for ‘model.matrix’
    bigRR.formula: no visible global function definition for
     ‘model.response’
    bigRR_update: no visible global function definition for ‘gaussian’
    hugeRR: no visible global function definition for ‘gaussian’
    hugeRR_update: no visible global function definition for ‘gaussian’
    plot.bigRR: no visible global function definition for ‘par’
    plot.bigRR: no visible global function definition for ‘plot’
    plot.bigRR: no visible global function definition for ‘rgb’
    Undefined global functions or variables:
     as.formula gaussian model.frame model.matrix model.response par plot
     rgb
    Consider adding
     importFrom("grDevices", "rgb")
     importFrom("graphics", "par", "plot")
     importFrom("stats", "as.formula", "gaussian", "model.frame",
     "model.matrix", "model.response")
    to your NAMESPACE file.
Flavors: r-devel-linux-x86_64-fedora-clang, r-devel-linux-x86_64-fedora-gcc, r-devel-macos-x86_64-clang