CRAN Package Check Results for Package bigRR

Last updated on 2014-10-31 11:47:18.

Flavor Version Tinstall Tcheck Ttotal Status Flags
r-devel-linux-x86_64-debian-clang 1.3-10 8.04 129.08 137.12 OK
r-devel-linux-x86_64-debian-gcc 1.3-10 8.59 85.29 93.88 OK
r-devel-linux-x86_64-fedora-clang 1.3-10 271.35 OK
r-devel-linux-x86_64-fedora-gcc 1.3-10 257.93 OK
r-devel-osx-x86_64-clang 1.3-10 210.19 OK
r-devel-windows-ix86+x86_64 1.3-10 15.00 106.00 121.00 OK
r-patched-linux-x86_64 1.3-10 7.96 82.58 90.54 OK
r-patched-solaris-sparc 1.3-10 565.30 OK
r-patched-solaris-x86 1.3-10 384.80 OK
r-release-linux-ix86 1.3-10 8.88 95.01 103.89 OK
r-release-linux-x86_64 1.3-10 7.63 87.14 94.77 OK
r-release-osx-x86_64-mavericks 1.3-10 OK
r-release-osx-x86_64-snowleopard 1.3-10 OK
r-release-windows-ix86+x86_64 1.3-10 1.00 1.00 2.00 ERROR
r-oldrel-windows-ix86+x86_64 1.3-10 17.00 214.00 231.00 OK

Check Details

Version: 1.3-10
Check: whether package can be installed
Result: ERROR
    Installation failed.
Flavor: r-release-windows-ix86+x86_64