CRAN Package Check Results for Package bigRR

Last updated on 2015-07-05 22:47:19.

Flavor Version Tinstall Tcheck Ttotal Status Flags
r-devel-linux-x86_64-debian-clang 1.3-10 2.89 41.83 44.72 NOTE
r-devel-linux-x86_64-debian-gcc 1.3-10 2.82 40.96 43.78 NOTE
r-devel-linux-x86_64-fedora-clang 1.3-10 93.56 NOTE
r-devel-linux-x86_64-fedora-gcc 1.3-10 83.02 NOTE
r-devel-osx-x86_64-clang 1.3-10 81.26 OK
r-devel-windows-ix86+x86_64 1.3-10 13.00 100.00 113.00 NOTE
r-patched-linux-x86_64 1.3-10 2.88 46.01 48.89 OK
r-patched-solaris-sparc 1.3-10 507.20 OK
r-patched-solaris-x86 1.3-10 140.00 OK
r-release-linux-x86_64 1.3-10 3.16 41.61 44.77 OK
r-release-osx-x86_64-mavericks 1.3-10 OK
r-release-windows-ix86+x86_64 1.3-10 12.00 60.00 72.00 OK
r-oldrel-windows-ix86+x86_64 1.3-10 15.00 71.00 86.00 OK

Check Details

Version: 1.3-10
Check: R code for possible problems
Result: NOTE
    bigRR: Error while checking: invalid ‘envir’ argument
    bigRR.default: Error while checking: invalid ‘envir’ argument
    bigRR.formula: Error while checking: invalid ‘envir’ argument
    bigRR_update: Error while checking: invalid ‘envir’ argument
    hugeRR: Error while checking: invalid ‘envir’ argument
    hugeRR_update: Error while checking: invalid ‘envir’ argument
    plot.bigRR: no visible global function definition for ‘par’
    plot.bigRR: no visible global function definition for ‘plot’
    plot.bigRR: no visible global function definition for ‘rgb’
    Undefined global functions or variables:
     par plot rgb
Flavors: r-devel-linux-x86_64-debian-clang, r-devel-linux-x86_64-debian-gcc, r-devel-linux-x86_64-fedora-clang, r-devel-linux-x86_64-fedora-gcc

Version: 1.3-10
Check: R code for possible problems
Result: NOTE
    bigRR: no visible global function definition for 'gaussian'
    bigRR.default: no visible global function definition for 'gaussian'
    bigRR.formula: no visible global function definition for 'gaussian'
    bigRR.formula: no visible global function definition for 'as.formula'
    bigRR.formula: no visible global function definition for 'model.frame'
    bigRR.formula: no visible global function definition for 'model.matrix'
    bigRR.formula: no visible global function definition for
     'model.response'
    bigRR_update: no visible global function definition for 'gaussian'
    hugeRR: no visible global function definition for 'gaussian'
    hugeRR_update: no visible global function definition for 'gaussian'
    plot.bigRR: no visible global function definition for 'par'
    plot.bigRR: no visible global function definition for 'plot'
    plot.bigRR: no visible global function definition for 'rgb'
    Undefined global functions or variables:
     as.formula gaussian model.frame model.matrix model.response par plot
     rgb
Flavor: r-devel-windows-ix86+x86_64