CRAN Package Check Results for Package bigRR

Last updated on 2017-08-21 13:49:41.

Flavor Version Tinstall Tcheck Ttotal Status Flags
r-devel-linux-x86_64-debian-clang 1.3-10 2.88 44.84 47.72 NOTE
r-devel-linux-x86_64-debian-gcc 1.3-10 3.14 45.29 48.43 NOTE
r-devel-linux-x86_64-fedora-clang 1.3-10 111.31 NOTE
r-devel-linux-x86_64-fedora-gcc 1.3-10 116.73 NOTE
r-devel-windows-ix86+x86_64 1.3-10 8.00 69.00 77.00 NOTE
r-patched-linux-x86_64 1.3-10 2.76 43.93 46.69 NOTE
r-patched-solaris-x86 1.3-10 153.40 NOTE
r-release-linux-x86_64 1.3-10 2.70 45.11 47.81 NOTE
r-release-windows-ix86+x86_64 1.3-10 10.00 69.00 79.00 NOTE
r-release-osx-x86_64 1.3-10 NOTE
r-oldrel-windows-ix86+x86_64 1.3-10 7.00 68.00 75.00 NOTE
r-oldrel-osx-x86_64 1.3-10 NOTE

Check Details

Version: 1.3-10
Check: R code for possible problems
Result: NOTE
    bigRR: no visible global function definition for ‘gaussian’
    bigRR.default: no visible global function definition for ‘gaussian’
    bigRR.formula: no visible global function definition for ‘gaussian’
    bigRR.formula: no visible global function definition for ‘as.formula’
    bigRR.formula: no visible global function definition for ‘model.frame’
    bigRR.formula: no visible global function definition for ‘model.matrix’
    bigRR.formula: no visible global function definition for
     ‘model.response’
    bigRR_update: no visible global function definition for ‘gaussian’
    hugeRR: no visible global function definition for ‘gaussian’
    hugeRR_update: no visible global function definition for ‘gaussian’
    plot.bigRR: no visible global function definition for ‘par’
    plot.bigRR: no visible global function definition for ‘plot’
    plot.bigRR: no visible global function definition for ‘rgb’
    Undefined global functions or variables:
     as.formula gaussian model.frame model.matrix model.response par plot
     rgb
    Consider adding
     importFrom("grDevices", "rgb")
     importFrom("graphics", "par", "plot")
     importFrom("stats", "as.formula", "gaussian", "model.frame",
     "model.matrix", "model.response")
    to your NAMESPACE file.
Flavors: r-devel-linux-x86_64-debian-clang, r-devel-linux-x86_64-debian-gcc, r-devel-linux-x86_64-fedora-clang, r-devel-linux-x86_64-fedora-gcc, r-devel-windows-ix86+x86_64, r-patched-linux-x86_64, r-patched-solaris-x86, r-release-linux-x86_64, r-release-windows-ix86+x86_64, r-release-osx-x86_64, r-oldrel-windows-ix86+x86_64, r-oldrel-osx-x86_64