CRAN Package Check Results for Package bigRR

Last updated on 2014-04-24 15:50:34.

Flavor Version Tinstall Tcheck Ttotal Status Flags
r-devel-linux-x86_64-debian-clang 1.3-8 6.89 115.99 122.88 OK
r-devel-linux-x86_64-debian-gcc 1.3-8 5.96 49.87 55.83 OK
r-devel-linux-x86_64-fedora-clang 1.3-8 116.12 OK
r-devel-linux-x86_64-fedora-gcc 1.3-8 113.28 OK
r-devel-osx-x86_64-clang 1.3-8 97.16 OK
r-devel-osx-x86_64-gcc 1.3-8 OK
r-devel-windows-ix86+x86_64 1.3-8 13.00 69.00 82.00 OK
r-patched-linux-x86_64 1.3-8 6.43 47.29 53.72 OK
r-patched-solaris-sparc 1.3-8 602.50 OK
r-patched-solaris-x86 1.3-8 151.60 OK
r-release-linux-ix86 1.3-8 9.00 78.00 87.00 OK
r-release-linux-x86_64 1.3-8 6.48 47.12 53.60 OK
r-release-osx-x86_64-mavericks 1.3-8 WARN
r-release-windows-ix86+x86_64 1.3-8 10.00 134.00 144.00 OK
r-oldrel-windows-ix86+x86_64 1.3-8 12.00 68.00 80.00 OK

Check Details

Version: 1.3-8
Check: PDF version of manual
Result: WARNING
    LaTeX errors when creating PDF version.
    This typically indicates Rd problems.
    LaTeX errors found:
    ! LaTeX Error: File `upquote.sty' not found.
    
    Type X to quit or <RETURN> to proceed,
    or enter new name. (Default extension: sty)
    
    be12900/Rd2.tex:8: ==> Fatal error occurred, no output PDF file produced!
Flavor: r-release-osx-x86_64-mavericks