CRAN Package Check Results for Package bigRR

Last updated on 2016-02-10 10:47:37.

Flavor Version Tinstall Tcheck Ttotal Status Flags
r-devel-linux-x86_64-debian-gcc 1.3-10 2.76 46.39 49.15 NOTE
r-devel-linux-x86_64-fedora-clang 1.3-10 89.12 NOTE
r-devel-linux-x86_64-fedora-gcc 1.3-10 87.74 NOTE
r-devel-osx-x86_64-clang 1.3-10 97.50 NOTE
r-devel-windows-ix86+x86_64 1.3-10 10.00 66.00 76.00 NOTE
r-patched-linux-x86_64 1.3-10 3.01 43.73 46.74 OK
r-patched-solaris-sparc 1.3-10 501.20 OK
r-patched-solaris-x86 1.3-10 132.30 OK
r-release-linux-x86_64 1.3-10 3.05 43.69 46.73 OK
r-release-osx-x86_64-mavericks 1.3-10 OK
r-release-windows-ix86+x86_64 1.3-10 12.00 69.00 81.00 OK
r-oldrel-windows-ix86+x86_64 1.3-10 15.00 89.00 104.00 OK

Check Details

Version: 1.3-10
Check: R code for possible problems
Result: NOTE
    bigRR: no visible global function definition for ‘gaussian’
    bigRR.default: no visible global function definition for ‘gaussian’
    bigRR.formula: no visible global function definition for ‘gaussian’
    bigRR.formula: no visible global function definition for ‘as.formula’
    bigRR.formula: no visible global function definition for ‘model.frame’
    bigRR.formula: no visible global function definition for ‘model.matrix’
    bigRR.formula: no visible global function definition for
     ‘model.response’
    bigRR_update: no visible global function definition for ‘gaussian’
    hugeRR: no visible global function definition for ‘gaussian’
    hugeRR_update: no visible global function definition for ‘gaussian’
    plot.bigRR: no visible global function definition for ‘par’
    plot.bigRR: no visible global function definition for ‘plot’
    plot.bigRR: no visible global function definition for ‘rgb’
    Undefined global functions or variables:
     as.formula gaussian model.frame model.matrix model.response par plot
     rgb
    Consider adding
     importFrom("grDevices", "rgb")
     importFrom("graphics", "par", "plot")
     importFrom("stats", "as.formula", "gaussian", "model.frame",
     "model.matrix", "model.response")
    to your NAMESPACE file.
Flavors: r-devel-linux-x86_64-debian-gcc, r-devel-linux-x86_64-fedora-clang, r-devel-linux-x86_64-fedora-gcc, r-devel-osx-x86_64-clang, r-devel-windows-ix86+x86_64