CRAN Package Check Results for Package bigRR

Last updated on 2014-07-29 16:47:20.

Flavor Version Tinstall Tcheck Ttotal Status Flags
r-devel-linux-x86_64-debian-clang 1.3-8 3.90 1.74 5.63 ERROR
r-devel-linux-x86_64-debian-gcc 1.3-8 3.86 1.42 5.29 ERROR
r-devel-linux-x86_64-fedora-clang 1.3-8 7.81 ERROR
r-devel-linux-x86_64-fedora-gcc 1.3-8 7.59 ERROR
r-devel-osx-x86_64-clang 1.3-8 9.95 ERROR
r-devel-windows-ix86+x86_64 1.3-8 10.00 1.00 11.00 ERROR
r-patched-linux-x86_64 1.3-8 4.46 1.36 5.82 ERROR
r-patched-solaris-sparc 1.3-8 63.10 ERROR
r-patched-solaris-x86 1.3-8 17.30 ERROR
r-release-linux-ix86 1.3-8 0.71 1.60 2.31 ERROR
r-release-linux-x86_64 1.3-8 4.07 1.51 5.58 ERROR
r-release-osx-x86_64-mavericks 1.3-8 OK
r-release-windows-ix86+x86_64 1.3-8 10.00 1.00 11.00 ERROR
r-oldrel-windows-ix86+x86_64 1.3-8 11.00 1.00 12.00 ERROR

Check Details

Version: 1.3-8
Check: whether package can be installed
Result: ERROR
    Installation failed.
    See /home/hornik/tmp/R.check/r-devel-clang/Work/PKGS/bigRR.Rcheck/00install.out for details.
Flavor: r-devel-linux-x86_64-debian-clang

Version: 1.3-8
Check: whether package can be installed
Result: ERROR
    Installation failed.
    See /home/hornik/tmp/R.check/r-devel-gcc/Work/PKGS/bigRR.Rcheck/00install.out for details.
Flavor: r-devel-linux-x86_64-debian-gcc

Version: 1.3-8
Check: whether package can be installed
Result: ERROR
    Installation failed.
    See /data/gannet/ripley/R/packages/tests-clang/bigRR.Rcheck/00install.out for details.
Flavor: r-devel-linux-x86_64-fedora-clang

Version: 1.3-8
Check: whether package can be installed
Result: ERROR
    Installation failed.
    See /data/gannet/ripley/R/packages/tests-devel/bigRR.Rcheck/00install.out for details.
Flavor: r-devel-linux-x86_64-fedora-gcc

Version: 1.3-8
Check: whether package can be installed
Result: ERROR
    Installation failed.
    See /Users/ripley/R/packages/tests-devel/bigRR.Rcheck/00install.out for details.
Flavor: r-devel-osx-x86_64-clang

Version: 1.3-8
Check: whether package can be installed
Result: ERROR
    Installation failed.
    See 'd:/Rcompile/CRANpkg/local/3.2/bigRR.Rcheck/00install.out' for details.
Flavor: r-devel-windows-ix86+x86_64

Version: 1.3-8
Check: whether package can be installed
Result: ERROR
    Installation failed.
    See /home/hornik/tmp/R.check/r-patched-gcc/Work/PKGS/bigRR.Rcheck/00install.out for details.
Flavor: r-patched-linux-x86_64

Version: 1.3-8
Check: whether package can be installed
Result: ERROR
    Installation failed.
    See /home/ripley/R/packages/tests32/bigRR.Rcheck/00install.out for details.
Flavors: r-patched-solaris-sparc, r-patched-solaris-x86

Version: 1.3-8
Check: package dependencies
Result: ERROR
    Package required but not available: DatABEL
    
    See the information on DESCRIPTION files in the chapter Creating R
    packages of the Writing R Extensions manual.
Flavor: r-release-linux-ix86

Version: 1.3-8
Check: whether package can be installed
Result: ERROR
    Installation failed.
    See /home/hornik/tmp/R.check/r-release-gcc/Work/PKGS/bigRR.Rcheck/00install.out for details.
Flavor: r-release-linux-x86_64

Version: 1.3-8
Check: whether package can be installed
Result: ERROR
    Installation failed.
    See 'd:/Rcompile/CRANpkg/local/3.1/bigRR.Rcheck/00install.out' for details.
Flavor: r-release-windows-ix86+x86_64

Version: 1.3-8
Check: whether package can be installed
Result: ERROR
    Installation failed.
    See 'd:/Rcompile/CRANpkg/local/3.0/bigRR.Rcheck/00install.out' for details.
Flavor: r-oldrel-windows-ix86+x86_64