CRAN Package Check Results for Package bigRR

Last updated on 2018-01-18 06:46:46 CET.

Flavor Version Tinstall Tcheck Ttotal Status Flags
r-devel-linux-x86_64-debian-clang 1.3-10 3.45 59.78 63.23 NOTE
r-devel-linux-x86_64-debian-gcc 1.3-10 2.71 50.81 53.52 NOTE
r-devel-linux-x86_64-fedora-clang 1.3-10 77.50 NOTE
r-devel-linux-x86_64-fedora-gcc 1.3-10 91.49 NOTE
r-devel-windows-ix86+x86_64 1.3-10 10.00 97.00 107.00 NOTE
r-patched-linux-x86_64 1.3-10 4.32 68.94 73.26 NOTE
r-patched-solaris-x86 1.3-10 157.50 NOTE
r-release-linux-x86_64 1.3-10 4.10 74.29 78.39 NOTE
r-release-windows-ix86+x86_64 1.3-10 9.00 105.00 114.00 NOTE
r-release-osx-x86_64 1.3-10 NOTE
r-oldrel-windows-ix86+x86_64 1.3-10 9.00 97.00 106.00 NOTE
r-oldrel-osx-x86_64 1.3-10 NOTE

Check Details

Version: 1.3-10
Check: R code for possible problems
Result: NOTE
    bigRR: no visible global function definition for ‘gaussian’
    bigRR.default: no visible global function definition for ‘gaussian’
    bigRR.formula: no visible global function definition for ‘gaussian’
    bigRR.formula: no visible global function definition for ‘as.formula’
    bigRR.formula: no visible global function definition for ‘model.frame’
    bigRR.formula: no visible global function definition for ‘model.matrix’
    bigRR.formula: no visible global function definition for
     ‘model.response’
    bigRR_update: no visible global function definition for ‘gaussian’
    hugeRR: no visible global function definition for ‘gaussian’
    hugeRR_update: no visible global function definition for ‘gaussian’
    plot.bigRR: no visible global function definition for ‘par’
    plot.bigRR: no visible global function definition for ‘plot’
    plot.bigRR: no visible global function definition for ‘rgb’
    Undefined global functions or variables:
     as.formula gaussian model.frame model.matrix model.response par plot
     rgb
    Consider adding
     importFrom("grDevices", "rgb")
     importFrom("graphics", "par", "plot")
     importFrom("stats", "as.formula", "gaussian", "model.frame",
     "model.matrix", "model.response")
    to your NAMESPACE file.
Flavors: r-devel-linux-x86_64-debian-clang, r-devel-linux-x86_64-debian-gcc, r-devel-linux-x86_64-fedora-clang, r-devel-linux-x86_64-fedora-gcc, r-devel-windows-ix86+x86_64, r-patched-linux-x86_64, r-patched-solaris-x86, r-release-linux-x86_64, r-release-windows-ix86+x86_64, r-release-osx-x86_64, r-oldrel-windows-ix86+x86_64, r-oldrel-osx-x86_64