CRAN Package Check Results for Package bigRR

Last updated on 2016-06-28 14:48:17.

Flavor Version Tinstall Tcheck Ttotal Status Flags
r-devel-linux-x86_64-debian-gcc 1.3-10 2.77 47.16 49.93 NOTE
r-devel-linux-x86_64-fedora-clang 1.3-10 85.81 NOTE
r-devel-linux-x86_64-fedora-gcc 1.3-10 90.27 NOTE
r-devel-osx-x86_64-clang 1.3-10 70.39 NOTE
r-devel-windows-ix86+x86_64 1.3-10 8.00 101.00 109.00 NOTE
r-patched-linux-x86_64 1.3-10 3.02 52.26 55.28 NOTE
r-patched-solaris-sparc 1.3-10 466.60 NOTE
r-patched-solaris-x86 1.3-10 126.70 NOTE
r-release-linux-x86_64 1.3-10 2.99 44.27 47.26 NOTE
r-release-osx-x86_64-mavericks 1.3-10 NOTE
r-release-windows-ix86+x86_64 1.3-10 10.00 108.00 118.00 NOTE
r-oldrel-windows-ix86+x86_64 1.3-10 10.00 77.00 87.00 OK

Check Details

Version: 1.3-10
Check: R code for possible problems
Result: NOTE
    bigRR: no visible global function definition for ‘gaussian’
    bigRR.default: no visible global function definition for ‘gaussian’
    bigRR.formula: no visible global function definition for ‘gaussian’
    bigRR.formula: no visible global function definition for ‘as.formula’
    bigRR.formula: no visible global function definition for ‘model.frame’
    bigRR.formula: no visible global function definition for ‘model.matrix’
    bigRR.formula: no visible global function definition for
     ‘model.response’
    bigRR_update: no visible global function definition for ‘gaussian’
    hugeRR: no visible global function definition for ‘gaussian’
    hugeRR_update: no visible global function definition for ‘gaussian’
    plot.bigRR: no visible global function definition for ‘par’
    plot.bigRR: no visible global function definition for ‘plot’
    plot.bigRR: no visible global function definition for ‘rgb’
    Undefined global functions or variables:
     as.formula gaussian model.frame model.matrix model.response par plot
     rgb
    Consider adding
     importFrom("grDevices", "rgb")
     importFrom("graphics", "par", "plot")
     importFrom("stats", "as.formula", "gaussian", "model.frame",
     "model.matrix", "model.response")
    to your NAMESPACE file.
Flavors: r-devel-linux-x86_64-debian-gcc, r-devel-linux-x86_64-fedora-clang, r-devel-linux-x86_64-fedora-gcc, r-devel-osx-x86_64-clang, r-devel-windows-ix86+x86_64, r-patched-linux-x86_64, r-patched-solaris-sparc, r-patched-solaris-x86, r-release-linux-x86_64, r-release-osx-x86_64-mavericks, r-release-windows-ix86+x86_64