CRAN Package Check Results for Package biganalytics

Last updated on 2018-02-20 09:49:53 CET.

Flavor Version Tinstall Tcheck Ttotal Status Flags
r-devel-linux-x86_64-debian-clang 1.1.14 27.49 27.50 54.99 NOTE
r-devel-linux-x86_64-debian-gcc 1.1.14 21.05 24.06 45.11 NOTE
r-devel-linux-x86_64-fedora-clang 1.1.14 80.13 NOTE
r-devel-linux-x86_64-fedora-gcc 1.1.14 70.83 NOTE
r-devel-windows-ix86+x86_64 1.1.14 75.00 64.00 139.00 WARN
r-patched-linux-x86_64 1.1.14 25.53 30.42 55.95 NOTE
r-patched-solaris-x86 1.1.14 86.50 OK
r-release-linux-x86_64 1.1.14 27.64 30.56 58.20 NOTE
r-release-windows-ix86+x86_64 1.1.14 95.00 65.00 160.00 OK
r-release-osx-x86_64 1.1.14 OK
r-oldrel-windows-ix86+x86_64 1.1.14 128.00 76.00 204.00 OK
r-oldrel-osx-x86_64 1.1.14 OK

Additional issues

clang-UBSAN gcc-UBSAN

Check Details

Version: 1.1.14
Check: compiled code
Result: NOTE
    File ‘biganalytics/libs/biganalytics.so’:
     Found no calls to: ‘R_registerRoutines’, ‘R_useDynamicSymbols’
    
    It is good practice to register native routines and to disable symbol
    search.
    
    See ‘Writing portable packages’ in the ‘Writing R Extensions’ manual.
Flavors: r-devel-linux-x86_64-debian-clang, r-devel-linux-x86_64-debian-gcc, r-devel-linux-x86_64-fedora-clang, r-devel-linux-x86_64-fedora-gcc, r-patched-linux-x86_64, r-release-linux-x86_64

Version: 1.1.14
Check: whether package can be installed
Result: WARN
    Found the following significant warnings:
     d:/RCompile/CRANpkg/lib/3.5/BH/include/boost/interprocess/detail/win32_api.hpp:145:9: warning: ISO C++ prohibits anonymous structs [-Wpedantic]
     d:/RCompile/CRANpkg/lib/3.5/BH/include/boost/interprocess/detail/win32_api.hpp:153:9: warning: ISO C++ prohibits anonymous structs [-Wpedantic]
     d:/RCompile/CRANpkg/lib/3.5/BH/include/boost/interprocess/detail/win32_api.hpp:178:13: warning: ISO C++ prohibits anonymous structs [-Wpedantic]
     d:/RCompile/CRANpkg/lib/3.5/BH/include/boost/interprocess/detail/win32_api.hpp:180:7: warning: ISO C++ prohibits anonymous structs [-Wpedantic]
Flavor: r-devel-windows-ix86+x86_64