CRAN Package Check Results for Package biganalytics

Last updated on 2016-07-23 14:48:14.

Flavor Version Tinstall Tcheck Ttotal Status Flags
r-devel-linux-x86_64-debian-clang 1.1.14 23.34 20.77 44.11 OK
r-devel-linux-x86_64-debian-gcc 1.1.14 21.79 21.01 42.81 OK
r-devel-linux-x86_64-fedora-clang 1.1.14 72.23 OK
r-devel-linux-x86_64-fedora-gcc 1.1.14 66.73 OK
r-devel-osx-x86_64-clang 1.1.14 51.42 OK
r-devel-windows-ix86+x86_64 1.1.14 96.00 63.00 159.00 OK
r-patched-linux-x86_64 1.1.14 16.96 20.10 37.06 OK
r-patched-solaris-sparc 1.1.14 354.70 NOTE
r-patched-solaris-x86 1.1.14 71.30 OK
r-release-linux-x86_64 1.1.14 18.06 20.92 38.98 OK
r-release-osx-x86_64-mavericks 1.1.14 OK
r-release-windows-ix86+x86_64 1.1.14 75.00 66.00 141.00 OK
r-oldrel-windows-ix86+x86_64 1.1.14 83.00 55.00 138.00 OK

Memtest notes: clang-UBSAN

Check Details

Version: 1.1.14
Check: installed package size
Result: NOTE
     installed size is 5.2Mb
     sub-directories of 1Mb or more:
     libs 5.0Mb
Flavor: r-patched-solaris-sparc