CRAN Package Check Results for Package biganalytics

Last updated on 2017-03-29 11:49:16.

Flavor Version Tinstall Tcheck Ttotal Status Flags
r-devel-linux-x86_64-debian-clang 1.1.14 19.20 21.09 40.29 NOTE
r-devel-linux-x86_64-debian-gcc 1.1.14 17.86 20.55 38.41 NOTE
r-devel-linux-x86_64-fedora-clang 1.1.14 90.42 NOTE --no-stop-on-test-error
r-devel-linux-x86_64-fedora-gcc 1.1.14 72.78 NOTE --no-stop-on-test-error
r-devel-macos-x86_64-clang 1.1.14 55.23 NOTE --no-stop-on-test-error
r-devel-windows-ix86+x86_64 1.1.14 71.00 58.00 129.00 OK
r-patched-linux-x86_64 1.1.14 15.13 20.46 35.58 NOTE
r-patched-solaris-sparc 1.1.14 376.10 OK
r-patched-solaris-x86 1.1.14 80.70 OK
r-release-linux-x86_64 1.1.14 14.56 17.86 32.42 OK
r-release-osx-x86_64-mavericks 1.1.14 OK
r-release-windows-ix86+x86_64 1.1.14 101.00 76.00 177.00 OK
r-oldrel-windows-ix86+x86_64 1.1.14 66.00 74.00 140.00 OK

Memtest notes: clang-UBSAN

Check Details

Version: 1.1.14
Check: compiled code
Result: NOTE
    File ‘biganalytics/libs/biganalytics.so’:
     Found no calls to: ‘R_registerRoutines’, ‘R_useDynamicSymbols’
    
    It is good practice to register native routines and to disable symbol
    search.
    
    See ‘Writing portable packages’ in the ‘Writing R Extensions’ manual.
Flavors: r-devel-linux-x86_64-debian-clang, r-devel-linux-x86_64-debian-gcc, r-patched-linux-x86_64

Version: 1.1.14
Flags: --no-stop-on-test-error
Check: compiled code
Result: NOTE
    File ‘biganalytics/libs/biganalytics.so’:
     Found no calls to: ‘R_registerRoutines’, ‘R_useDynamicSymbols’
    
    It is good practice to register native routines and to disable symbol
    search.
    
    See ‘Writing portable packages’ in the ‘Writing R Extensions’ manual.
Flavors: r-devel-linux-x86_64-fedora-clang, r-devel-linux-x86_64-fedora-gcc, r-devel-macos-x86_64-clang