CRAN Package Check Results for Package biganalytics

Last updated on 2017-05-27 22:46:05.

Flavor Version Tinstall Tcheck Ttotal Status Flags
r-devel-linux-x86_64-debian-clang 1.1.14 20.67 21.36 42.03 NOTE
r-devel-linux-x86_64-debian-gcc 1.1.14 18.64 22.05 40.69 NOTE
r-devel-linux-x86_64-fedora-clang 1.1.14 77.26 NOTE
r-devel-linux-x86_64-fedora-gcc 1.1.14 72.04 NOTE
r-devel-windows-ix86+x86_64 1.1.14 74.00 69.00 143.00 WARN
r-patched-linux-x86_64 1.1.14 16.53 21.46 37.99 NOTE
r-patched-solaris-sparc 1.1.14 376.10 OK
r-patched-solaris-x86 1.1.14 78.60 OK
r-release-linux-x86_64 1.1.14 16.33 21.60 37.93 NOTE
r-release-windows-ix86+x86_64 1.1.14 67.00 83.00 150.00 OK
r-release-osx-x86_64 1.1.14 OK
r-oldrel-windows-ix86+x86_64 1.1.14 108.00 58.00 166.00 OK
r-oldrel-osx-x86_64 1.1.14 OK

Additional issues

clang-UBSAN

Check Details

Version: 1.1.14
Check: compiled code
Result: NOTE
    File ‘biganalytics/libs/biganalytics.so’:
     Found no calls to: ‘R_registerRoutines’, ‘R_useDynamicSymbols’
    
    It is good practice to register native routines and to disable symbol
    search.
    
    See ‘Writing portable packages’ in the ‘Writing R Extensions’ manual.
Flavors: r-devel-linux-x86_64-debian-clang, r-devel-linux-x86_64-debian-gcc, r-devel-linux-x86_64-fedora-clang, r-devel-linux-x86_64-fedora-gcc, r-patched-linux-x86_64, r-release-linux-x86_64

Version: 1.1.14
Check: whether package can be installed
Result: WARN
    Found the following significant warnings:
     d:/RCompile/CRANpkg/lib/3.5/BH/include/boost/unordered/detail/buckets.hpp:586:29: warning: ISO C++ 1998 does not support 'long long' [-Wlong-long]
     d:/RCompile/CRANpkg/lib/3.5/BH/include/boost/unordered/detail/buckets.hpp:591:38: warning: ISO C++ 1998 does not support 'long long' [-Wlong-long]
Flavor: r-devel-windows-ix86+x86_64