CRAN Package Check Results for Package biganalytics

Last updated on 2016-06-28 14:48:17.

Flavor Version Tinstall Tcheck Ttotal Status Flags
r-devel-linux-x86_64-debian-gcc 1.1.14 19.72 18.01 37.73 OK
r-devel-linux-x86_64-fedora-clang 1.1.14 71.66 OK
r-devel-linux-x86_64-fedora-gcc 1.1.14 63.35 OK
r-devel-osx-x86_64-clang 1.1.14 50.86 OK
r-devel-windows-ix86+x86_64 1.1.14 97.00 62.00 159.00 OK
r-patched-linux-x86_64 1.1.14 15.23 18.48 33.72 OK
r-patched-solaris-sparc 1.1.14 354.70 NOTE
r-patched-solaris-x86 1.1.14 72.00 OK
r-release-linux-x86_64 1.1.14 14.49 17.51 32.00 OK
r-release-osx-x86_64-mavericks 1.1.14 OK
r-release-windows-ix86+x86_64 1.1.14 115.00 68.00 183.00 OK
r-oldrel-windows-ix86+x86_64 1.1.14 92.00 51.00 143.00 OK

Memtest notes: clang-UBSAN

Check Details

Version: 1.1.14
Check: installed package size
Result: NOTE
     installed size is 5.2Mb
     sub-directories of 1Mb or more:
     libs 5.0Mb
Flavor: r-patched-solaris-sparc