CRAN Package Check Results for Package biganalytics

Last updated on 2018-04-21 08:49:01 CEST.

Flavor Version Tinstall Tcheck Ttotal Status Flags
r-devel-linux-x86_64-debian-clang 1.1.14 30.15 30.69 60.84 NOTE
r-devel-linux-x86_64-debian-gcc 1.1.14 24.72 24.67 49.39 NOTE
r-devel-linux-x86_64-fedora-clang 1.1.14 78.85 NOTE
r-devel-linux-x86_64-fedora-gcc 1.1.14 71.69 NOTE
r-devel-windows-ix86+x86_64 1.1.14 108.00 96.00 204.00 WARN
r-devel-osx-x86_64 1.1.14 OK
r-patched-linux-x86_64 1.1.14 29.02 30.07 59.09 NOTE
r-patched-solaris-x86 1.1.14 87.40 OK
r-release-linux-x86_64 1.1.14 30.01 31.32 61.33 NOTE
r-release-windows-ix86+x86_64 1.1.14 100.00 79.00 179.00 OK
r-release-osx-x86_64 1.1.14 OK
r-oldrel-windows-ix86+x86_64 1.1.14 109.00 52.00 161.00 OK

Additional issues

clang-UBSAN gcc-UBSAN

Check Details

Version: 1.1.14
Check: compiled code
Result: NOTE
    File ‘biganalytics/libs/biganalytics.so’:
     Found no calls to: ‘R_registerRoutines’, ‘R_useDynamicSymbols’
    
    It is good practice to register native routines and to disable symbol
    search.
    
    See ‘Writing portable packages’ in the ‘Writing R Extensions’ manual.
Flavors: r-devel-linux-x86_64-debian-clang, r-devel-linux-x86_64-debian-gcc, r-devel-linux-x86_64-fedora-clang, r-devel-linux-x86_64-fedora-gcc, r-patched-linux-x86_64, r-release-linux-x86_64

Version: 1.1.14
Check: whether package can be installed
Result: WARN
    Found the following significant warnings:
     d:/RCompile/CRANpkg/lib/3.5/BH/include/boost/interprocess/detail/win32_api.hpp:145:9: warning: ISO C++ prohibits anonymous structs [-Wpedantic]
     d:/RCompile/CRANpkg/lib/3.5/BH/include/boost/interprocess/detail/win32_api.hpp:153:9: warning: ISO C++ prohibits anonymous structs [-Wpedantic]
     d:/RCompile/CRANpkg/lib/3.5/BH/include/boost/interprocess/detail/win32_api.hpp:178:13: warning: ISO C++ prohibits anonymous structs [-Wpedantic]
     d:/RCompile/CRANpkg/lib/3.5/BH/include/boost/interprocess/detail/win32_api.hpp:180:7: warning: ISO C++ prohibits anonymous structs [-Wpedantic]
Flavor: r-devel-windows-ix86+x86_64