CRAN Package Check Results for Package biganalytics

Last updated on 2017-09-19 23:47:40.

Flavor Version Tinstall Tcheck Ttotal Status Flags
r-devel-linux-x86_64-debian-clang 1.1.14 18.53 20.59 39.12 NOTE
r-devel-linux-x86_64-debian-gcc 1.1.14 18.20 20.15 38.35 NOTE
r-devel-linux-x86_64-fedora-clang 1.1.14 77.25 NOTE
r-devel-linux-x86_64-fedora-gcc 1.1.14 74.61 NOTE
r-devel-windows-ix86+x86_64 1.1.14 74.00 84.00 158.00 OK
r-patched-linux-x86_64 1.1.14 18.13 20.45 38.58 NOTE
r-patched-solaris-x86 1.1.14 84.90 OK
r-release-linux-x86_64 1.1.14 18.27 20.38 38.65 NOTE
r-release-windows-ix86+x86_64 1.1.14 75.00 62.00 137.00 OK
r-release-osx-x86_64 1.1.14 OK
r-oldrel-windows-ix86+x86_64 1.1.14 71.00 54.00 125.00 OK
r-oldrel-osx-x86_64 1.1.14 OK

Additional issues

clang-UBSAN

Check Details

Version: 1.1.14
Check: compiled code
Result: NOTE
    File ‘biganalytics/libs/biganalytics.so’:
     Found no calls to: ‘R_registerRoutines’, ‘R_useDynamicSymbols’
    
    It is good practice to register native routines and to disable symbol
    search.
    
    See ‘Writing portable packages’ in the ‘Writing R Extensions’ manual.
Flavors: r-devel-linux-x86_64-debian-clang, r-devel-linux-x86_64-debian-gcc, r-devel-linux-x86_64-fedora-clang, r-devel-linux-x86_64-fedora-gcc, r-patched-linux-x86_64, r-release-linux-x86_64