CRAN Package Check Results for Package biganalytics

Last updated on 2016-12-09 17:53:47.

Flavor Version Tinstall Tcheck Ttotal Status Flags
r-devel-linux-x86_64-debian-clang 1.1.14 17.79 20.14 37.92 OK
r-devel-linux-x86_64-debian-gcc 1.1.14 17.55 20.35 37.89 OK
r-devel-linux-x86_64-fedora-clang 1.1.14 77.40 OK --no-stop-on-test-error
r-devel-linux-x86_64-fedora-gcc 1.1.14 71.70 OK --no-stop-on-test-error
r-devel-macos-x86_64-clang 1.1.14 55.11 OK --no-stop-on-test-error
r-devel-windows-ix86+x86_64 1.1.14 70.00 53.00 123.00 WARN
r-patched-linux-x86_64 1.1.14 14.50 17.80 32.30 OK
r-patched-solaris-sparc 1.1.14 353.60 OK
r-patched-solaris-x86 1.1.14 71.10 OK
r-release-linux-x86_64 1.1.14 14.53 17.85 32.38 OK
r-release-osx-x86_64-mavericks 1.1.14 OK
r-release-windows-ix86+x86_64 1.1.14 72.00 43.00 115.00 OK
r-oldrel-windows-ix86+x86_64 1.1.14 96.00 57.00 153.00 OK

Memtest notes: clang-UBSAN

Check Details

Version: 1.1.14
Check: whether package can be installed
Result: WARN
    Found the following significant warnings:
     d:/RCompile/CRANpkg/lib/3.4/BH/include/boost/unordered/detail/buckets.hpp:586:29: warning: ISO C++ 1998 does not support 'long long' [-Wlong-long]
     d:/RCompile/CRANpkg/lib/3.4/BH/include/boost/unordered/detail/buckets.hpp:591:38: warning: ISO C++ 1998 does not support 'long long' [-Wlong-long]
Flavor: r-devel-windows-ix86+x86_64