CRAN Package Check Results for Package biganalytics

Last updated on 2015-06-29 23:46:43.

Flavor Version Tinstall Tcheck Ttotal Status Flags
r-devel-linux-x86_64-debian-clang 1.1.1 4.06 16.47 20.54 NOTE
r-devel-linux-x86_64-debian-gcc 1.1.1 4.77 16.10 20.87 NOTE
r-devel-linux-x86_64-fedora-clang 1.1.1 42.10 NOTE
r-devel-linux-x86_64-fedora-gcc 1.1.1 39.47 NOTE
r-devel-osx-x86_64-clang 1.1.1 39.53 NOTE
r-patched-linux-x86_64 1.1.1 4.90 16.99 21.88 NOTE
r-patched-solaris-sparc 1.1.1 266.40 NOTE
r-patched-solaris-x86 1.1.1 57.30 NOTE
r-release-linux-x86_64 1.1.1 4.76 15.90 20.65 NOTE
r-release-osx-x86_64-mavericks 1.1.1 NOTE

Check Details

Version: 1.1.1
Check: DESCRIPTION meta-information
Result: NOTE
    Malformed Title field: should not end in a period.
Flavors: r-devel-linux-x86_64-debian-clang, r-devel-linux-x86_64-debian-gcc, r-devel-linux-x86_64-fedora-clang, r-devel-linux-x86_64-fedora-gcc, r-devel-osx-x86_64-clang, r-patched-linux-x86_64, r-patched-solaris-sparc, r-patched-solaris-x86, r-release-linux-x86_64, r-release-osx-x86_64-mavericks

Version: 1.1.1
Check: dependencies in R code
Result: NOTE
    'library' or 'require' call to ‘bigmemory’ which was already attached by Depends.
     Please remove these calls from your code.
    'library' or 'require' calls in package code:
     ‘biglm’ ‘foreach’
     Please use :: or requireNamespace() instead.
     See section 'Suggested packages' in the 'Writing R Extensions' manual.
Flavors: r-devel-linux-x86_64-debian-clang, r-devel-linux-x86_64-debian-gcc, r-devel-linux-x86_64-fedora-clang, r-devel-linux-x86_64-fedora-gcc, r-devel-osx-x86_64-clang, r-patched-linux-x86_64, r-patched-solaris-sparc, r-patched-solaris-x86, r-release-linux-x86_64, r-release-osx-x86_64-mavericks

Version: 1.1.1
Check: R code for possible problems
Result: NOTE
    bigglm.big.matrix: no visible global function definition for ‘bigglm’
    bigkmeans: no visible global function definition for ‘getDoParName’
    bigkmeans: no visible global function definition for ‘registerDoSEQ’
    bigkmeans: no visible global function definition for ‘getDoParWorkers’
    bigkmeans: no visible global function definition for ‘%dopar%’
    bigkmeans: no visible global function definition for ‘foreach’
    biglm.big.matrix: no visible global function definition for ‘biglm’
    biglm.big.matrix: no visible global function definition for ‘update’
Flavors: r-devel-linux-x86_64-debian-clang, r-devel-linux-x86_64-debian-gcc

Version: 1.1.1
Check: R code for possible problems
Result: NOTE
    bigglm.big.matrix: no visible global function definition for ‘bigglm’
    bigkmeans: no visible global function definition for ‘getDoParName’
    bigkmeans: no visible global function definition for ‘registerDoSEQ’
    bigkmeans: no visible global function definition for ‘getDoParWorkers’
    bigkmeans: no visible global function definition for ‘%dopar%’
    bigkmeans: no visible global function definition for ‘foreach’
    biglm.big.matrix: no visible global function definition for ‘biglm’
Flavors: r-devel-linux-x86_64-fedora-clang, r-devel-linux-x86_64-fedora-gcc, r-devel-osx-x86_64-clang, r-patched-linux-x86_64, r-patched-solaris-sparc, r-patched-solaris-x86, r-release-linux-x86_64, r-release-osx-x86_64-mavericks