CRAN Package Check Results for Package biganalytics

Last updated on 2015-04-26 09:46:23.

Flavor Version Tinstall Tcheck Ttotal Status Flags
r-devel-linux-x86_64-debian-clang 1.1.1 4.27 17.56 21.83 NOTE
r-devel-linux-x86_64-debian-gcc 1.1.1 5.50 16.22 21.72 NOTE
r-devel-linux-x86_64-fedora-clang 1.1.1 43.26 NOTE
r-devel-linux-x86_64-fedora-gcc 1.1.1 44.56 NOTE
r-devel-osx-x86_64-clang 1.1.1 39.61 NOTE
r-patched-linux-x86_64 1.1.1 5.48 16.36 21.84 NOTE
r-patched-solaris-sparc 1.1.1 18.10 ERROR
r-patched-solaris-x86 1.1.1 59.20 NOTE
r-release-linux-x86_64 1.1.1 5.49 15.78 21.27 NOTE
r-release-osx-x86_64-mavericks 1.1.1 NOTE
r-release-osx-x86_64-snowleopard 1.1.1 NOTE

Check Details

Version: 1.1.1
Check: DESCRIPTION meta-information
Result: NOTE
    Malformed Title field: should not end in a period.
Flavor: r-devel-linux-x86_64-fedora-gcc

Version: 1.1.1
Check: dependencies in R code
Result: NOTE
    'library' or 'require' call to ‘bigmemory’ which was already attached by Depends.
     Please remove these calls from your code.
    'library' or 'require' calls in package code:
     ‘biglm’ ‘foreach’
     Please use :: or requireNamespace() instead.
     See section 'Suggested packages' in the 'Writing R Extensions' manual.
Flavor: r-devel-linux-x86_64-fedora-gcc

Version: 1.1.1
Check: R code for possible problems
Result: NOTE
    bigglm.big.matrix: no visible global function definition for ‘bigglm’
    bigkmeans: no visible global function definition for ‘getDoParName’
    bigkmeans: no visible global function definition for ‘registerDoSEQ’
    bigkmeans: no visible global function definition for ‘getDoParWorkers’
    bigkmeans: no visible global function definition for ‘%dopar%’
    bigkmeans: no visible global function definition for ‘foreach’
    biglm.big.matrix: no visible global function definition for ‘biglm’
Flavor: r-devel-linux-x86_64-fedora-gcc