CRAN Package Check Results for Package biganalytics

Last updated on 2017-01-24 15:47:54.

Flavor Version Tinstall Tcheck Ttotal Status Flags
r-devel-linux-x86_64-debian-clang 1.1.14 17.89 20.21 38.11 OK
r-devel-linux-x86_64-debian-gcc 1.1.14 17.64 20.38 38.02 OK
r-devel-linux-x86_64-fedora-clang 1.1.14 78.01 OK --no-stop-on-test-error
r-devel-linux-x86_64-fedora-gcc 1.1.14 73.45 OK --no-stop-on-test-error
r-devel-macos-x86_64-clang 1.1.14 54.25 OK --no-stop-on-test-error
r-devel-windows-ix86+x86_64 1.1.14 78.00 74.00 152.00 WARN
r-patched-linux-x86_64 1.1.14 15.02 17.88 32.90 OK
r-patched-solaris-sparc 1.1.14 354.10 OK
r-patched-solaris-x86 1.1.14 73.90 OK
r-release-linux-x86_64 1.1.14 15.09 18.03 33.12 OK
r-release-osx-x86_64-mavericks 1.1.14 OK
r-release-windows-ix86+x86_64 1.1.14 129.00 63.00 192.00 OK
r-oldrel-windows-ix86+x86_64 1.1.14 172.00 73.00 245.00 OK

Memtest notes: clang-UBSAN

Check Details

Version: 1.1.14
Check: whether package can be installed
Result: WARN
    Found the following significant warnings:
     d:/RCompile/CRANpkg/lib/3.4/BH/include/boost/unordered/detail/buckets.hpp:586:29: warning: ISO C++ 1998 does not support 'long long' [-Wlong-long]
     d:/RCompile/CRANpkg/lib/3.4/BH/include/boost/unordered/detail/buckets.hpp:591:38: warning: ISO C++ 1998 does not support 'long long' [-Wlong-long]
Flavor: r-devel-windows-ix86+x86_64