CRAN Package Check Results for Package biganalytics

Last updated on 2014-09-02 05:46:29.

Flavor Version Tinstall Tcheck Ttotal Status Flags
r-devel-linux-x86_64-debian-clang 1.1.1 4.08 18.35 22.44 NOTE
r-devel-linux-x86_64-debian-gcc 1.1.1 5.45 19.91 25.36 NOTE
r-devel-linux-x86_64-fedora-clang 1.1.1 51.17 NOTE
r-devel-linux-x86_64-fedora-gcc 1.1.1 48.48 NOTE
r-devel-osx-x86_64-clang 1.1.1 45.17 NOTE
r-patched-linux-x86_64 1.1.1 5.79 18.93 24.72 NOTE
r-patched-solaris-sparc 1.1.1 301.20 NOTE
r-patched-solaris-x86 1.1.1 67.40 NOTE
r-release-linux-ix86 1.1.1 7.82 27.73 35.55 NOTE
r-release-linux-x86_64 1.1.1 5.80 19.20 25.00 NOTE
r-release-osx-x86_64-mavericks 1.1.1 NOTE
r-oldrel-windows-ix86+x86_64 1.0.14 22.00 51.00 73.00 ERROR

Check Details

Version: 1.1.1
Check: dependencies in R code
Result: NOTE
    'library' or 'require' call to ‘bigmemory’ which was already attached by Depends.
     Please remove these calls from your code.
    See the information on DESCRIPTION files in the chapter ‘Creating R
    packages’ of the ‘Writing R Extensions’ manual.
Flavors: r-devel-linux-x86_64-debian-clang, r-devel-linux-x86_64-debian-gcc, r-devel-linux-x86_64-fedora-clang, r-devel-linux-x86_64-fedora-gcc, r-devel-osx-x86_64-clang, r-patched-linux-x86_64, r-patched-solaris-sparc, r-patched-solaris-x86, r-release-linux-ix86, r-release-linux-x86_64, r-release-osx-x86_64-mavericks

Version: 1.1.1
Check: R code for possible problems
Result: NOTE
    bigglm.big.matrix: no visible global function definition for ‘bigglm’
    bigkmeans: no visible global function definition for ‘getDoParName’
    bigkmeans: no visible global function definition for ‘registerDoSEQ’
    bigkmeans: no visible global function definition for ‘getDoParWorkers’
    bigkmeans: no visible global function definition for ‘%dopar%’
    bigkmeans: no visible global function definition for ‘foreach’
    biglm.big.matrix: no visible global function definition for ‘biglm’
Flavors: r-devel-linux-x86_64-debian-clang, r-devel-linux-x86_64-debian-gcc, r-devel-linux-x86_64-fedora-clang, r-devel-linux-x86_64-fedora-gcc, r-devel-osx-x86_64-clang

Version: 1.0.14
Check: running examples for arch 'i386'
Result: ERROR
    Running examples in 'biganalytics-Ex.R' failed
    The error most likely occurred in:
    
    > ### Name: biganalytics-package
    > ### Title: biganalytics: A library of utilities for big.matrix objects of
    > ### package bigmemory. Some work with R matrices, independently of
    > ### bigmemory.
    > ### Aliases: biganalytics-package biganalytics
    > ### Keywords: package
    >
    > ### ** Examples
    >
    > # Our examples are all trivial in size, rather than burning huge amounts
    > # of memory simply to demonstrate the package functionality.
    >
    > library(bigmemory)
    >
    > x <- big.matrix(5, 2, type="integer", init=0,
    + dimnames=list(NULL, c("alpha", "beta")))
    > x
    An object of class "big.matrix"
    Slot "address":
    <pointer: 0x0003b0f0>
    
    > x[,]
     alpha beta
    [1,] 0 0
    [2,] 0 0
    [3,] 0 0
    [4,] 0 0
    [5,] 0 0
    > x[,1] <- 1:5
    > x[,]
     alpha beta
    [1,] 1 0
    [2,] 2 0
    [3,] 3 0
    [4,] 4 0
    [5,] 5 0
    > mean(x)
    Error in mean(colmean(x, ...)) :
     error in evaluating the argument 'x' in selecting a method for function 'mean': Error in .Call("CGetType", x@address) :
     "CGetType" not resolved from current namespace (biganalytics)
    Calls: colmean -> colmean -> .Call
    Calls: mean -> mean -> mean
    Execution halted
Flavor: r-oldrel-windows-ix86+x86_64

Version: 1.0.14
Check: running examples for arch 'x64'
Result: ERROR
    Running examples in 'biganalytics-Ex.R' failed
    The error most likely occurred in:
    
    > ### Name: biganalytics-package
    > ### Title: biganalytics: A library of utilities for big.matrix objects of
    > ### package bigmemory. Some work with R matrices, independently of
    > ### bigmemory.
    > ### Aliases: biganalytics-package biganalytics
    > ### Keywords: package
    >
    > ### ** Examples
    >
    > # Our examples are all trivial in size, rather than burning huge amounts
    > # of memory simply to demonstrate the package functionality.
    >
    > library(bigmemory)
    >
    > x <- big.matrix(5, 2, type="integer", init=0,
    + dimnames=list(NULL, c("alpha", "beta")))
    > x
    An object of class "big.matrix"
    Slot "address":
    <pointer: 0x00000000000aec40>
    
    > x[,]
     alpha beta
    [1,] 0 0
    [2,] 0 0
    [3,] 0 0
    [4,] 0 0
    [5,] 0 0
    > x[,1] <- 1:5
    > x[,]
     alpha beta
    [1,] 1 0
    [2,] 2 0
    [3,] 3 0
    [4,] 4 0
    [5,] 5 0
    > mean(x)
    Error in mean(colmean(x, ...)) :
     error in evaluating the argument 'x' in selecting a method for function 'mean': Error in .Call("CGetType", x@address) :
     "CGetType" not resolved from current namespace (biganalytics)
    Calls: colmean -> colmean -> .Call
    Calls: mean -> mean -> mean
    Execution halted
Flavor: r-oldrel-windows-ix86+x86_64