CRAN Package Check Results for Package biganalytics

Last updated on 2015-05-24 23:47:18.

Flavor Version Tinstall Tcheck Ttotal Status Flags
r-devel-linux-x86_64-debian-clang 1.1.1 3.94 16.70 20.65 NOTE
r-devel-linux-x86_64-debian-gcc 1.1.1 4.79 15.91 20.70 NOTE
r-devel-linux-x86_64-fedora-clang 1.1.1 42.78 NOTE
r-devel-linux-x86_64-fedora-gcc 1.1.1 40.34 NOTE
r-devel-osx-x86_64-clang 1.1.1 40.08 NOTE
r-patched-linux-x86_64 1.1.1 4.67 17.31 21.98 NOTE
r-patched-solaris-sparc 1.1.1 266.40 NOTE
r-patched-solaris-x86 1.1.1 56.50 NOTE
r-release-linux-x86_64 1.1.1 4.78 16.20 20.98 NOTE
r-release-osx-x86_64-mavericks 1.1.1 NOTE
r-release-osx-x86_64-snowleopard 1.1.1 NOTE

Check Details

Version: 1.1.1
Check: DESCRIPTION meta-information
Result: NOTE
    Malformed Title field: should not end in a period.
Flavors: r-devel-linux-x86_64-debian-clang, r-devel-linux-x86_64-debian-gcc, r-devel-linux-x86_64-fedora-clang, r-devel-linux-x86_64-fedora-gcc, r-devel-osx-x86_64-clang, r-patched-linux-x86_64, r-patched-solaris-sparc, r-patched-solaris-x86, r-release-linux-x86_64, r-release-osx-x86_64-mavericks, r-release-osx-x86_64-snowleopard

Version: 1.1.1
Check: dependencies in R code
Result: NOTE
    'library' or 'require' call to ‘bigmemory’ which was already attached by Depends.
     Please remove these calls from your code.
    'library' or 'require' calls in package code:
     ‘biglm’ ‘foreach’
     Please use :: or requireNamespace() instead.
     See section 'Suggested packages' in the 'Writing R Extensions' manual.
Flavors: r-devel-linux-x86_64-debian-clang, r-devel-linux-x86_64-debian-gcc, r-devel-linux-x86_64-fedora-clang, r-devel-linux-x86_64-fedora-gcc, r-devel-osx-x86_64-clang, r-patched-linux-x86_64, r-patched-solaris-sparc, r-patched-solaris-x86, r-release-linux-x86_64, r-release-osx-x86_64-mavericks, r-release-osx-x86_64-snowleopard

Version: 1.1.1
Check: R code for possible problems
Result: NOTE
    bigglm.big.matrix: no visible global function definition for ‘bigglm’
    bigkmeans: no visible global function definition for ‘getDoParName’
    bigkmeans: no visible global function definition for ‘registerDoSEQ’
    bigkmeans: no visible global function definition for ‘getDoParWorkers’
    bigkmeans: no visible global function definition for ‘%dopar%’
    bigkmeans: no visible global function definition for ‘foreach’
    biglm.big.matrix: no visible global function definition for ‘biglm’
Flavors: r-devel-linux-x86_64-debian-clang, r-devel-linux-x86_64-debian-gcc, r-devel-linux-x86_64-fedora-clang, r-devel-linux-x86_64-fedora-gcc, r-devel-osx-x86_64-clang, r-patched-linux-x86_64, r-patched-solaris-sparc, r-patched-solaris-x86, r-release-linux-x86_64, r-release-osx-x86_64-mavericks, r-release-osx-x86_64-snowleopard