CRAN Package Check Results for Package biganalytics

Last updated on 2017-07-21 18:46:40.

Flavor Version Tinstall Tcheck Ttotal Status Flags
r-devel-linux-x86_64-debian-clang 1.1.14 19.08 26.74 45.83 NOTE
r-devel-linux-x86_64-debian-gcc 1.1.14 18.83 26.19 45.02 NOTE
r-devel-linux-x86_64-fedora-clang 1.1.14 80.07 NOTE
r-devel-linux-x86_64-fedora-gcc 1.1.14 79.27 NOTE
r-devel-windows-ix86+x86_64 1.1.14 106.00 80.00 186.00 WARN
r-patched-linux-x86_64 1.1.14 17.97 26.76 44.73 NOTE
r-patched-solaris-x86 1.1.14 81.90 OK
r-release-linux-x86_64 1.1.14 18.46 26.69 45.15 NOTE
r-release-windows-ix86+x86_64 1.1.14 76.00 86.00 162.00 OK
r-release-osx-x86_64 1.1.14 OK
r-oldrel-windows-ix86+x86_64 1.1.14 108.00 76.00 184.00 OK
r-oldrel-osx-x86_64 1.1.14 OK

Additional issues

clang-UBSAN

Check Details

Version: 1.1.14
Check: compiled code
Result: NOTE
    File ‘biganalytics/libs/biganalytics.so’:
     Found no calls to: ‘R_registerRoutines’, ‘R_useDynamicSymbols’
    
    It is good practice to register native routines and to disable symbol
    search.
    
    See ‘Writing portable packages’ in the ‘Writing R Extensions’ manual.
Flavors: r-devel-linux-x86_64-debian-clang, r-devel-linux-x86_64-debian-gcc, r-devel-linux-x86_64-fedora-clang, r-devel-linux-x86_64-fedora-gcc, r-patched-linux-x86_64, r-release-linux-x86_64

Version: 1.1.14
Check: whether package can be installed
Result: WARN
    Found the following significant warnings:
     d:/RCompile/CRANpkg/lib/3.5/BH/include/boost/unordered/detail/buckets.hpp:586:29: warning: ISO C++ 1998 does not support 'long long' [-Wlong-long]
     d:/RCompile/CRANpkg/lib/3.5/BH/include/boost/unordered/detail/buckets.hpp:591:38: warning: ISO C++ 1998 does not support 'long long' [-Wlong-long]
Flavor: r-devel-windows-ix86+x86_64