CRAN Package Check Results for Package biganalytics

Last updated on 2016-09-30 23:47:46.

Flavor Version Tinstall Tcheck Ttotal Status Flags
r-devel-linux-x86_64-debian-clang 1.1.14 17.40 19.09 36.49 OK
r-devel-linux-x86_64-debian-gcc 1.1.14 18.03 18.82 36.85 OK
r-devel-linux-x86_64-fedora-clang 1.1.14 72.17 OK
r-devel-linux-x86_64-fedora-gcc 1.1.14 64.83 OK
r-devel-macos-x86_64-clang 1.1.14 49.89 OK
r-devel-windows-ix86+x86_64 1.1.14 69.00 77.00 146.00 WARN
r-patched-linux-x86_64 1.1.14 14.73 18.03 32.75 OK
r-patched-solaris-sparc 1.1.14 353.60 OK
r-patched-solaris-x86 1.1.14 71.00 OK
r-release-linux-x86_64 1.1.14 14.77 18.05 32.83 OK
r-release-osx-x86_64-mavericks 1.1.14 OK
r-release-windows-ix86+x86_64 1.1.14 68.00 80.00 148.00 OK
r-oldrel-windows-ix86+x86_64 1.1.14 109.00 54.00 163.00 OK

Memtest notes: clang-UBSAN

Check Details

Version: 1.1.14
Check: whether package can be installed
Result: WARN
    Found the following significant warnings:
     d:\RCompile\CRANpkg\lib\3.4/BH/include/boost/unordered/detail/buckets.hpp:703:29: warning: ISO C++ 1998 does not support 'long long' [-Wlong-long]
     d:\RCompile\CRANpkg\lib\3.4/BH/include/boost/unordered/detail/buckets.hpp:708:38: warning: ISO C++ 1998 does not support 'long long' [-Wlong-long]
Flavor: r-devel-windows-ix86+x86_64