CRAN Package Check Results for Package biganalytics

Last updated on 2017-11-22 05:48:41 CET.

Flavor Version Tinstall Tcheck Ttotal Status Flags
r-devel-linux-x86_64-debian-clang 1.1.14 18.23 19.27 37.50 NOTE
r-devel-linux-x86_64-debian-gcc 1.1.14 20.86 52.74 73.61 NOTE
r-devel-linux-x86_64-fedora-clang 1.1.14 72.86 NOTE
r-devel-linux-x86_64-fedora-gcc 1.1.14 71.27 NOTE
r-devel-windows-ix86+x86_64 1.1.14 72.00 60.00 132.00 OK
r-patched-linux-x86_64 1.1.14 18.09 20.89 38.97 NOTE
r-patched-solaris-x86 1.1.14 84.70 OK
r-release-linux-x86_64 1.1.14 18.47 20.69 39.16 NOTE
r-release-windows-ix86+x86_64 1.1.14 73.00 83.00 156.00 OK
r-release-osx-x86_64 1.1.14 OK
r-oldrel-windows-ix86+x86_64 1.1.14 73.00 84.00 157.00 OK
r-oldrel-osx-x86_64 1.1.14 OK

Additional issues

clang-UBSAN gcc-UBSAN

Check Details

Version: 1.1.14
Check: compiled code
Result: NOTE
    File ‘biganalytics/libs/biganalytics.so’:
     Found no calls to: ‘R_registerRoutines’, ‘R_useDynamicSymbols’
    
    It is good practice to register native routines and to disable symbol
    search.
    
    See ‘Writing portable packages’ in the ‘Writing R Extensions’ manual.
Flavors: r-devel-linux-x86_64-debian-clang, r-devel-linux-x86_64-debian-gcc, r-devel-linux-x86_64-fedora-clang, r-devel-linux-x86_64-fedora-gcc, r-patched-linux-x86_64, r-release-linux-x86_64