CRAN Package Check Results for Package biganalytics

Last updated on 2014-07-29 03:48:36.

Flavor Version Tinstall Tcheck Ttotal Status Flags
r-devel-linux-x86_64-debian-clang 1.1.1 4.07 18.86 22.93 NOTE
r-devel-linux-x86_64-debian-gcc 1.1.1 5.59 18.58 24.18 NOTE
r-devel-linux-x86_64-fedora-clang 1.1.1 49.65 NOTE
r-devel-linux-x86_64-fedora-gcc 1.1.1 48.75 NOTE
r-devel-osx-x86_64-clang 1.1.1 46.56 NOTE
r-patched-linux-x86_64 1.1.1 5.68 18.88 24.57 NOTE
r-patched-solaris-sparc 1.1.1 285.50 NOTE
r-patched-solaris-x86 1.1.1 66.20 NOTE
r-release-linux-ix86 1.1.1 7.80 26.46 34.25 NOTE
r-release-linux-x86_64 1.1.1 6.09 19.36 25.45 NOTE
r-release-osx-x86_64-mavericks 1.1.1 NOTE
r-oldrel-windows-ix86+x86_64 1.0.14 22.00 51.00 73.00 ERROR

Memtest notes: UBSAN

Check Details

Version: 1.1.1
Check: dependencies in R code
Result: NOTE
    'library' or 'require' call to bigmemory which was already attached by Depends.
     Please remove these calls from your code.
    See the information on DESCRIPTION files in the chapter Creating R
    packages of the Writing R Extensions manual.
Flavors: r-devel-linux-x86_64-debian-clang, r-devel-linux-x86_64-debian-gcc, r-devel-linux-x86_64-fedora-clang, r-devel-linux-x86_64-fedora-gcc, r-devel-osx-x86_64-clang, r-patched-linux-x86_64, r-patched-solaris-sparc, r-patched-solaris-x86, r-release-linux-ix86, r-release-linux-x86_64, r-release-osx-x86_64-mavericks

Version: 1.0.14
Check: running examples for arch 'i386'
Result: ERROR
    Running examples in 'biganalytics-Ex.R' failed
    The error most likely occurred in:
    
    > ### Name: biganalytics-package
    > ### Title: biganalytics: A library of utilities for big.matrix objects of
    > ### package bigmemory. Some work with R matrices, independently of
    > ### bigmemory.
    > ### Aliases: biganalytics-package biganalytics
    > ### Keywords: package
    >
    > ### ** Examples
    >
    > # Our examples are all trivial in size, rather than burning huge amounts
    > # of memory simply to demonstrate the package functionality.
    >
    > library(bigmemory)
    >
    > x <- big.matrix(5, 2, type="integer", init=0,
    + dimnames=list(NULL, c("alpha", "beta")))
    > x
    An object of class "big.matrix"
    Slot "address":
    <pointer: 0x0003b0f0>
    
    > x[,]
     alpha beta
    [1,] 0 0
    [2,] 0 0
    [3,] 0 0
    [4,] 0 0
    [5,] 0 0
    > x[,1] <- 1:5
    > x[,]
     alpha beta
    [1,] 1 0
    [2,] 2 0
    [3,] 3 0
    [4,] 4 0
    [5,] 5 0
    > mean(x)
    Error in mean(colmean(x, ...)) :
     error in evaluating the argument 'x' in selecting a method for function 'mean': Error in .Call("CGetType", x@address) :
     "CGetType" not resolved from current namespace (biganalytics)
    Calls: colmean -> colmean -> .Call
    Calls: mean -> mean -> mean
    Execution halted
Flavor: r-oldrel-windows-ix86+x86_64

Version: 1.0.14
Check: running examples for arch 'x64'
Result: ERROR
    Running examples in 'biganalytics-Ex.R' failed
    The error most likely occurred in:
    
    > ### Name: biganalytics-package
    > ### Title: biganalytics: A library of utilities for big.matrix objects of
    > ### package bigmemory. Some work with R matrices, independently of
    > ### bigmemory.
    > ### Aliases: biganalytics-package biganalytics
    > ### Keywords: package
    >
    > ### ** Examples
    >
    > # Our examples are all trivial in size, rather than burning huge amounts
    > # of memory simply to demonstrate the package functionality.
    >
    > library(bigmemory)
    >
    > x <- big.matrix(5, 2, type="integer", init=0,
    + dimnames=list(NULL, c("alpha", "beta")))
    > x
    An object of class "big.matrix"
    Slot "address":
    <pointer: 0x00000000000aec40>
    
    > x[,]
     alpha beta
    [1,] 0 0
    [2,] 0 0
    [3,] 0 0
    [4,] 0 0
    [5,] 0 0
    > x[,1] <- 1:5
    > x[,]
     alpha beta
    [1,] 1 0
    [2,] 2 0
    [3,] 3 0
    [4,] 4 0
    [5,] 5 0
    > mean(x)
    Error in mean(colmean(x, ...)) :
     error in evaluating the argument 'x' in selecting a method for function 'mean': Error in .Call("CGetType", x@address) :
     "CGetType" not resolved from current namespace (biganalytics)
    Calls: colmean -> colmean -> .Call
    Calls: mean -> mean -> mean
    Execution halted
Flavor: r-oldrel-windows-ix86+x86_64