CRAN Package Check Results for Package bigdata

Last updated on 2016-05-05 14:47:27.

Flavor Version Tinstall Tcheck Ttotal Status Flags
r-devel-linux-x86_64-debian-gcc 0.1 2.46 33.38 35.83 NOTE
r-devel-linux-x86_64-fedora-clang 0.1 72.91 NOTE
r-devel-linux-x86_64-fedora-gcc 0.1 65.88 NOTE
r-devel-osx-x86_64-clang 0.1 68.83 NOTE
r-devel-windows-ix86+x86_64 0.1 6.00 65.00 71.00 NOTE
r-patched-linux-x86_64 0.1 2.55 33.93 36.48 NOTE
r-patched-solaris-sparc 0.1 365.80 NOTE
r-patched-solaris-x86 0.1 94.40 NOTE
r-release-linux-x86_64 0.1 2.50 33.42 35.91 NOTE
r-release-osx-x86_64-mavericks 0.1 NOTE
r-release-windows-ix86+x86_64 0.1 6.00 65.00 71.00 NOTE
r-oldrel-windows-ix86+x86_64 0.1 9.00 80.00 89.00 NOTE

Check Details

Version: 0.1
Check: for hidden files and directories
Result: NOTE
    Found the following hidden files and directories:
     .Rapp.history
    These were most likely included in error. See section ‘Package
    structure’ in the ‘Writing R Extensions’ manual.
Flavors: r-devel-linux-x86_64-debian-gcc, r-devel-linux-x86_64-fedora-clang, r-devel-linux-x86_64-fedora-gcc, r-devel-osx-x86_64-clang, r-devel-windows-ix86+x86_64, r-patched-linux-x86_64, r-patched-solaris-sparc, r-patched-solaris-x86, r-release-linux-x86_64, r-release-osx-x86_64-mavericks, r-release-windows-ix86+x86_64, r-oldrel-windows-ix86+x86_64

Version: 0.1
Check: dependencies in R code
Result: NOTE
    Packages in Depends field not imported from:
     ‘Matrix’ ‘glmnet’ ‘lattice’
     These packages need to be imported from (in the NAMESPACE file)
     for when this namespace is loaded but not attached.
Flavors: r-devel-linux-x86_64-debian-gcc, r-devel-linux-x86_64-fedora-clang, r-devel-linux-x86_64-fedora-gcc, r-devel-osx-x86_64-clang, r-devel-windows-ix86+x86_64, r-patched-linux-x86_64, r-patched-solaris-sparc, r-patched-solaris-x86, r-release-linux-x86_64, r-release-osx-x86_64-mavericks, r-release-windows-ix86+x86_64, r-oldrel-windows-ix86+x86_64

Version: 0.1
Check: R code for possible problems
Result: NOTE
    lasso.stars: no visible global function definition for ‘glmnet’
    plot.stars: no visible global function definition for ‘par’
    plot.stars: no visible global function definition for ‘plot’
    plot.stars: no visible global function definition for ‘lines’
    Undefined global functions or variables:
     glmnet lines par plot
    Consider adding
     importFrom("graphics", "lines", "par", "plot")
    to your NAMESPACE file.
Flavors: r-devel-linux-x86_64-debian-gcc, r-devel-linux-x86_64-fedora-clang, r-devel-linux-x86_64-fedora-gcc, r-devel-osx-x86_64-clang, r-devel-windows-ix86+x86_64, r-patched-linux-x86_64, r-patched-solaris-sparc, r-patched-solaris-x86, r-release-linux-x86_64, r-release-windows-ix86+x86_64

Version: 0.1
Check: R code for possible problems
Result: NOTE
    lasso.stars: no visible global function definition for ‘glmnet’
Flavors: r-release-osx-x86_64-mavericks, r-oldrel-windows-ix86+x86_64