CRAN Package Check Results for Package bigdata

Last updated on 2014-09-22 03:48:12.

Flavor Version Tinstall Tcheck Ttotal Status Flags
r-devel-linux-x86_64-debian-clang 0.1 3.87 40.31 44.18 NOTE
r-devel-linux-x86_64-debian-gcc 0.1 3.39 39.47 42.86 NOTE
r-devel-linux-x86_64-fedora-clang 0.1 96.98 NOTE
r-devel-linux-x86_64-fedora-gcc 0.1 89.73 NOTE
r-devel-osx-x86_64-clang 0.1 80.84 NOTE
r-devel-windows-ix86+x86_64 0.1 8.00 57.00 65.00 NOTE
r-patched-linux-x86_64 0.1 3.61 42.86 46.48 NOTE
r-patched-solaris-sparc 0.1 530.90 NOTE
r-patched-solaris-x86 0.1 136.40 NOTE
r-release-linux-ix86 0.1 3.85 50.38 54.23 NOTE
r-release-linux-x86_64 0.1 3.90 43.84 47.74 NOTE
r-release-osx-x86_64-mavericks 0.1 NOTE
r-release-osx-x86_64-snowleopard 0.1 NOTE
r-release-windows-ix86+x86_64 0.1 8.00 59.00 67.00 NOTE
r-oldrel-windows-ix86+x86_64 0.1 9.00 53.00 62.00 NOTE

Check Details

Version: 0.1
Check: for hidden files and directories
Result: NOTE
    Found the following hidden files and directories:
     .Rapp.history
    These were most likely included in error. See section ‘Package
    structure’ in the ‘Writing R Extensions’ manual.
Flavors: r-devel-linux-x86_64-debian-clang, r-devel-linux-x86_64-debian-gcc, r-devel-linux-x86_64-fedora-clang, r-devel-linux-x86_64-fedora-gcc, r-devel-osx-x86_64-clang, r-devel-windows-ix86+x86_64, r-patched-linux-x86_64, r-patched-solaris-sparc, r-patched-solaris-x86, r-release-linux-ix86, r-release-linux-x86_64, r-release-osx-x86_64-mavericks, r-release-osx-x86_64-snowleopard, r-release-windows-ix86+x86_64, r-oldrel-windows-ix86+x86_64

Version: 0.1
Check: dependencies in R code
Result: NOTE
    Packages in Depends field not imported from:
     ‘Matrix’ ‘glmnet’ ‘lattice’
     These packages need to be imported from (in the NAMESPACE file)
     for when this namespace is loaded but not attached.
    See the information on DESCRIPTION files in the chapter ‘Creating R
    packages’ of the ‘Writing R Extensions’ manual.
Flavors: r-devel-linux-x86_64-debian-clang, r-devel-linux-x86_64-debian-gcc, r-devel-linux-x86_64-fedora-clang, r-devel-linux-x86_64-fedora-gcc, r-devel-osx-x86_64-clang, r-devel-windows-ix86+x86_64, r-patched-linux-x86_64, r-patched-solaris-sparc, r-patched-solaris-x86, r-release-linux-ix86, r-release-linux-x86_64, r-release-osx-x86_64-mavericks, r-release-windows-ix86+x86_64, r-oldrel-windows-ix86+x86_64

Version: 0.1
Check: R code for possible problems
Result: NOTE
    lasso.stars: no visible global function definition for ‘glmnet’
Flavors: r-devel-linux-x86_64-debian-clang, r-devel-linux-x86_64-debian-gcc, r-devel-linux-x86_64-fedora-clang, r-devel-linux-x86_64-fedora-gcc, r-devel-osx-x86_64-clang, r-devel-windows-ix86+x86_64