CRAN Package Check Results for Package bigdata

Last updated on 2014-07-25 03:49:43.

Flavor Version Tinstall Tcheck Ttotal Status Flags
r-devel-linux-x86_64-debian-clang 0.1 3.22 42.62 45.84 NOTE
r-devel-linux-x86_64-debian-gcc 0.1 3.10 43.56 46.66 NOTE
r-devel-linux-x86_64-fedora-clang 0.1 105.34 NOTE
r-devel-linux-x86_64-fedora-gcc 0.1 102.94 NOTE
r-devel-osx-x86_64-clang 0.1 82.69 NOTE
r-devel-windows-ix86+x86_64 0.1 10.00 61.00 71.00 NOTE
r-patched-linux-x86_64 0.1 3.14 42.51 45.65 NOTE
r-patched-solaris-sparc 0.1 528.70 NOTE
r-patched-solaris-x86 0.1 134.80 NOTE
r-release-linux-ix86 0.1 3.78 50.08 53.87 NOTE
r-release-linux-x86_64 0.1 3.58 44.18 47.76 NOTE
r-release-osx-x86_64-mavericks 0.1 NOTE
r-release-osx-x86_64-snowleopard 0.1 NOTE
r-release-windows-ix86+x86_64 0.1 8.00 70.00 78.00 NOTE
r-oldrel-windows-ix86+x86_64 0.1 8.00 55.00 63.00 NOTE

Check Details

Version: 0.1
Check: for hidden files and directories
Result: NOTE
    Found the following hidden files and directories:
     .Rapp.history
    These were most likely included in error. See section ‘Package
    structure’ in the ‘Writing R Extensions’ manual.
Flavors: r-devel-linux-x86_64-debian-clang, r-devel-linux-x86_64-debian-gcc, r-devel-linux-x86_64-fedora-clang, r-devel-linux-x86_64-fedora-gcc, r-devel-osx-x86_64-clang, r-devel-windows-ix86+x86_64, r-patched-linux-x86_64, r-patched-solaris-sparc, r-patched-solaris-x86, r-release-linux-ix86, r-release-linux-x86_64, r-release-osx-x86_64-mavericks, r-release-osx-x86_64-snowleopard, r-release-windows-ix86+x86_64, r-oldrel-windows-ix86+x86_64

Version: 0.1
Check: dependencies in R code
Result: NOTE
    Packages in Depends field not imported from:
     ‘Matrix’ ‘glmnet’ ‘lattice’
     These packages need to be imported from (in the NAMESPACE file)
     for when this namespace is loaded but not attached.
    See the information on DESCRIPTION files in the chapter ‘Creating R
    packages’ of the ‘Writing R Extensions’ manual.
Flavors: r-devel-linux-x86_64-debian-clang, r-devel-linux-x86_64-debian-gcc, r-devel-linux-x86_64-fedora-clang, r-devel-linux-x86_64-fedora-gcc, r-devel-osx-x86_64-clang, r-devel-windows-ix86+x86_64, r-patched-linux-x86_64, r-patched-solaris-sparc, r-patched-solaris-x86, r-release-linux-ix86, r-release-linux-x86_64, r-release-osx-x86_64-mavericks, r-release-windows-ix86+x86_64, r-oldrel-windows-ix86+x86_64