Last updated on 2023-12-11 13:49:30 CET.
Flavor | Version | Tinstall | Tcheck | Ttotal | Status | Flags |
---|---|---|---|---|---|---|
r-devel-linux-x86_64-debian-clang | 0.1.4 | 2.95 | 30.60 | 33.55 | NOTE | |
r-devel-linux-x86_64-debian-gcc | 0.1.4 | 1.75 | 23.46 | 25.21 | NOTE | |
r-devel-linux-x86_64-fedora-clang | 0.1.4 | 41.17 | NOTE | |||
r-devel-linux-x86_64-fedora-gcc | 0.1.4 | 39.41 | NOTE | |||
r-devel-windows-x86_64 | 0.1.4 | 5.00 | 53.00 | 58.00 | NOTE | |
r-patched-linux-x86_64 | 0.1.4 | 1.75 | 30.43 | 32.18 | OK | |
r-release-linux-x86_64 | 0.1.4 | 2.88 | 29.64 | 32.52 | OK | |
r-release-macos-arm64 | 0.1.4 | 22.00 | OK | |||
r-release-macos-x86_64 | 0.1.4 | 25.00 | OK | |||
r-release-windows-x86_64 | 0.1.4 | 5.00 | 53.00 | 58.00 | OK | |
r-oldrel-macos-arm64 | 0.1.4 | 20.00 | OK | |||
r-oldrel-macos-x86_64 | 0.1.4 | 33.00 | OK | |||
r-oldrel-windows-x86_64 | 0.1.4 | 5.00 | 56.00 | 61.00 | OK |
Version: 0.1.4
Check: Rd metadata
Result: NOTE
Invalid package aliases in Rd file 'package_bigdist.Rd':
‘package_bigdist-package’
Flavors: r-devel-linux-x86_64-debian-clang, r-devel-linux-x86_64-debian-gcc, r-devel-linux-x86_64-fedora-clang, r-devel-linux-x86_64-fedora-gcc, r-devel-windows-x86_64