CRAN Package Check Results for Package biglars

Last updated on 2017-10-22 20:47:05.

Flavor Version Tinstall Tcheck Ttotal Status Flags
r-devel-linux-x86_64-debian-clang 1.0.2 1.06 14.40 15.46 NOTE
r-devel-linux-x86_64-debian-gcc 1.0.2 1.09 15.47 16.56 NOTE
r-devel-linux-x86_64-fedora-clang 1.0.2 26.24 NOTE
r-devel-linux-x86_64-fedora-gcc 1.0.2 25.18 NOTE
r-devel-windows-ix86+x86_64 1.0.2 6.00 55.00 61.00 OK
r-patched-linux-x86_64 1.0.2 1.04 14.40 15.44 NOTE
r-patched-solaris-x86 1.0.2 39.50 OK
r-release-linux-x86_64 1.0.2 1.15 14.39 15.54 NOTE
r-release-windows-ix86+x86_64 1.0.2 9.00 51.00 60.00 OK
r-release-osx-x86_64 1.0.2 OK
r-oldrel-windows-ix86+x86_64 1.0.2 6.00 44.00 50.00 OK
r-oldrel-osx-x86_64 1.0.2 OK

Check Details

Version: 1.0.2
Check: compiled code
Result: NOTE
    File ‘biglars/libs/biglars.so’:
     Found no calls to: ‘R_registerRoutines’, ‘R_useDynamicSymbols’
    
    It is good practice to register native routines and to disable symbol
    search.
    
    See ‘Writing portable packages’ in the ‘Writing R Extensions’ manual.
Flavors: r-devel-linux-x86_64-debian-clang, r-devel-linux-x86_64-debian-gcc, r-devel-linux-x86_64-fedora-clang, r-devel-linux-x86_64-fedora-gcc, r-patched-linux-x86_64, r-release-linux-x86_64