CRAN Package Check Results for Package biglars

Last updated on 2017-05-24 07:49:33.

Flavor Version Tinstall Tcheck Ttotal Status Flags
r-devel-linux-x86_64-debian-clang 1.0.2 1.09 14.47 15.57 NOTE
r-devel-linux-x86_64-debian-gcc 1.0.2 1.20 14.50 15.70 NOTE
r-devel-linux-x86_64-fedora-clang 1.0.2 25.90 NOTE --no-stop-on-test-error
r-devel-linux-x86_64-fedora-gcc 1.0.2 24.51 NOTE --no-stop-on-test-error
r-devel-windows-ix86+x86_64 1.0.2 7.00 37.00 44.00 OK
r-patched-linux-x86_64 1.0.2 1.10 14.25 15.34 NOTE
r-patched-solaris-sparc 1.0.2 152.20 OK
r-patched-solaris-x86 1.0.2 35.80 OK
r-release-linux-x86_64 1.0.2 1.10 14.27 15.37 NOTE
r-release-windows-ix86+x86_64 1.0.2 6.00 54.00 60.00 OK
r-release-osx-x86_64 1.0.2 OK
r-oldrel-windows-ix86+x86_64 1.0.2 7.00 42.00 49.00 OK
r-oldrel-osx-x86_64 1.0.2 OK

Check Details

Version: 1.0.2
Check: compiled code
Result: NOTE
    File ‘biglars/libs/biglars.so’:
     Found no calls to: ‘R_registerRoutines’, ‘R_useDynamicSymbols’
    
    It is good practice to register native routines and to disable symbol
    search.
    
    See ‘Writing portable packages’ in the ‘Writing R Extensions’ manual.
Flavors: r-devel-linux-x86_64-debian-clang, r-devel-linux-x86_64-debian-gcc, r-patched-linux-x86_64, r-release-linux-x86_64

Version: 1.0.2
Flags: --no-stop-on-test-error
Check: compiled code
Result: NOTE
    File ‘biglars/libs/biglars.so’:
     Found no calls to: ‘R_registerRoutines’, ‘R_useDynamicSymbols’
    
    It is good practice to register native routines and to disable symbol
    search.
    
    See ‘Writing portable packages’ in the ‘Writing R Extensions’ manual.
Flavors: r-devel-linux-x86_64-fedora-clang, r-devel-linux-x86_64-fedora-gcc