CRAN Package Check Results for Package biglars

Last updated on 2017-02-22 13:50:32.

Flavor Version Tinstall Tcheck Ttotal Status Flags
r-devel-linux-x86_64-debian-clang 1.0.2 2.52 14.08 16.60 NOTE
r-devel-linux-x86_64-debian-gcc 1.0.2 1.12 13.87 14.99 NOTE
r-devel-linux-x86_64-fedora-clang 1.0.2 24.74 NOTE --no-stop-on-test-error
r-devel-linux-x86_64-fedora-gcc 1.0.2 24.13 NOTE --no-stop-on-test-error
r-devel-macos-x86_64-clang 1.0.2 22.35 NOTE --no-stop-on-test-error
r-devel-windows-ix86+x86_64 1.0.2 11.00 87.00 98.00 OK
r-patched-linux-x86_64 1.0.2 0.98 11.65 12.64 OK
r-patched-solaris-sparc 1.0.2 132.20 OK
r-patched-solaris-x86 1.0.2 31.90 OK
r-release-linux-x86_64 1.0.2 0.98 11.97 12.95 OK
r-release-osx-x86_64-mavericks 1.0.2 OK
r-release-windows-ix86+x86_64 1.0.2 17.00 50.00 67.00 OK
r-oldrel-windows-ix86+x86_64 1.0.2 10.00 43.00 53.00 OK

Check Details

Version: 1.0.2
Check: compiled code
Result: NOTE
    File ‘biglars/libs/biglars.so’:
     Found no calls to: ‘R_registerRoutines’, ‘R_useDynamicSymbols’
    
    It is good practice to register native routines and to disable symbol
    search.
    
    See ‘Writing portable packages’ in the ‘Writing R Extensions’ manual.
Flavors: r-devel-linux-x86_64-debian-clang, r-devel-linux-x86_64-debian-gcc

Version: 1.0.2
Flags: --no-stop-on-test-error
Check: compiled code
Result: NOTE
    File ‘biglars/libs/biglars.so’:
     Found no calls to: ‘R_registerRoutines’, ‘R_useDynamicSymbols’
    
    It is good practice to register native routines and to disable symbol
    search.
    
    See ‘Writing portable packages’ in the ‘Writing R Extensions’ manual.
Flavors: r-devel-linux-x86_64-fedora-clang, r-devel-linux-x86_64-fedora-gcc, r-devel-macos-x86_64-clang