CRAN Package Check Results for Package biglars

Last updated on 2017-08-24 00:53:07.

Flavor Version Tinstall Tcheck Ttotal Status Flags
r-devel-linux-x86_64-debian-clang 1.0.2 1.02 14.84 15.87 NOTE
r-devel-linux-x86_64-debian-gcc 1.0.2 1.05 14.50 15.55 NOTE
r-devel-linux-x86_64-fedora-clang 1.0.2 27.24 NOTE
r-devel-linux-x86_64-fedora-gcc 1.0.2 24.76 NOTE
r-devel-windows-ix86+x86_64 1.0.2 14.00 42.00 56.00 OK
r-patched-linux-x86_64 1.0.2 1.05 14.70 15.75 NOTE
r-patched-solaris-x86 1.0.2 39.40 OK
r-release-linux-x86_64 1.0.2 1.18 14.36 15.55 NOTE
r-release-windows-ix86+x86_64 1.0.2 8.00 51.00 59.00 OK
r-release-osx-x86_64 1.0.2 OK
r-oldrel-windows-ix86+x86_64 1.0.2 9.00 48.00 57.00 OK
r-oldrel-osx-x86_64 1.0.2 OK

Check Details

Version: 1.0.2
Check: compiled code
Result: NOTE
    File ‘biglars/libs/biglars.so’:
     Found no calls to: ‘R_registerRoutines’, ‘R_useDynamicSymbols’
    
    It is good practice to register native routines and to disable symbol
    search.
    
    See ‘Writing portable packages’ in the ‘Writing R Extensions’ manual.
Flavors: r-devel-linux-x86_64-debian-clang, r-devel-linux-x86_64-debian-gcc, r-devel-linux-x86_64-fedora-clang, r-devel-linux-x86_64-fedora-gcc, r-patched-linux-x86_64, r-release-linux-x86_64