CRAN Package Check Results for Package biglars

Last updated on 2017-03-29 11:49:16.

Flavor Version Tinstall Tcheck Ttotal Status Flags
r-devel-linux-x86_64-debian-clang 1.0.2 1.11 14.38 15.49 NOTE
r-devel-linux-x86_64-debian-gcc 1.0.2 1.17 14.48 15.65 NOTE
r-devel-linux-x86_64-fedora-clang 1.0.2 29.10 NOTE --no-stop-on-test-error
r-devel-linux-x86_64-fedora-gcc 1.0.2 25.74 NOTE --no-stop-on-test-error
r-devel-macos-x86_64-clang 1.0.2 22.38 NOTE --no-stop-on-test-error
r-devel-windows-ix86+x86_64 1.0.2 6.00 35.00 41.00 OK
r-patched-linux-x86_64 1.0.2 1.07 13.98 15.05 NOTE
r-patched-solaris-sparc 1.0.2 152.20 OK
r-patched-solaris-x86 1.0.2 36.00 OK
r-release-linux-x86_64 1.0.2 1.14 11.61 12.75 OK
r-release-osx-x86_64-mavericks 1.0.2 OK
r-release-windows-ix86+x86_64 1.0.2 9.00 75.00 84.00 OK
r-oldrel-windows-ix86+x86_64 1.0.2 7.00 45.00 52.00 OK

Check Details

Version: 1.0.2
Check: compiled code
Result: NOTE
    File ‘biglars/libs/biglars.so’:
     Found no calls to: ‘R_registerRoutines’, ‘R_useDynamicSymbols’
    
    It is good practice to register native routines and to disable symbol
    search.
    
    See ‘Writing portable packages’ in the ‘Writing R Extensions’ manual.
Flavors: r-devel-linux-x86_64-debian-clang, r-devel-linux-x86_64-debian-gcc, r-patched-linux-x86_64

Version: 1.0.2
Flags: --no-stop-on-test-error
Check: compiled code
Result: NOTE
    File ‘biglars/libs/biglars.so’:
     Found no calls to: ‘R_registerRoutines’, ‘R_useDynamicSymbols’
    
    It is good practice to register native routines and to disable symbol
    search.
    
    See ‘Writing portable packages’ in the ‘Writing R Extensions’ manual.
Flavors: r-devel-linux-x86_64-fedora-clang, r-devel-linux-x86_64-fedora-gcc, r-devel-macos-x86_64-clang