CRAN Package Check Results for Package biglars

Last updated on 2017-12-17 21:47:25 CET.

Flavor Version Tinstall Tcheck Ttotal Status Flags
r-devel-linux-x86_64-debian-clang 1.0.2 1.37 21.04 22.41 NOTE
r-devel-linux-x86_64-debian-gcc NOTE
r-devel-linux-x86_64-fedora-clang 1.0.2 26.79 NOTE
r-devel-linux-x86_64-fedora-gcc 1.0.2 26.49 NOTE
r-devel-windows-ix86+x86_64 1.0.2 8.00 40.00 48.00 OK
r-patched-linux-x86_64 1.0.2 1.35 20.13 21.48 NOTE
r-patched-solaris-x86 1.0.2 39.00 OK
r-release-linux-x86_64 1.0.2 1.32 20.05 21.37 NOTE
r-release-windows-ix86+x86_64 1.0.2 8.00 51.00 59.00 OK
r-release-osx-x86_64 1.0.2 OK
r-oldrel-windows-ix86+x86_64 1.0.2 9.00 44.00 53.00 OK
r-oldrel-osx-x86_64 1.0.2 OK

Check Details

Version: 1.0.2
Check: compiled code
Result: NOTE
    File ‘biglars/libs/biglars.so’:
     Found no calls to: ‘R_registerRoutines’, ‘R_useDynamicSymbols’
    
    It is good practice to register native routines and to disable symbol
    search.
    
    See ‘Writing portable packages’ in the ‘Writing R Extensions’ manual.
Flavors: r-devel-linux-x86_64-debian-clang, r-devel-linux-x86_64-debian-gcc, r-devel-linux-x86_64-fedora-clang, r-devel-linux-x86_64-fedora-gcc, r-patched-linux-x86_64, r-release-linux-x86_64