CRAN Package Check Results for Package biglars

Last updated on 2014-04-23 07:54:55.

Flavor Version Tinstall Tcheck Ttotal Status Flags
r-devel-linux-x86_64-debian-clang 1.0.2 1.18 13.81 14.99 OK
r-devel-linux-x86_64-debian-gcc 1.0.2 1.16 13.48 14.64 OK
r-devel-linux-x86_64-fedora-clang 1.0.2 27.99 OK
r-devel-linux-x86_64-fedora-gcc 1.0.2 26.55 OK
r-devel-osx-x86_64-clang 1.0.2 29.64 OK
r-devel-osx-x86_64-gcc 1.0.2 OK
r-devel-windows-ix86+x86_64 1.0.2 6.00 26.00 32.00 OK
r-patched-linux-x86_64 1.0.2 1.14 13.39 14.54 OK
r-patched-solaris-sparc 1.0.2 167.90 OK
r-patched-solaris-x86 1.0.2 39.70 OK
r-release-linux-ix86 1.0.2 2.00 29.00 31.00 OK
r-release-linux-x86_64 1.0.2 1.14 13.36 14.50 OK
r-release-osx-x86_64-mavericks 1.0.2 WARN
r-release-osx-x86_64-snowleopard 1.0.2 OK
r-release-windows-ix86+x86_64 1.0.2 10.00 35.00 45.00 OK
r-oldrel-windows-ix86+x86_64 1.0.2 7.00 31.00 38.00 OK

Check Details

Version: 1.0.2
Check: PDF version of manual
Result: WARNING
    LaTeX errors when creating PDF version.
    This typically indicates Rd problems.
    LaTeX errors found:
    ! LaTeX Error: File `upquote.sty' not found.
    
    Type X to quit or <RETURN> to proceed,
    or enter new name. (Default extension: sty)
    
    a4bf22b/Rd2.tex:8: ==> Fatal error occurred, no output PDF file produced!
Flavor: r-release-osx-x86_64-mavericks