CRAN Package Check Results for Package biglars

Last updated on 2018-05-28 04:49:05 CEST.

Flavor Version Tinstall Tcheck Ttotal Status Flags
r-devel-linux-x86_64-debian-clang 1.0.2 2.44 19.78 22.22 NOTE
r-devel-linux-x86_64-debian-gcc 1.0.2 2.02 17.18 19.20 NOTE
r-devel-linux-x86_64-fedora-clang 1.0.2 28.94 NOTE
r-devel-linux-x86_64-fedora-gcc 1.0.2 27.41 NOTE
r-devel-windows-ix86+x86_64 1.0.2 8.00 60.00 68.00 OK
r-patched-linux-x86_64 1.0.2 2.59 20.69 23.28 NOTE
r-patched-solaris-x86 1.0.2 43.00 OK
r-release-linux-x86_64 1.0.2 2.53 20.39 22.92 NOTE
r-release-windows-ix86+x86_64 1.0.2 12.00 55.00 67.00 OK
r-release-osx-x86_64 1.0.2 OK
r-oldrel-windows-ix86+x86_64 1.0.2 8.00 40.00 48.00 OK
r-oldrel-osx-x86_64 1.0.2 OK

Check Details

Version: 1.0.2
Check: compiled code
Result: NOTE
    File ‘biglars/libs/biglars.so’:
     Found no calls to: ‘R_registerRoutines’, ‘R_useDynamicSymbols’
    
    It is good practice to register native routines and to disable symbol
    search.
    
    See ‘Writing portable packages’ in the ‘Writing R Extensions’ manual.
Flavors: r-devel-linux-x86_64-debian-clang, r-devel-linux-x86_64-debian-gcc, r-devel-linux-x86_64-fedora-clang, r-devel-linux-x86_64-fedora-gcc, r-patched-linux-x86_64, r-release-linux-x86_64