CRAN Package Check Results for Package biglm

Last updated on 2015-08-04 11:48:57.

Flavor Version Tinstall Tcheck Ttotal Status Flags
r-devel-linux-x86_64-debian-clang 0.9-1 1.26 13.03 14.28 NOTE
r-devel-linux-x86_64-debian-gcc 0.9-1 1.31 12.63 13.94 NOTE
r-devel-linux-x86_64-fedora-clang 0.9-1 27.29 NOTE
r-devel-linux-x86_64-fedora-gcc 0.9-1 25.49 NOTE
r-devel-osx-x86_64-clang 0.9-1 25.80 NOTE
r-devel-windows-ix86+x86_64 0.9-1 9.00 43.00 52.00 NOTE
r-patched-linux-x86_64 0.9-1 1.19 12.76 13.95 NOTE
r-patched-solaris-sparc 0.9-1 178.00 NOTE
r-patched-solaris-x86 0.9-1 39.20 NOTE
r-release-linux-x86_64 0.9-1 1.22 13.14 14.36 NOTE
r-release-osx-x86_64-mavericks 0.9-1 NOTE
r-release-windows-ix86+x86_64 0.9-1 9.00 41.00 50.00 NOTE
r-oldrel-windows-ix86+x86_64 0.9-1 12.00 33.00 45.00 NOTE

Check Details

Version: 0.9-1
Check: DESCRIPTION meta-information
Result: NOTE
    Malformed Description field: should contain one or more complete sentences.
Flavors: r-devel-linux-x86_64-debian-clang, r-devel-linux-x86_64-debian-gcc, r-devel-linux-x86_64-fedora-clang, r-devel-linux-x86_64-fedora-gcc, r-devel-osx-x86_64-clang, r-devel-windows-ix86+x86_64, r-patched-linux-x86_64, r-patched-solaris-sparc, r-patched-solaris-x86, r-release-linux-x86_64, r-release-osx-x86_64-mavericks, r-release-windows-ix86+x86_64

Version: 0.9-1
Check: top-level files
Result: NOTE
    Non-standard file/directory found at top level:
     ‘test’
Flavors: r-devel-linux-x86_64-debian-clang, r-devel-linux-x86_64-debian-gcc, r-devel-linux-x86_64-fedora-clang, r-devel-linux-x86_64-fedora-gcc, r-patched-linux-x86_64, r-release-linux-x86_64

Version: 0.9-1
Check: dependencies in R code
Result: NOTE
    Packages in Depends field not imported from:
     ‘DBI’ ‘methods’
     These packages need to be imported from (in the NAMESPACE file)
     for when this namespace is loaded but not attached.
Flavors: r-devel-linux-x86_64-debian-clang, r-devel-linux-x86_64-debian-gcc, r-devel-linux-x86_64-fedora-clang, r-devel-linux-x86_64-fedora-gcc, r-devel-osx-x86_64-clang, r-devel-windows-ix86+x86_64, r-patched-linux-x86_64, r-patched-solaris-sparc, r-patched-solaris-x86, r-release-linux-x86_64, r-release-osx-x86_64-mavericks, r-release-windows-ix86+x86_64, r-oldrel-windows-ix86+x86_64

Version: 0.9-1
Check: foreign function calls
Result: NOTE
    Call with DUP:
     .Fortran("regcf", as.integer(p), as.integer(p * p/2), bigQR$D,
     bigQR$rbar, bigQR$thetab, bigQR$tol, beta = numeric(p), nreq = as.integer(nvar),
     ier = integer(1), DUP = FALSE)
    DUP is no longer supported and will be ignored.
Flavors: r-devel-linux-x86_64-debian-clang, r-devel-linux-x86_64-debian-gcc, r-devel-linux-x86_64-fedora-clang, r-devel-linux-x86_64-fedora-gcc, r-devel-osx-x86_64-clang, r-devel-windows-ix86+x86_64, r-patched-linux-x86_64, r-patched-solaris-sparc, r-patched-solaris-x86, r-release-linux-x86_64, r-release-osx-x86_64-mavericks, r-release-windows-ix86+x86_64

Version: 0.9-1
Check: R code for possible problems
Result: NOTE
    bigglm.RODBC: no visible global function definition for ‘odbcQuery’
    bigglm.RODBC : chunk: no visible global function definition for
     ‘odbcQuery’
    bigglm.RODBC : chunk: no visible global function definition for
     ‘sqlGetResults’
    bigglm,ANY-DBIConnection: no visible global function definition for
     ‘dbSendQuery’
    bigglm,ANY-DBIConnection: no visible global function definition for
     ‘dbClearResult’
    bigglm,ANY-DBIConnection : chunk: no visible global function definition
     for ‘dbClearResult’
    bigglm,ANY-DBIConnection : chunk: no visible global function definition
     for ‘dbSendQuery’
    bigglm,ANY-DBIConnection : chunk: no visible global function definition
     for ‘fetch’
    Undefined global functions or variables:
     dbClearResult dbSendQuery fetch odbcQuery sqlGetResults
    
    Found the following calls to data() loading into the global environment:
    File ‘biglm/R/bigglm.R’:
     data(reset = TRUE)
     data(reset = FALSE)
    See section ‘Good practice’ in ‘?data’.
Flavors: r-devel-linux-x86_64-debian-clang, r-devel-linux-x86_64-debian-gcc, r-devel-linux-x86_64-fedora-clang, r-devel-osx-x86_64-clang

Version: 0.9-1
Check: R code for possible problems
Result: NOTE
    bigglm.RODBC: no visible global function definition for ‘odbcQuery’
    bigglm.RODBC : chunk: no visible global function definition for
     ‘odbcQuery’
    bigglm.RODBC : chunk: no visible global function definition for
     ‘sqlGetResults’
    bigglm,ANY-DBIConnection: no visible global function definition for
     ‘dbSendQuery’
    bigglm,ANY-DBIConnection: no visible global function definition for
     ‘dbClearResult’
    bigglm,ANY-DBIConnection : chunk: no visible global function definition
     for ‘dbClearResult’
    bigglm,ANY-DBIConnection : chunk: no visible global function definition
     for ‘dbSendQuery’
    bigglm,ANY-DBIConnection : chunk: no visible global function definition
     for ‘fetch’
    Undefined global functions or variables:
     dbClearResult dbSendQuery fetch odbcQuery sqlGetResults
Flavors: r-devel-linux-x86_64-fedora-gcc, r-devel-windows-ix86+x86_64

Version: 0.9-1
Check: R code for possible problems
Result: NOTE
    bigglm.RODBC: no visible global function definition for ‘odbcQuery’
    bigglm.RODBC : chunk: no visible global function definition for
     ‘odbcQuery’
    bigglm.RODBC : chunk: no visible global function definition for
     ‘sqlGetResults’
    bigglm,ANY-DBIConnection : .local: no visible global function
     definition for ‘dbSendQuery’
    bigglm,ANY-DBIConnection : .local: no visible global function
     definition for ‘dbClearResult’
    bigglm,ANY-DBIConnection : .local : chunk: no visible global function
     definition for ‘dbClearResult’
    bigglm,ANY-DBIConnection : .local : chunk: no visible global function
     definition for ‘dbSendQuery’
    bigglm,ANY-DBIConnection : .local : chunk: no visible global function
     definition for ‘fetch’
    
    Found the following calls to data() loading into the global environment:
    File ‘biglm/R/bigglm.R’:
     data(reset = TRUE)
     data(reset = FALSE)
    See section ‘Good practice’ in ‘?data’.
Flavors: r-patched-linux-x86_64, r-release-linux-x86_64

Version: 0.9-1
Check: R code for possible problems
Result: NOTE
    bigglm.RODBC: no visible global function definition for ‘odbcQuery’
    bigglm.RODBC : chunk: no visible global function definition for
     ‘odbcQuery’
    bigglm.RODBC : chunk: no visible global function definition for
     ‘sqlGetResults’
    bigglm,ANY-DBIConnection : .local: no visible global function
     definition for ‘dbSendQuery’
    bigglm,ANY-DBIConnection : .local: no visible global function
     definition for ‘dbClearResult’
    bigglm,ANY-DBIConnection : .local : chunk: no visible global function
     definition for ‘dbClearResult’
    bigglm,ANY-DBIConnection : .local : chunk: no visible global function
     definition for ‘dbSendQuery’
    bigglm,ANY-DBIConnection : .local : chunk: no visible global function
     definition for ‘fetch’
Flavors: r-patched-solaris-sparc, r-patched-solaris-x86, r-release-windows-ix86+x86_64, r-oldrel-windows-ix86+x86_64

Version: 0.9-1
Check: package dependencies
Result: NOTE
    Package suggested but not available for checking: ‘RODBC’
Flavor: r-release-osx-x86_64-mavericks

Version: 0.9-1
Check: R code for possible problems
Result: NOTE
    bigglm.RODBC: no visible global function definition for ‘odbcQuery’
    bigglm.RODBC : chunk: no visible global function definition for
     ‘odbcQuery’
    bigglm.RODBC : chunk: no visible global function definition for
     ‘sqlGetResults’
Flavor: r-release-osx-x86_64-mavericks

Version: 0.9-1
Check: foreign function calls
Result: NOTE
    Call with DUP != TRUE:
     .Fortran("regcf", as.integer(p), as.integer(p * p/2), bigQR$D,
     bigQR$rbar, bigQR$thetab, bigQR$tol, beta = numeric(p), nreq = as.integer(nvar),
     ier = integer(1), DUP = FALSE)
    DUP = FALSE is deprecated and will be disabled in future versions of R.
Flavor: r-oldrel-windows-ix86+x86_64