CRAN Package Check Results for Package biglm

Last updated on 2014-04-18 11:47:14.

Flavor Version Tinstall Tcheck Ttotal Status Flags
r-devel-linux-x86_64-debian-clang 0.9-1 1.21 13.16 14.37 NOTE
r-devel-linux-x86_64-debian-gcc NOTE
r-devel-linux-x86_64-fedora-clang 0.9-1 29.32 NOTE
r-devel-linux-x86_64-fedora-gcc 0.9-1 27.47 NOTE
r-devel-macosx-x86_64-clang 0.9-1 30.31 NOTE
r-devel-macosx-x86_64-gcc 0.9-1 NOTE
r-devel-windows-ix86+x86_64 0.9-1 5.00 33.00 38.00 NOTE
r-patched-linux-x86_64 0.9-1 1.18 13.45 14.63 NOTE
r-patched-solaris-sparc 0.9-1 168.90 NOTE
r-patched-solaris-x86 0.9-1 41.00 NOTE
r-release-linux-ix86 0.9-1 3.00 29.00 32.00 NOTE
r-release-linux-x86_64 0.9-1 1.16 13.77 14.93 NOTE
r-release-windows-ix86+x86_64 0.9-1 12.00 34.00 46.00 NOTE
r-oldrel-windows-ix86+x86_64 0.9-1 6.00 26.00 32.00 NOTE

Check Details

Version: 0.9-1
Check: dependencies in R code
Result: NOTE
    Packages in Depends field not imported from:
     ‘DBI’ ‘methods’
     These packages need to be imported from (in the NAMESPACE file)
     for when this namespace is loaded but not attached.
    See the information on DESCRIPTION files in the chapter ‘Creating R
    packages’ of the ‘Writing R Extensions’ manual.
Flavors: r-devel-linux-x86_64-debian-clang, r-devel-linux-x86_64-debian-gcc, r-devel-linux-x86_64-fedora-clang, r-devel-linux-x86_64-fedora-gcc, r-devel-macosx-x86_64-clang, r-devel-macosx-x86_64-gcc, r-devel-windows-ix86+x86_64, r-patched-linux-x86_64, r-patched-solaris-sparc, r-patched-solaris-x86, r-release-linux-ix86, r-release-linux-x86_64, r-release-windows-ix86+x86_64, r-oldrel-windows-ix86+x86_64

Version: 0.9-1
Check: foreign function calls
Result: NOTE
    Call with DUP = FALSE:
     .Fortran("regcf", as.integer(p), as.integer(p * p/2), bigQR$D,
     bigQR$rbar, bigQR$thetab, bigQR$tol, beta = numeric(p), nreq = as.integer(nvar),
     ier = integer(1), DUP = FALSE)
    DUP = FALSE is deprecated and may be disabled in future versions of R.
Flavors: r-devel-linux-x86_64-debian-clang, r-devel-linux-x86_64-debian-gcc, r-devel-linux-x86_64-fedora-clang, r-devel-linux-x86_64-fedora-gcc, r-devel-macosx-x86_64-clang, r-devel-macosx-x86_64-gcc, r-devel-windows-ix86+x86_64, r-patched-linux-x86_64, r-patched-solaris-x86, r-release-linux-ix86, r-release-linux-x86_64, r-release-windows-ix86+x86_64

Version: 0.9-1
Check: R code for possible problems
Result: NOTE
    Found the following calls to data() loading into the global environment:
    File ‘biglm/R/bigglm.R’:
     data(reset = TRUE)
     data(reset = FALSE)
    See section ‘Good practice’ in ‘?data’.
Flavors: r-devel-linux-x86_64-debian-clang, r-devel-linux-x86_64-debian-gcc, r-devel-linux-x86_64-fedora-clang, r-devel-macosx-x86_64-clang, r-patched-linux-x86_64, r-release-linux-ix86, r-release-linux-x86_64

Version: 0.9-1
Check: top-level files
Result: NOTE
    Non-standard file/directory found at top level:
     ‘test’
Flavors: r-devel-linux-x86_64-fedora-clang, r-devel-linux-x86_64-fedora-gcc

Version: 0.9-1
Check: package dependencies
Result: NOTE
    Package which this enhances but not available for checking: ‘leaps’
Flavor: r-devel-macosx-x86_64-gcc

Version: 0.9-1
Check: foreign function calls
Result: NOTE
    Call with DUP = FALSE:
     .Fortran("regcf", as.integer(p), as.integer(p * p/2), bigQR$D,
     bigQR$rbar, bigQR$thetab, bigQR$tol, beta = numeric(p), nreq = as.integer(nvar),
     ier = integer(1), DUP = FALSE)
    See the chapter ‘System and foreign language interfaces’ of the
    ‘Writing R Extensions’ manual.
Flavor: r-patched-solaris-sparc