CRAN Package Check Results for Package biglm

Last updated on 2014-08-02 03:50:50.

Flavor Version Tinstall Tcheck Ttotal Status Flags
r-devel-linux-x86_64-debian-clang 0.9-1 1.15 12.89 14.04 NOTE
r-devel-linux-x86_64-debian-gcc 0.9-1 1.12 12.74 13.85 NOTE
r-devel-linux-x86_64-fedora-clang 0.9-1 29.49 NOTE
r-devel-linux-x86_64-fedora-gcc 0.9-1 26.86 NOTE
r-devel-osx-x86_64-clang 0.9-1 30.90 NOTE
r-devel-windows-ix86+x86_64 0.9-1 5.00 25.00 30.00 NOTE
r-patched-linux-x86_64 0.9-1 1.13 12.68 13.81 NOTE
r-patched-solaris-sparc 0.9-1 175.30 NOTE
r-patched-solaris-x86 0.9-1 40.20 NOTE
r-release-linux-ix86 0.9-1 1.68 19.50 21.19 NOTE
r-release-linux-x86_64 0.9-1 1.16 12.97 14.13 NOTE
r-release-osx-x86_64-mavericks 0.9-1 NOTE
r-release-windows-ix86+x86_64 0.9-1 9.00 26.00 35.00 NOTE
r-oldrel-windows-ix86+x86_64 0.9-1 6.00 26.00 32.00 NOTE

Check Details

Version: 0.9-1
Check: dependencies in R code
Result: NOTE
    Packages in Depends field not imported from:
     DBI methods
     These packages need to be imported from (in the NAMESPACE file)
     for when this namespace is loaded but not attached.
    See the information on DESCRIPTION files in the chapter Creating R
    packages of the Writing R Extensions manual.
Flavors: r-devel-linux-x86_64-debian-clang, r-devel-linux-x86_64-debian-gcc, r-devel-linux-x86_64-fedora-clang, r-devel-linux-x86_64-fedora-gcc, r-devel-osx-x86_64-clang, r-devel-windows-ix86+x86_64, r-patched-linux-x86_64, r-patched-solaris-sparc, r-patched-solaris-x86, r-release-linux-ix86, r-release-linux-x86_64, r-release-osx-x86_64-mavericks, r-release-windows-ix86+x86_64, r-oldrel-windows-ix86+x86_64

Version: 0.9-1
Check: foreign function calls
Result: NOTE
    Call with DUP = FALSE:
     .Fortran("regcf", as.integer(p), as.integer(p * p/2), bigQR$D,
     bigQR$rbar, bigQR$thetab, bigQR$tol, beta = numeric(p), nreq = as.integer(nvar),
     ier = integer(1), DUP = FALSE)
    DUP = FALSE is deprecated and may be disabled in future versions of R.
Flavors: r-devel-linux-x86_64-debian-clang, r-devel-linux-x86_64-debian-gcc, r-devel-linux-x86_64-fedora-clang, r-devel-linux-x86_64-fedora-gcc, r-devel-osx-x86_64-clang, r-devel-windows-ix86+x86_64, r-patched-linux-x86_64, r-patched-solaris-sparc, r-patched-solaris-x86, r-release-linux-ix86, r-release-linux-x86_64, r-release-osx-x86_64-mavericks, r-release-windows-ix86+x86_64

Version: 0.9-1
Check: R code for possible problems
Result: NOTE
    Found the following calls to data() loading into the global environment:
    File biglm/R/bigglm.R :
     data(reset = TRUE)
     data(reset = FALSE)
    See section Good practice in ?data .
Flavors: r-devel-linux-x86_64-debian-clang, r-devel-linux-x86_64-debian-gcc, r-devel-linux-x86_64-fedora-clang, r-devel-osx-x86_64-clang, r-patched-linux-x86_64, r-release-linux-ix86, r-release-linux-x86_64

Version: 0.9-1
Check: top-level files
Result: NOTE
    Non-standard file/directory found at top level:
     test
Flavors: r-devel-linux-x86_64-fedora-clang, r-devel-linux-x86_64-fedora-gcc

Version: 0.9-1
Check: package dependencies
Result: NOTE
    Package suggested but not available for checking: RODBC
Flavor: r-release-osx-x86_64-mavericks

Version: 0.9-1
Check: R code for possible problems
Result: NOTE
    bigglm.RODBC: no visible global function definition for odbcQuery
    bigglm.RODBC : chunk: no visible global function definition for
     odbcQuery
    bigglm.RODBC : chunk: no visible global function definition for
     sqlGetResults
Flavor: r-release-osx-x86_64-mavericks