Last updated on 2022-07-06 08:51:44 CEST.
Flavor | Version | Tinstall | Tcheck | Ttotal | Status | Flags |
---|---|---|---|---|---|---|
r-devel-linux-x86_64-debian-clang | 4.6.1 | 79.59 | 48.71 | 128.30 | OK | |
r-devel-linux-x86_64-debian-gcc | 4.6.1 | 74.59 | 37.04 | 111.63 | OK | |
r-devel-linux-x86_64-fedora-clang | 4.6.1 | 199.17 | NOTE | |||
r-devel-linux-x86_64-fedora-gcc | 4.6.1 | 183.11 | OK | |||
r-devel-windows-x86_64 | 4.6.1 | 155.00 | 117.00 | 272.00 | OK | |
r-patched-linux-x86_64 | 4.6.1 | 77.39 | 46.72 | 124.11 | OK | |
r-release-linux-x86_64 | 4.6.1 | 70.53 | 46.29 | 116.82 | OK | |
r-release-macos-arm64 | 4.6.1 | 51.00 | NOTE | |||
r-release-macos-x86_64 | 4.6.1 | 78.00 | NOTE | |||
r-release-windows-x86_64 | 4.6.1 | 222.00 | 108.00 | 330.00 | OK | |
r-oldrel-macos-arm64 | 4.6.1 | 49.00 | NOTE | |||
r-oldrel-macos-x86_64 | 4.6.1 | 67.00 | NOTE | |||
r-oldrel-windows-ix86+x86_64 | 4.6.1 | 208.00 | 113.00 | 321.00 | OK |
Version: 4.6.1
Check: installed package size
Result: NOTE
installed size is 5.3Mb
sub-directories of 1Mb or more:
libs 4.8Mb
Flavors: r-devel-linux-x86_64-fedora-clang, r-release-macos-arm64, r-release-macos-x86_64, r-oldrel-macos-arm64, r-oldrel-macos-x86_64