CRAN Package Check Results for Package bigmemory.sri

Last updated on 2022-08-15 02:53:38 CEST.

Flavor Version Tinstall Tcheck Ttotal Status Flags
r-devel-linux-x86_64-debian-clang 0.1.3 1.69 21.58 23.27 NOTE
r-devel-linux-x86_64-debian-gcc 0.1.3 1.39 17.40 18.79 NOTE
r-devel-linux-x86_64-fedora-clang 0.1.3 40.12 NOTE
r-devel-linux-x86_64-fedora-gcc 0.1.3 39.02 NOTE
r-devel-windows-x86_64 0.1.3 27.00 46.00 73.00 NOTE
r-patched-linux-x86_64 0.1.3 1.90 21.61 23.51 NOTE
r-release-linux-x86_64 0.1.3 1.73 21.68 23.41 NOTE
r-release-macos-arm64 0.1.3 14.00 NOTE
r-release-macos-x86_64 0.1.3 23.00 NOTE
r-release-windows-x86_64 0.1.3 4.00 45.00 49.00 NOTE
r-oldrel-macos-arm64 0.1.3 25.00 NOTE
r-oldrel-macos-x86_64 0.1.3 27.00 NOTE
r-oldrel-windows-ix86+x86_64 0.1.3 4.00 36.00 40.00 NOTE

Check Details

Version: 0.1.3
Check: DESCRIPTION meta-information
Result: NOTE
    Checking should be performed on sources prepared by 'R CMD build'.
Flavors: r-devel-linux-x86_64-debian-clang, r-devel-linux-x86_64-debian-gcc, r-devel-linux-x86_64-fedora-clang, r-devel-linux-x86_64-fedora-gcc, r-devel-windows-x86_64, r-patched-linux-x86_64, r-release-linux-x86_64, r-release-macos-arm64, r-release-macos-x86_64, r-release-windows-x86_64, r-oldrel-macos-arm64, r-oldrel-macos-x86_64, r-oldrel-windows-ix86+x86_64