CRAN Package Check Results for Package bigmemory.sri

Last updated on 2018-06-23 21:47:14 CEST.

Flavor Version Tinstall Tcheck Ttotal Status Flags
r-devel-linux-x86_64-debian-clang 0.1.3 0.61 17.73 18.34 NOTE
r-devel-linux-x86_64-debian-gcc 0.1.3 0.64 14.18 14.82 NOTE
r-devel-linux-x86_64-fedora-clang 0.1.3 22.42 NOTE
r-devel-linux-x86_64-fedora-gcc 0.1.3 20.49 NOTE
r-devel-windows-ix86+x86_64 0.1.3 4.00 31.00 35.00 NOTE
r-patched-linux-x86_64 0.1.3 0.75 16.52 17.27 NOTE
r-patched-solaris-x86 0.1.3 35.20 NOTE
r-release-linux-x86_64 0.1.3 0.76 16.52 17.28 NOTE
r-release-windows-ix86+x86_64 0.1.3 4.00 31.00 35.00 NOTE
r-release-osx-x86_64 0.1.3 NOTE
r-oldrel-windows-ix86+x86_64 0.1.3 2.00 27.00 29.00 NOTE
r-oldrel-osx-x86_64 0.1.3 NOTE

Check Details

Version: 0.1.3
Check: DESCRIPTION meta-information
Result: NOTE
    Checking should be performed on sources prepared by ‘R CMD build’.
Flavors: r-devel-linux-x86_64-debian-clang, r-devel-linux-x86_64-debian-gcc, r-devel-linux-x86_64-fedora-clang, r-devel-linux-x86_64-fedora-gcc, r-devel-windows-ix86+x86_64, r-patched-linux-x86_64, r-patched-solaris-x86, r-release-linux-x86_64, r-release-windows-ix86+x86_64, r-release-osx-x86_64, r-oldrel-windows-ix86+x86_64, r-oldrel-osx-x86_64

Version: 0.1.3
Check: package dependencies
Result: NOTE
    Package which this enhances but not available for checking: 'synchronicity'
Flavors: r-devel-windows-ix86+x86_64, r-release-windows-ix86+x86_64, r-oldrel-windows-ix86+x86_64

Version: 0.1.3
Check: Rd cross-references
Result: NOTE
    Package unavailable to check Rd xrefs: 'synchronicity'
Flavors: r-devel-windows-ix86+x86_64, r-release-windows-ix86+x86_64, r-oldrel-windows-ix86+x86_64