CRAN Package Check Results for Package bigmemory.sri

Last updated on 2017-09-21 11:48:09.

Flavor Version Tinstall Tcheck Ttotal Status Flags
r-devel-linux-x86_64-debian-clang 0.1.3 0.57 11.09 11.66 NOTE
r-devel-linux-x86_64-debian-gcc 0.1.3 0.59 10.85 11.44 NOTE
r-devel-linux-x86_64-fedora-clang 0.1.3 19.20 NOTE
r-devel-linux-x86_64-fedora-gcc 0.1.3 19.92 NOTE
r-devel-windows-ix86+x86_64 0.1.3 5.00 27.00 32.00 NOTE
r-patched-linux-x86_64 0.1.3 0.58 11.22 11.79 NOTE
r-patched-solaris-x86 0.1.3 30.50 NOTE
r-release-linux-x86_64 0.1.3 0.62 11.08 11.71 NOTE
r-release-windows-ix86+x86_64 0.1.3 2.00 27.00 29.00 NOTE
r-release-osx-x86_64 0.1.3 NOTE
r-oldrel-windows-ix86+x86_64 0.1.3 2.00 27.00 29.00 NOTE
r-oldrel-osx-x86_64 0.1.3 NOTE

Check Details

Version: 0.1.3
Check: DESCRIPTION meta-information
Result: NOTE
    Checking should be performed on sources prepared by ‘R CMD build’.
Flavors: r-devel-linux-x86_64-debian-clang, r-devel-linux-x86_64-debian-gcc, r-devel-linux-x86_64-fedora-clang, r-devel-linux-x86_64-fedora-gcc, r-devel-windows-ix86+x86_64, r-patched-linux-x86_64, r-patched-solaris-x86, r-release-linux-x86_64, r-release-windows-ix86+x86_64, r-release-osx-x86_64, r-oldrel-windows-ix86+x86_64, r-oldrel-osx-x86_64

Version: 0.1.3
Check: package dependencies
Result: NOTE
    Package which this enhances but not available for checking: 'synchronicity'
Flavors: r-devel-windows-ix86+x86_64, r-release-windows-ix86+x86_64, r-oldrel-windows-ix86+x86_64

Version: 0.1.3
Check: Rd cross-references
Result: NOTE
    Package unavailable to check Rd xrefs: 'synchronicity'
Flavors: r-devel-windows-ix86+x86_64, r-release-windows-ix86+x86_64, r-oldrel-windows-ix86+x86_64