CRAN Package Check Results for Package bigrf

Last updated on 2015-05-22 15:46:27.

Flavor Version Tinstall Tcheck Ttotal Status Flags
r-devel-linux-x86_64-debian-clang 0.1-11 4.27 36.98 41.26 OK
r-devel-linux-x86_64-debian-gcc 0.1-11 4.68 35.43 40.11 OK
r-devel-linux-x86_64-fedora-clang OK
r-devel-linux-x86_64-fedora-gcc 0.1-11 74.48 OK
r-devel-osx-x86_64-clang 0.1-11 78.38 OK
r-patched-linux-x86_64 0.1-11 5.28 40.34 45.62 OK
r-patched-solaris-sparc 0.1-11 23.10 ERROR
r-patched-solaris-x86 0.1-11 88.90 OK
r-release-linux-x86_64 0.1-11 4.42 36.11 40.54 OK
r-release-osx-x86_64-mavericks 0.1-11 OK
r-release-osx-x86_64-snowleopard 0.1-11 NOTE

Check Details

Version: 0.1-11
Check: package dependencies
Result: ERROR
    Package required but not available: ‘bigmemory’
    
    See section ‘The DESCRIPTION file’ in the ‘Writing R Extensions’
    manual.
Flavor: r-patched-solaris-sparc

Version: 0.1-11
Check: Rd cross-references
Result: NOTE
    Package unavailable to check Rd xrefs: ‘party’
Flavor: r-release-osx-x86_64-snowleopard