CRAN Package Check Results for Package bigrf

Last updated on 2014-04-17 21:47:44.

Flavor Version Tinstall Tcheck Ttotal Status Flags
r-devel-linux-x86_64-debian-clang 0.1-6 5.14 53.92 59.06 NOTE
r-devel-linux-x86_64-debian-gcc 0.1-6 5.51 55.05 60.56 NOTE
r-devel-linux-x86_64-fedora-clang 0.1-6 116.20 NOTE
r-devel-linux-x86_64-fedora-gcc 0.1-6 115.20 NOTE
r-devel-macosx-x86_64-clang 0.1-6 114.64 NOTE
r-devel-macosx-x86_64-gcc 0.1-6 NOTE
r-patched-linux-x86_64 0.1-6 5.55 54.96 60.50 NOTE
r-patched-solaris-sparc 0.1-6 553.20 NOTE
r-patched-solaris-x86 0.1-6 154.80 NOTE
r-release-linux-ix86 0.1-6 12.00 82.00 94.00 NOTE
r-release-linux-x86_64 0.1-6 5.49 63.53 69.02 NOTE
r-release-macosx-x86_64 0.1-6 NOTE
r-oldrel-windows-ix86+x86_64 0.1-1 0.00 1.00 1.00 ERROR

Memtest notes: UBSAN

Check Details

Version: 0.1-6
Check: DESCRIPTION meta-information
Result: NOTE
    Package listed in more than one of Depends, Imports, Suggests, Enhances:
     ‘bigmemory’
    A package should be listed in only one of these fields.
Flavors: r-devel-linux-x86_64-debian-clang, r-devel-linux-x86_64-debian-gcc, r-devel-linux-x86_64-fedora-clang, r-devel-linux-x86_64-fedora-gcc, r-devel-macosx-x86_64-clang, r-devel-macosx-x86_64-gcc, r-patched-linux-x86_64, r-patched-solaris-sparc, r-patched-solaris-x86, r-release-linux-ix86, r-release-linux-x86_64, r-release-macosx-x86_64

Version: 0.1-6
Check: top-level files
Result: NOTE
    Non-standard file/directory found at top level:
     ‘INSTALL-WINDOWS’
Flavors: r-devel-linux-x86_64-fedora-clang, r-devel-linux-x86_64-fedora-gcc

Version: 0.1-6
Check: Rd cross-references
Result: NOTE
    Package unavailable to check Rd xrefs: ‘party’
Flavor: r-devel-macosx-x86_64-gcc

Version: 0.1-1
Check: package dependencies
Result: ERROR
    Package required but not available: 'bigmemory'
    
    Packages suggested but not available for checking: 'doMC' 'doMPI'
    
    Package which this enhances but not available for checking: 'bigmemory'
    
    See the information on DESCRIPTION files in the chapter 'Creating R
    packages' of the 'Writing R Extensions' manual.
Flavor: r-oldrel-windows-ix86+x86_64