CRAN Package Check Results for Package bigrf

Last updated on 2014-12-21 01:46:54.

Flavor Version Tinstall Tcheck Ttotal Status Flags
r-devel-linux-x86_64-debian-clang 0.1-11 4.48 40.68 45.16 OK
r-devel-linux-x86_64-debian-gcc 0.1-11 5.28 41.56 46.84 OK
r-devel-linux-x86_64-fedora-clang 0.1-11 88.68 OK
r-devel-linux-x86_64-fedora-gcc 0.1-11 86.28 OK
r-devel-osx-x86_64-clang 0.1-11 87.67 OK
r-patched-linux-x86_64 0.1-11 5.41 42.29 47.70 OK
r-patched-solaris-sparc 0.1-11 470.50 OK
r-patched-solaris-x86 0.1-11 122.90 OK
r-release-linux-ix86 0.1-11 6.63 46.07 52.70 OK
r-release-linux-x86_64 0.1-11 5.37 42.24 47.60 OK
r-release-osx-x86_64-mavericks 0.1-11 OK
r-release-osx-x86_64-snowleopard 0.1-11 OK
r-oldrel-windows-ix86+x86_64 0.1-1 0.00 1.00 1.00 ERROR

Check Details

Version: 0.1-1
Check: package dependencies
Result: ERROR
    Package required but not available: 'bigmemory'
    
    Packages suggested but not available for checking: 'doMC' 'doMPI'
    
    Package which this enhances but not available for checking: 'bigmemory'
    
    See the information on DESCRIPTION files in the chapter 'Creating R
    packages' of the 'Writing R Extensions' manual.
Flavor: r-oldrel-windows-ix86+x86_64