CRAN Package Check Results for Package bigrf

Last updated on 2014-07-25 03:49:43.

Flavor Version Tinstall Tcheck Ttotal Status Flags
r-devel-linux-x86_64-debian-clang 0.1-11 4.11 47.14 51.25 OK
r-devel-linux-x86_64-debian-gcc 0.1-11 5.31 41.07 46.38 OK
r-devel-linux-x86_64-fedora-clang 0.1-11 87.55 OK
r-devel-linux-x86_64-fedora-gcc 0.1-11 90.10 OK
r-devel-osx-x86_64-clang 0.1-11 86.70 OK
r-patched-linux-x86_64 0.1-11 6.40 41.51 47.92 OK
r-patched-solaris-sparc 0.1-11 450.50 OK
r-patched-solaris-x86 0.1-11 122.40 OK
r-release-linux-ix86 0.1-11 6.90 47.69 54.59 OK
r-release-linux-x86_64 0.1-11 5.42 42.04 47.45 OK
r-release-osx-x86_64-mavericks 0.1-11 OK
r-release-osx-x86_64-snowleopard 0.1-11 OK
r-oldrel-windows-ix86+x86_64 0.1-1 0.00 1.00 1.00 ERROR

Memtest notes: UBSAN

Check Details

Version: 0.1-1
Check: package dependencies
Result: ERROR
    Package required but not available: 'bigmemory'
    
    Packages suggested but not available for checking: 'doMC' 'doMPI'
    
    Package which this enhances but not available for checking: 'bigmemory'
    
    See the information on DESCRIPTION files in the chapter 'Creating R
    packages' of the 'Writing R Extensions' manual.
Flavor: r-oldrel-windows-ix86+x86_64