CRAN Package Check Results for Package bigrf

Last updated on 2014-09-19 15:48:20.

Flavor Version Tinstall Tcheck Ttotal Status Flags
r-devel-linux-x86_64-debian-clang 0.1-11 4.47 40.02 44.49 OK
r-devel-linux-x86_64-debian-gcc 0.1-11 6.27 42.12 48.39 OK
r-devel-linux-x86_64-fedora-clang 0.1-11 94.30 OK
r-devel-linux-x86_64-fedora-gcc 0.1-11 86.71 OK
r-devel-osx-x86_64-clang 0.1-11 86.75 OK
r-patched-linux-x86_64 0.1-11 5.82 42.41 48.23 OK
r-patched-solaris-sparc 0.1-11 480.50 OK
r-patched-solaris-x86 0.1-11 125.50 OK
r-release-linux-ix86 0.1-11 6.96 48.34 55.30 OK
r-release-linux-x86_64 0.1-11 5.77 42.59 48.36 OK
r-release-osx-x86_64-mavericks 0.1-11 OK
r-release-osx-x86_64-snowleopard 0.1-11 OK
r-oldrel-windows-ix86+x86_64 0.1-1 0.00 1.00 1.00 ERROR

Check Details

Version: 0.1-1
Check: package dependencies
Result: ERROR
    Package required but not available: 'bigmemory'
    
    Packages suggested but not available for checking: 'doMC' 'doMPI'
    
    Package which this enhances but not available for checking: 'bigmemory'
    
    See the information on DESCRIPTION files in the chapter 'Creating R
    packages' of the 'Writing R Extensions' manual.
Flavor: r-oldrel-windows-ix86+x86_64