CRAN Package Check Results for Package bigrf

Last updated on 2015-08-29 06:47:30.

Flavor Version Tinstall Tcheck Ttotal Status Flags
r-devel-linux-x86_64-debian-clang 0.1-11 4.02 36.62 40.64 NOTE
r-devel-linux-x86_64-debian-gcc 0.1-11 4.42 35.90 40.31 NOTE
r-devel-linux-x86_64-fedora-clang 0.1-11 78.02 NOTE
r-devel-linux-x86_64-fedora-gcc 0.1-11 74.36 NOTE
r-devel-osx-x86_64-clang 0.1-11 75.05 NOTE
r-patched-linux-x86_64 0.1-11 4.56 38.06 42.62 NOTE
r-patched-solaris-sparc 0.1-11 23.30 ERROR
r-patched-solaris-x86 0.1-11 115.40 NOTE
r-release-linux-x86_64 0.1-11 4.40 37.91 42.31 NOTE
r-release-osx-x86_64-mavericks 0.1-11 OK

Memtest notes: clang-UBSAN

Check Details

Version: 0.1-11
Check: R code for possible problems
Result: NOTE
    generateSyntheticClass: no visible global function definition for
     ‘runif’
    grow,bigcforest: no visible binding for global variable ‘treenum’
    grow,bigcforest: no visible global function definition for ‘runif’
    outliers,bigcforest: no visible global function definition for ‘median’
    prototypes,bigcforest-bigrfprox : <anonymous>: no visible global
     function definition for ‘quantile’
    prototypes,bigcforest-bigrfprox: no visible global function definition
     for ‘quantile’
    proximities,bigcforest: no visible binding for global variable ‘b’
    scaling,bigrfprox: no visible binding for global variable ‘i’
    varimp,bigcforest: no visible global function definition for ‘pnorm’
    Undefined global functions or variables:
     b i median pnorm quantile runif treenum
    Consider adding
     importFrom("stats", "median", "pnorm", "quantile", "runif")
    to your NAMESPACE.
Flavors: r-devel-linux-x86_64-debian-clang, r-devel-linux-x86_64-debian-gcc, r-devel-linux-x86_64-fedora-clang, r-devel-linux-x86_64-fedora-gcc

Version: 0.1-11
Check: R code for possible problems
Result: NOTE
    grow,bigcforest: no visible binding for global variable ‘treenum’
    proximities,bigcforest: no visible binding for global variable ‘b’
    scaling,bigrfprox: no visible binding for global variable ‘i’
    Undefined global functions or variables:
     b i treenum
Flavor: r-devel-osx-x86_64-clang

Version: 0.1-11
Check: R code for possible problems
Result: NOTE
    grow,bigcforest : .local: no visible binding for global variable
     ‘treenum’
    proximities,bigcforest : .local: no visible binding for global variable
     ‘b’
    scaling,bigrfprox : .local: no visible binding for global variable ‘i’
Flavors: r-patched-linux-x86_64, r-patched-solaris-x86, r-release-linux-x86_64

Version: 0.1-11
Check: whether package can be installed
Result: ERROR
    Installation failed.
Flavor: r-patched-solaris-sparc