CRAN Package Check Results for Package bigrf

Last updated on 2015-04-19 05:49:34.

Flavor Version Tinstall Tcheck Ttotal Status Flags
r-devel-linux-x86_64-debian-clang 0.1-11 4.40 36.88 41.28 OK
r-devel-linux-x86_64-debian-gcc 0.1-11 5.24 36.00 41.24 OK
r-devel-linux-x86_64-fedora-clang 0.1-11 79.30 OK
r-devel-linux-x86_64-fedora-gcc 0.1-11 78.43 OK
r-devel-osx-x86_64-clang 0.1-11 79.04 OK
r-patched-linux-x86_64 0.1-11 5.24 39.44 44.68 OK
r-patched-solaris-sparc 0.1-11 23.10 ERROR
r-patched-solaris-x86 0.1-11 108.40 OK
r-release-linux-x86_64 0.1-11 5.33 35.91 41.24 OK
r-release-osx-x86_64-mavericks 0.1-11 OK
r-release-osx-x86_64-snowleopard 0.1-11 NOTE
r-oldrel-windows-ix86+x86_64 0.1-1 0.00 1.00 1.00 ERROR

Check Details

Version: 0.1-11
Check: package dependencies
Result: ERROR
    Package required but not available: ‘bigmemory’
    
    See section ‘The DESCRIPTION file’ in the ‘Writing R Extensions’
    manual.
Flavor: r-patched-solaris-sparc

Version: 0.1-11
Check: Rd cross-references
Result: NOTE
    Package unavailable to check Rd xrefs: ‘party’
Flavor: r-release-osx-x86_64-snowleopard

Version: 0.1-1
Check: package dependencies
Result: ERROR
    Package required but not available: 'bigmemory'
    
    Packages suggested but not available for checking: 'doMC' 'doMPI'
    
    Package which this enhances but not available for checking: 'bigmemory'
    
    See the information on DESCRIPTION files in the chapter 'Creating R
    packages' of the 'Writing R Extensions' manual.
Flavor: r-oldrel-windows-ix86+x86_64