CRAN Package Check Results for Package bigrf

Last updated on 2014-08-01 04:47:22.

Flavor Version Tinstall Tcheck Ttotal Status Flags
r-devel-linux-x86_64-debian-clang 0.1-11 4.04 41.48 45.53 OK
r-devel-linux-x86_64-debian-gcc 0.1-11 5.42 41.76 47.18 OK
r-devel-linux-x86_64-fedora-clang 0.1-11 86.01 OK
r-devel-linux-x86_64-fedora-gcc 0.1-11 90.02 OK
r-devel-osx-x86_64-clang 0.1-11 87.40 OK
r-patched-linux-x86_64 0.1-11 5.40 42.30 47.70 OK
r-patched-solaris-sparc 0.1-11 480.50 OK
r-patched-solaris-x86 0.1-11 123.10 OK
r-release-linux-ix86 0.1-11 6.86 47.25 54.10 OK
r-release-linux-x86_64 0.1-11 5.40 42.54 47.94 OK
r-release-osx-x86_64-mavericks 0.1-11 OK
r-release-osx-x86_64-snowleopard 0.1-11 OK
r-oldrel-windows-ix86+x86_64 0.1-1 0.00 1.00 1.00 ERROR

Check Details

Version: 0.1-1
Check: package dependencies
Result: ERROR
    Package required but not available: 'bigmemory'
    
    Packages suggested but not available for checking: 'doMC' 'doMPI'
    
    Package which this enhances but not available for checking: 'bigmemory'
    
    See the information on DESCRIPTION files in the chapter 'Creating R
    packages' of the 'Writing R Extensions' manual.
Flavor: r-oldrel-windows-ix86+x86_64