CRAN Package Check Results for Package bigrf

Last updated on 2015-03-02 19:52:09.

Flavor Version Tinstall Tcheck Ttotal Status Flags
r-devel-linux-x86_64-debian-clang 0.1-11 4.14 36.33 40.47 OK
r-devel-linux-x86_64-debian-gcc 0.1-11 5.09 35.43 40.52 OK
r-devel-linux-x86_64-fedora-clang 0.1-11 84.83 OK
r-devel-linux-x86_64-fedora-gcc 0.1-11 77.90 OK
r-devel-osx-x86_64-clang 0.1-11 76.19 OK
r-patched-linux-x86_64 0.1-11 5.48 42.03 47.51 OK
r-patched-solaris-sparc 0.1-11 22.20 ERROR
r-patched-solaris-x86 0.1-11 122.70 OK
r-release-linux-ix86 0.1-11 6.76 46.48 53.24 OK
r-release-linux-x86_64 0.1-11 6.25 43.46 49.70 OK
r-release-osx-x86_64-mavericks 0.1-11 OK
r-release-osx-x86_64-snowleopard 0.1-11 OK
r-oldrel-windows-ix86+x86_64 0.1-1 0.00 1.00 1.00 ERROR

Check Details

Version: 0.1-11
Check: package dependencies
Result: ERROR
    Package required but not available: ‘bigmemory’
    
    See the information on DESCRIPTION files in the chapter ‘Creating R
    packages’ of the ‘Writing R Extensions’ manual.
Flavor: r-patched-solaris-sparc

Version: 0.1-1
Check: package dependencies
Result: ERROR
    Package required but not available: 'bigmemory'
    
    Packages suggested but not available for checking: 'doMC' 'doMPI'
    
    Package which this enhances but not available for checking: 'bigmemory'
    
    See the information on DESCRIPTION files in the chapter 'Creating R
    packages' of the 'Writing R Extensions' manual.
Flavor: r-oldrel-windows-ix86+x86_64