CRAN Package Check Results for Package bigrf

Last updated on 2014-11-23 19:47:41.

Flavor Version Tinstall Tcheck Ttotal Status Flags
r-devel-linux-x86_64-debian-clang 0.1-11 4.38 40.72 45.10 OK
r-devel-linux-x86_64-debian-gcc 0.1-11 5.22 39.70 44.92 OK
r-devel-linux-x86_64-fedora-clang 0.1-11 86.58 OK
r-devel-linux-x86_64-fedora-gcc 0.1-11 80.59 OK
r-devel-osx-x86_64-clang 0.1-11 89.05 OK
r-patched-linux-x86_64 0.1-11 5.42 42.16 47.58 OK
r-patched-solaris-sparc 0.1-11 470.50 OK
r-patched-solaris-x86 0.1-11 123.40 OK
r-release-linux-ix86 0.1-11 6.62 45.90 52.52 OK
r-release-linux-x86_64 0.1-11 5.33 43.41 48.74 OK
r-release-osx-x86_64-mavericks 0.1-11 OK
r-release-osx-x86_64-snowleopard 0.1-11 OK
r-oldrel-windows-ix86+x86_64 0.1-1 0.00 1.00 1.00 ERROR

Check Details

Version: 0.1-1
Check: package dependencies
Result: ERROR
    Package required but not available: 'bigmemory'
    
    Packages suggested but not available for checking: 'doMC' 'doMPI'
    
    Package which this enhances but not available for checking: 'bigmemory'
    
    See the information on DESCRIPTION files in the chapter 'Creating R
    packages' of the 'Writing R Extensions' manual.
Flavor: r-oldrel-windows-ix86+x86_64