CRAN Package Check Results for Package bigrf

Last updated on 2014-10-23 13:47:44.

Flavor Version Tinstall Tcheck Ttotal Status Flags
r-devel-linux-x86_64-debian-clang 0.1-11 4.49 42.65 47.14 OK
r-devel-linux-x86_64-debian-gcc 0.1-11 5.26 40.03 45.29 OK
r-devel-linux-x86_64-fedora-clang 0.1-11 88.70 OK
r-devel-linux-x86_64-fedora-gcc 0.1-11 98.49 OK
r-devel-osx-x86_64-clang 0.1-11 88.12 OK
r-patched-linux-x86_64 0.1-11 5.47 43.10 48.57 OK
r-patched-solaris-sparc 0.1-11 480.50 OK
r-patched-solaris-x86 0.1-11 123.90 OK
r-release-linux-ix86 0.1-11 6.92 48.30 55.22 OK
r-release-linux-x86_64 0.1-11 6.47 45.82 52.29 OK
r-release-osx-x86_64-mavericks 0.1-11 OK
r-release-osx-x86_64-snowleopard 0.1-11 OK
r-oldrel-windows-ix86+x86_64 0.1-1 0.00 1.00 1.00 ERROR

Check Details

Version: 0.1-1
Check: package dependencies
Result: ERROR
    Package required but not available: 'bigmemory'
    
    Packages suggested but not available for checking: 'doMC' 'doMPI'
    
    Package which this enhances but not available for checking: 'bigmemory'
    
    See the information on DESCRIPTION files in the chapter 'Creating R
    packages' of the 'Writing R Extensions' manual.
Flavor: r-oldrel-windows-ix86+x86_64