CRAN Package Check Results for Package bigsplines

Last updated on 2017-11-18 06:46:47.

Flavor Version Tinstall Tcheck Ttotal Status Flags
r-devel-linux-x86_64-debian-clang 1.1-0 2.16 58.35 60.51 NOTE
r-devel-linux-x86_64-debian-gcc 1.1-0 2.33 60.36 62.70 NOTE
r-devel-linux-x86_64-fedora-clang 1.1-0 110.17 NOTE
r-devel-linux-x86_64-fedora-gcc 1.1-0 110.81 NOTE
r-devel-windows-ix86+x86_64 1.1-0 24.00 140.00 164.00 OK
r-patched-linux-x86_64 1.1-0 2.24 58.90 61.14 NOTE
r-patched-solaris-x86 1.1-0 144.70 OK
r-release-linux-x86_64 1.1-0 2.09 60.36 62.45 NOTE
r-release-windows-ix86+x86_64 1.1-0 16.00 139.00 155.00 OK
r-release-osx-x86_64 1.1-0 OK
r-oldrel-windows-ix86+x86_64 1.1-0 32.00 214.00 246.00 OK
r-oldrel-osx-x86_64 1.1-0 OK

Check Details

Version: 1.1-0
Check: compiled code
Result: NOTE
    File ‘bigsplines/libs/bigsplines.so’:
     Found no calls to: ‘R_registerRoutines’, ‘R_useDynamicSymbols’
    
    It is good practice to register native routines and to disable symbol
    search.
    
    See ‘Writing portable packages’ in the ‘Writing R Extensions’ manual.
Flavors: r-devel-linux-x86_64-debian-clang, r-devel-linux-x86_64-debian-gcc, r-devel-linux-x86_64-fedora-clang, r-devel-linux-x86_64-fedora-gcc, r-patched-linux-x86_64, r-release-linux-x86_64