CRAN Package Check Results for Package bigsplines

Last updated on 2018-01-22 02:49:00 CET.

Flavor Version Tinstall Tcheck Ttotal Status Flags
r-devel-linux-x86_64-debian-clang 1.1-0 2.57 87.39 89.96 NOTE
r-devel-linux-x86_64-debian-gcc 1.1-0 2.19 74.91 77.10 NOTE
r-devel-linux-x86_64-fedora-clang 1.1-0 117.94 NOTE
r-devel-linux-x86_64-fedora-gcc 1.1-0 111.40 NOTE
r-devel-windows-ix86+x86_64 1.1-0 25.00 148.00 173.00 OK
r-patched-linux-x86_64 1.1-0 3.07 98.89 101.96 NOTE
r-patched-solaris-x86 1.1-0 152.60 OK
r-release-linux-x86_64 1.1-0 3.00 97.85 100.85 NOTE
r-release-windows-ix86+x86_64 1.1-0 16.00 139.00 155.00 OK
r-release-osx-x86_64 1.1-0 OK
r-oldrel-windows-ix86+x86_64 1.1-0 32.00 214.00 246.00 OK
r-oldrel-osx-x86_64 1.1-0 OK

Check Details

Version: 1.1-0
Check: compiled code
Result: NOTE
    File ‘bigsplines/libs/bigsplines.so’:
     Found no calls to: ‘R_registerRoutines’, ‘R_useDynamicSymbols’
    
    It is good practice to register native routines and to disable symbol
    search.
    
    See ‘Writing portable packages’ in the ‘Writing R Extensions’ manual.
Flavors: r-devel-linux-x86_64-debian-clang, r-devel-linux-x86_64-debian-gcc, r-devel-linux-x86_64-fedora-clang, r-devel-linux-x86_64-fedora-gcc, r-patched-linux-x86_64, r-release-linux-x86_64