CRAN Package Check Results for Package bigsplines

Last updated on 2018-04-27 05:49:28 CEST.

Flavor Version Tinstall Tcheck Ttotal Status Flags
r-devel-linux-x86_64-debian-clang 1.1-0 13.06 75.68 88.74 NOTE
r-devel-linux-x86_64-debian-gcc 1.1-0 12.58 62.56 75.14 NOTE
r-devel-linux-x86_64-fedora-clang 1.1-0 121.42 NOTE
r-devel-linux-x86_64-fedora-gcc 1.1-0 113.87 NOTE
r-devel-windows-ix86+x86_64 1.1-0 48.00 124.00 172.00 OK
r-patched-linux-x86_64 1.1-0 13.41 82.77 96.18 NOTE
r-patched-solaris-x86 1.1-0 171.50 OK
r-release-linux-x86_64 1.1-0 11.36 82.91 94.27 NOTE
r-release-windows-ix86+x86_64 1.1-0 48.00 124.00 172.00 OK
r-release-osx-x86_64 1.1-0 OK
r-oldrel-windows-ix86+x86_64 1.1-0 16.00 139.00 155.00 OK
r-oldrel-osx-x86_64 1.1-0 OK

Check Details

Version: 1.1-0
Check: compiled code
Result: NOTE
    File ‘bigsplines/libs/bigsplines.so’:
     Found no calls to: ‘R_registerRoutines’, ‘R_useDynamicSymbols’
    
    It is good practice to register native routines and to disable symbol
    search.
    
    See ‘Writing portable packages’ in the ‘Writing R Extensions’ manual.
Flavors: r-devel-linux-x86_64-debian-clang, r-devel-linux-x86_64-debian-gcc, r-devel-linux-x86_64-fedora-clang, r-devel-linux-x86_64-fedora-gcc, r-patched-linux-x86_64, r-release-linux-x86_64