CRAN Package Check Results for Package bigstatsr

Last updated on 2022-12-01 13:50:00 CET.

Flavor Version Tinstall Tcheck Ttotal Status Flags
r-devel-linux-x86_64-debian-clang 1.5.12 221.03 250.24 471.27 OK
r-devel-linux-x86_64-debian-gcc 1.5.12 177.80 187.18 364.98 OK
r-devel-linux-x86_64-fedora-clang 1.5.12 713.70 NOTE
r-devel-linux-x86_64-fedora-gcc 1.5.12 611.83 NOTE
r-devel-windows-x86_64 1.5.12 247.00 340.00 587.00 OK
r-patched-linux-x86_64 1.5.12 188.79 235.88 424.67 OK
r-release-linux-x86_64 1.5.12 188.13 237.19 425.32 OK
r-release-macos-arm64 1.5.12 165.00 NOTE
r-release-macos-x86_64 1.5.12 202.00 NOTE
r-release-windows-x86_64 1.5.12 265.00 323.00 588.00 OK
r-oldrel-macos-arm64 1.5.12 150.00 NOTE
r-oldrel-macos-x86_64 1.5.12 200.00 NOTE
r-oldrel-windows-ix86+x86_64 1.5.12 615.00 526.00 1141.00 NOTE

Check Details

Version: 1.5.12
Check: dependencies in R code
Result: NOTE
    Namespace in Imports field not imported from: ‘rmio’
     All declared Imports should be used.
Flavors: r-devel-linux-x86_64-fedora-clang, r-devel-linux-x86_64-fedora-gcc, r-release-macos-arm64, r-release-macos-x86_64, r-oldrel-macos-arm64, r-oldrel-macos-x86_64

Version: 1.5.12
Check: installed package size
Result: NOTE
     installed size is 12.0Mb
     sub-directories of 1Mb or more:
     extdata 2.3Mb
     libs 9.0Mb
Flavors: r-release-macos-arm64, r-release-macos-x86_64, r-oldrel-macos-arm64, r-oldrel-macos-x86_64, r-oldrel-windows-ix86+x86_64