CRAN Package Check Results for Package bikeshare14

Last updated on 2019-08-24 22:46:21 CEST.

Flavor Version Tinstall Tcheck Ttotal Status Flags
r-devel-linux-x86_64-debian-clang 0.1.2 5.81 13.07 18.88 OK
r-devel-linux-x86_64-debian-gcc 0.1.2 5.95 10.83 16.78 OK
r-devel-linux-x86_64-fedora-clang 0.1.2 25.83 NOTE
r-devel-linux-x86_64-fedora-gcc 0.1.2 25.17 OK
r-devel-windows-ix86+x86_64 0.1.2 11.00 28.00 39.00 NOTE
r-patched-linux-x86_64 0.1.2 5.57 13.40 18.97 OK
r-patched-solaris-x86 0.1.2 41.40 NOTE
r-release-linux-x86_64 0.1.2 5.98 13.19 19.17 OK
r-release-windows-ix86+x86_64 0.1.2 11.00 36.00 47.00 NOTE
r-release-osx-x86_64 0.1.2 NOTE
r-oldrel-windows-ix86+x86_64 0.1.2 10.00 33.00 43.00 NOTE
r-oldrel-osx-x86_64 0.1.2 NOTE

Check Details

Version: 0.1.2
Check: installed package size
Result: NOTE
     installed size is 5.4Mb
     sub-directories of 1Mb or more:
     data 5.3Mb
Flavors: r-devel-linux-x86_64-fedora-clang, r-devel-windows-ix86+x86_64, r-patched-solaris-x86, r-release-windows-ix86+x86_64, r-release-osx-x86_64, r-oldrel-windows-ix86+x86_64, r-oldrel-osx-x86_64