CRAN Package Check Results for Package bikeshare14

Last updated on 2019-06-25 09:50:36 CEST.

Flavor Version Tinstall Tcheck Ttotal Status Flags
r-devel-linux-x86_64-debian-clang 0.1.2 6.46 12.94 19.40 OK
r-devel-linux-x86_64-debian-gcc 0.1.2 5.21 10.42 15.63 OK
r-devel-linux-x86_64-fedora-clang 0.1.2 24.69 NOTE
r-devel-linux-x86_64-fedora-gcc 0.1.2 24.38 OK
r-devel-windows-ix86+x86_64 0.1.2 14.00 28.00 42.00 NOTE
r-patched-linux-x86_64 0.1.2 5.64 12.75 18.39 OK
r-patched-solaris-x86 0.1.2 41.10 NOTE
r-release-linux-x86_64 0.1.2 5.78 12.88 18.66 OK
r-release-windows-ix86+x86_64 0.1.2 10.00 31.00 41.00 NOTE
r-release-osx-x86_64 0.1.2 NOTE
r-oldrel-windows-ix86+x86_64 0.1.2 8.00 25.00 33.00 NOTE
r-oldrel-osx-x86_64 0.1.2 NOTE

Check Details

Version: 0.1.2
Check: installed package size
Result: NOTE
     installed size is 5.4Mb
     sub-directories of 1Mb or more:
     data 5.3Mb
Flavors: r-devel-linux-x86_64-fedora-clang, r-devel-windows-ix86+x86_64, r-patched-solaris-x86, r-release-windows-ix86+x86_64, r-release-osx-x86_64, r-oldrel-windows-ix86+x86_64, r-oldrel-osx-x86_64