CRAN Package Check Results for Package bikeshare14

Last updated on 2019-04-21 06:51:00 CEST.

Flavor Version Tinstall Tcheck Ttotal Status Flags
r-devel-linux-x86_64-debian-clang 0.1.2 6.15 13.02 19.17 OK
r-devel-linux-x86_64-debian-gcc 0.1.2 6.08 12.35 18.43 OK
r-devel-linux-x86_64-fedora-clang 0.1.2 23.88 NOTE
r-devel-linux-x86_64-fedora-gcc 0.1.2 24.36 OK
r-devel-windows-ix86+x86_64 0.1.2 12.00 36.00 48.00 NOTE
r-patched-linux-x86_64 0.1.2 6.51 13.08 19.59 OK
r-patched-solaris-x86 0.1.2 39.50 NOTE
r-release-linux-x86_64 0.1.2 5.87 12.56 18.43 OK
r-release-windows-ix86+x86_64 0.1.2 9.00 36.00 45.00 NOTE
r-release-osx-x86_64 0.1.2 NOTE
r-oldrel-windows-ix86+x86_64 0.1.2 8.00 33.00 41.00 NOTE
r-oldrel-osx-x86_64 0.1.2 NOTE

Check Details

Version: 0.1.2
Check: installed package size
Result: NOTE
     installed size is 5.4Mb
     sub-directories of 1Mb or more:
     data 5.3Mb
Flavors: r-devel-linux-x86_64-fedora-clang, r-devel-windows-ix86+x86_64, r-patched-solaris-x86, r-release-windows-ix86+x86_64, r-release-osx-x86_64, r-oldrel-windows-ix86+x86_64, r-oldrel-osx-x86_64