CRAN Package Check Results for Package bikeshare14

Last updated on 2020-05-28 17:50:01 CEST.

Flavor Version Tinstall Tcheck Ttotal Status Flags
r-devel-linux-x86_64-debian-clang 0.1.2 5.65 14.04 19.69 OK
r-devel-linux-x86_64-debian-gcc 0.1.2 5.30 11.57 16.87 OK
r-devel-linux-x86_64-fedora-clang 0.1.2 27.14 NOTE
r-devel-linux-x86_64-fedora-gcc 0.1.2 26.73 OK
r-devel-windows-ix86+x86_64 0.1.2 12.00 40.00 52.00 NOTE
r-patched-linux-x86_64 0.1.2 6.70 14.19 20.89 OK
r-patched-solaris-x86 0.1.2 41.20 NOTE
r-release-linux-x86_64 0.1.2 6.15 14.25 20.40 OK
r-release-osx-x86_64 0.1.2 NOTE
r-release-windows-ix86+x86_64 0.1.2 9.00 37.00 46.00 NOTE
r-oldrel-osx-x86_64 0.1.2 NOTE
r-oldrel-windows-ix86+x86_64 0.1.2 14.00 25.00 39.00 NOTE

Check Details

Version: 0.1.2
Check: installed package size
Result: NOTE
     installed size is 5.4Mb
     sub-directories of 1Mb or more:
     data 5.3Mb
Flavors: r-devel-linux-x86_64-fedora-clang, r-devel-windows-ix86+x86_64, r-patched-solaris-x86, r-release-osx-x86_64, r-release-windows-ix86+x86_64, r-oldrel-osx-x86_64, r-oldrel-windows-ix86+x86_64