CRAN Package Check Results for Package bikm1

Last updated on 2022-07-03 13:52:00 CEST.

Flavor Version Tinstall Tcheck Ttotal Status Flags
r-devel-linux-x86_64-debian-clang 1.1.0 14.59 107.72 122.31 OK
r-devel-linux-x86_64-debian-gcc 1.1.0 12.54 78.44 90.98 OK
r-devel-linux-x86_64-fedora-clang 1.1.0 155.07 WARN
r-devel-linux-x86_64-fedora-gcc 1.1.0 153.16 WARN
r-devel-windows-x86_64 1.1.0 29.00 136.00 165.00 OK
r-patched-linux-x86_64 1.1.0 13.48 101.54 115.02 OK
r-release-linux-x86_64 1.1.0 16.65 99.81 116.46 OK
r-release-macos-arm64 1.1.0 42.00 OK
r-release-macos-x86_64 1.1.0 79.00 OK
r-release-windows-x86_64 1.1.0 44.00 130.00 174.00 OK
r-oldrel-macos-arm64 1.1.0 52.00 OK
r-oldrel-macos-x86_64 1.1.0 55.00 OK
r-oldrel-windows-ix86+x86_64 1.1.0 35.00 125.00 160.00 OK

Check Details

Version: 1.1.0
Check: package dependencies
Result: WARN
    Requires orphaned package: ‘gtools’
Flavors: r-devel-linux-x86_64-fedora-clang, r-devel-linux-x86_64-fedora-gcc