CRAN Package Check Results for Package bild

Last updated on 2016-12-10 12:53:31.

Flavor Version Tinstall Tcheck Ttotal Status Flags
r-devel-linux-x86_64-debian-clang 1.1-5 6.00 36.53 42.52 NOTE
r-devel-linux-x86_64-debian-gcc 1.1-5 5.74 35.84 41.57 NOTE
r-devel-linux-x86_64-fedora-clang 1.1-5 70.65 NOTE --no-stop-on-test-error
r-devel-linux-x86_64-fedora-gcc 1.1-5 68.89 NOTE --no-stop-on-test-error
r-devel-macos-x86_64-clang 1.1-5 48.05 NOTE --no-stop-on-test-error
r-devel-windows-ix86+x86_64 1.1-5 52.00 119.00 171.00 NOTE
r-patched-linux-x86_64 1.1-5 4.99 32.88 37.87 NOTE
r-patched-solaris-sparc 1.1-5 361.20 NOTE
r-patched-solaris-x86 1.1-5 79.70 NOTE
r-release-linux-x86_64 1.1-5 4.73 32.78 37.51 NOTE
r-release-osx-x86_64-mavericks 1.1-5 NOTE
r-release-windows-ix86+x86_64 1.1-5 23.00 98.00 121.00 NOTE
r-oldrel-windows-ix86+x86_64 1.1-5 40.00 91.00 131.00 OK

Check Details

Version: 1.1-5
Check: R code for possible problems
Result: NOTE
    plot,bild-missing: no visible global function definition for
     ‘dev.interactive’
    plot,bild-missing: no visible global function definition for
     ‘devAskNewPage’
    plot,bild-missing: no visible global function definition for
     ‘extendrange’
    Undefined global functions or variables:
     dev.interactive devAskNewPage extendrange
    Consider adding
     importFrom("grDevices", "dev.interactive", "devAskNewPage",
     "extendrange")
    to your NAMESPACE file.
Flavors: r-devel-linux-x86_64-debian-clang, r-devel-linux-x86_64-debian-gcc, r-devel-windows-ix86+x86_64, r-patched-linux-x86_64, r-patched-solaris-sparc, r-patched-solaris-x86, r-release-linux-x86_64, r-release-osx-x86_64-mavericks, r-release-windows-ix86+x86_64

Version: 1.1-5
Flags: --no-stop-on-test-error
Check: R code for possible problems
Result: NOTE
    plot,bild-missing: no visible global function definition for
     ‘dev.interactive’
    plot,bild-missing: no visible global function definition for
     ‘devAskNewPage’
    plot,bild-missing: no visible global function definition for
     ‘extendrange’
    Undefined global functions or variables:
     dev.interactive devAskNewPage extendrange
    Consider adding
     importFrom("grDevices", "dev.interactive", "devAskNewPage",
     "extendrange")
    to your NAMESPACE file.
Flavors: r-devel-linux-x86_64-fedora-clang, r-devel-linux-x86_64-fedora-gcc, r-devel-macos-x86_64-clang