CRAN Package Check Results for Package bild

Last updated on 2014-07-25 01:48:42.

Flavor Version Tinstall Tcheck Ttotal Status Flags
r-devel-linux-x86_64-debian-clang 1.1-3 4.75 18.64 23.39 OK
r-devel-linux-x86_64-debian-gcc 1.1-3 4.61 18.44 23.05 OK
r-devel-linux-x86_64-fedora-clang 1.1-3 45.88 NOTE
r-devel-linux-x86_64-fedora-gcc 1.1-3 43.31 NOTE
r-devel-osx-x86_64-clang 1.1-3 44.64 OK
r-devel-windows-ix86+x86_64 1.1-3 36.00 34.00 70.00 OK
r-patched-linux-x86_64 1.1-3 4.65 18.36 23.02 OK
r-patched-solaris-sparc 1.1-3 267.20 OK
r-patched-solaris-x86 1.1-3 63.80 OK
r-release-linux-ix86 1.1-3 6.92 26.18 33.10 OK
r-release-linux-x86_64 1.1-3 4.72 19.00 23.72 OK
r-release-osx-x86_64-mavericks 1.1-3 OK
r-release-windows-ix86+x86_64 1.1-3 49.00 35.00 84.00 OK
r-oldrel-windows-ix86+x86_64 1.1-3 35.00 38.00 73.00 OK

Check Details

Version: 1.1-3
Check: top-level files
Result: NOTE
    Non-standard file/directory found at top level:
     ‘history.txt’
Flavors: r-devel-linux-x86_64-fedora-clang, r-devel-linux-x86_64-fedora-gcc

Version: 1.1-3
Check: Rd line widths
Result: NOTE
    Rd file 'anova-methods.Rd':
     \examples lines wider than 100 characters:
     locust1 <- bild(move~(time+I(time^2))*feed*sex, data=locust, aggregate=feed, start=NULL, dependence="MC1")
     locust2 <- bild(move~(time+I(time^2))*feed, data=locust, aggregate=feed, start=NULL, dependence="MC1")
     locust3 <- bild(move~(time+I(time^2))*feed, data=locust, aggregate=feed, start=NULL, dependence="MC2")
    
    These lines will be truncated in the PDF manual.
Flavors: r-devel-linux-x86_64-fedora-clang, r-devel-linux-x86_64-fedora-gcc