CRAN Package Check Results for Package bild

Last updated on 2014-11-27 11:55:38.

Flavor Version Tinstall Tcheck Ttotal Status Flags
r-devel-linux-x86_64-debian-clang 1.1-3 4.76 18.58 23.34 NOTE
r-devel-linux-x86_64-debian-gcc 1.1-3 4.60 18.39 22.98 NOTE
r-devel-linux-x86_64-fedora-clang 1.1-3 46.66 NOTE
r-devel-linux-x86_64-fedora-gcc 1.1-3 48.29 NOTE
r-devel-osx-x86_64-clang 1.1-3 45.87 OK
r-devel-windows-ix86+x86_64 1.1-3 35.00 34.00 69.00 OK
r-patched-linux-x86_64 1.1-3 4.65 18.99 23.64 NOTE
r-patched-solaris-sparc 1.1-3 281.20 OK
r-patched-solaris-x86 1.1-3 64.90 OK
r-release-linux-ix86 1.1-3 6.52 25.27 31.79 OK
r-release-linux-x86_64 1.1-3 4.70 18.90 23.60 NOTE
r-release-osx-x86_64-mavericks 1.1-3 OK
r-release-windows-ix86+x86_64 1.1-3 35.00 39.00 74.00 OK
r-oldrel-windows-ix86+x86_64 1.1-3 35.00 38.00 73.00 OK

Check Details

Version: 1.1-3
Check: top-level files
Result: NOTE
    Non-standard file/directory found at top level:
     ‘history.txt’
Flavors: r-devel-linux-x86_64-debian-clang, r-devel-linux-x86_64-debian-gcc, r-devel-linux-x86_64-fedora-clang, r-devel-linux-x86_64-fedora-gcc, r-patched-linux-x86_64, r-release-linux-x86_64

Version: 1.1-3
Check: Rd line widths
Result: NOTE
    Rd file 'anova-methods.Rd':
     \examples lines wider than 100 characters:
     locust1 <- bild(move~(time+I(time^2))*feed*sex, data=locust, aggregate=feed, start=NULL, dependence="MC1")
     locust2 <- bild(move~(time+I(time^2))*feed, data=locust, aggregate=feed, start=NULL, dependence="MC1")
     locust3 <- bild(move~(time+I(time^2))*feed, data=locust, aggregate=feed, start=NULL, dependence="MC2")
    
    These lines will be truncated in the PDF manual.
Flavors: r-devel-linux-x86_64-debian-clang, r-devel-linux-x86_64-debian-gcc, r-devel-linux-x86_64-fedora-clang, r-devel-linux-x86_64-fedora-gcc, r-patched-linux-x86_64, r-release-linux-x86_64