CRAN Package Check Results for Package bild

Last updated on 2015-07-30 13:47:18.

Flavor Version Tinstall Tcheck Ttotal Status Flags
r-devel-linux-x86_64-debian-clang 1.1-5 4.78 26.40 31.18 NOTE
r-devel-linux-x86_64-debian-gcc 1.1-5 4.84 26.73 31.57 NOTE
r-devel-linux-x86_64-fedora-clang 1.1-5 54.65 NOTE
r-devel-linux-x86_64-fedora-gcc 1.1-5 51.62 NOTE
r-devel-osx-x86_64-clang 1.1-5 47.72 OK
r-devel-windows-ix86+x86_64 1.1-5 39.00 81.00 120.00 NOTE
r-patched-linux-x86_64 1.1-5 4.71 26.38 31.09 OK
r-patched-solaris-sparc 1.1-5 377.30 OK
r-patched-solaris-x86 1.1-5 81.40 OK
r-release-linux-x86_64 1.1-5 4.80 25.18 29.98 OK
r-release-osx-x86_64-mavericks 1.1-5 OK
r-release-windows-ix86+x86_64 1.1-5 35.00 82.00 117.00 OK
r-oldrel-windows-ix86+x86_64 1.1-5 38.00 88.00 126.00 OK

Check Details

Version: 1.1-5
Check: R code for possible problems
Result: NOTE
    plot,bild-missing: no visible global function definition for
     ‘dev.interactive’
    plot,bild-missing: no visible global function definition for
     ‘devAskNewPage’
    plot,bild-missing: no visible global function definition for
     ‘extendrange’
    Undefined global functions or variables:
     dev.interactive devAskNewPage extendrange
    Consider adding
     importFrom("grDevices", "dev.interactive", "devAskNewPage",
     "extendrange")
    to your NAMESPACE.
Flavors: r-devel-linux-x86_64-debian-clang, r-devel-linux-x86_64-debian-gcc, r-devel-linux-x86_64-fedora-clang, r-devel-linux-x86_64-fedora-gcc, r-devel-windows-ix86+x86_64