CRAN Package Check Results for Package bild

Last updated on 2015-04-18 17:50:41.

Flavor Version Tinstall Tcheck Ttotal Status Flags
r-devel-linux-x86_64-debian-clang 1.1-5 4.68 25.06 29.74 OK
r-devel-linux-x86_64-debian-gcc 1.1-5 4.62 24.52 29.14 OK
r-devel-linux-x86_64-fedora-clang 1.1-5 31.27 OK
r-devel-linux-x86_64-fedora-gcc 1.1-5 52.08 OK
r-devel-osx-x86_64-clang 1.1-5 52.21 OK
r-patched-linux-x86_64 1.1-3 4.57 17.88 22.44 NOTE
r-patched-solaris-sparc 1.1-5 319.00 OK
r-patched-solaris-x86 1.1-5 65.30 OK
r-release-linux-x86_64 1.1-5 4.58 24.58 29.16 OK
r-release-osx-x86_64-mavericks 1.1-5 OK
r-release-osx-x86_64-snowleopard 1.1-5 OK
r-release-windows-ix86+x86_64 1.1-5 31.00 92.00 123.00 OK
r-oldrel-windows-ix86+x86_64 1.1-5 42.00 114.00 156.00 OK

Check Details

Version: 1.1-3
Check: top-level files
Result: NOTE
    Non-standard file/directory found at top level:
     ‘history.txt’
Flavor: r-patched-linux-x86_64

Version: 1.1-3
Check: Rd line widths
Result: NOTE
    Rd file 'anova-methods.Rd':
     \examples lines wider than 100 characters:
     locust1 <- bild(move~(time+I(time^2))*feed*sex, data=locust, aggregate=feed, start=NULL, dependence="MC1")
     locust2 <- bild(move~(time+I(time^2))*feed, data=locust, aggregate=feed, start=NULL, dependence="MC1")
     locust3 <- bild(move~(time+I(time^2))*feed, data=locust, aggregate=feed, start=NULL, dependence="MC2")
    
    These lines will be truncated in the PDF manual.
Flavor: r-patched-linux-x86_64