CRAN Package Check Results for Package bild

Last updated on 2015-03-29 00:48:10.

Flavor Version Tinstall Tcheck Ttotal Status Flags
r-devel-linux-x86_64-debian-clang 1.1-3 4.65 18.28 22.93 NOTE
r-devel-linux-x86_64-debian-gcc 1.1-3 4.56 17.76 22.32 NOTE
r-devel-linux-x86_64-fedora-clang 1.1-3 42.79 NOTE
r-devel-linux-x86_64-fedora-gcc 1.1-3 40.34 NOTE
r-devel-osx-x86_64-clang 1.1-3 48.21 OK
r-prerel-windows-ix86+x86_64 1.1-3 48.00 33.00 81.00 OK
r-prerel-linux-x86_64 1.1-3 4.52 18.04 22.56 NOTE
r-prerel-solaris-sparc 1.1-3 275.50 OK
r-prerel-solaris-x86 1.1-3 59.70 OK
r-release-linux-x86_64 1.1-3 4.60 19.81 24.41 NOTE
r-release-osx-x86_64-mavericks 1.1-3 OK
r-release-windows-ix86+x86_64 1.1-3 42.00 38.00 80.00 OK
r-oldrel-windows-ix86+x86_64 1.1-3 35.00 38.00 73.00 OK

Check Details

Version: 1.1-3
Check: top-level files
Result: NOTE
    Non-standard file/directory found at top level:
     ‘history.txt’
Flavors: r-devel-linux-x86_64-debian-clang, r-devel-linux-x86_64-debian-gcc, r-devel-linux-x86_64-fedora-clang, r-devel-linux-x86_64-fedora-gcc, r-prerel-linux-x86_64, r-release-linux-x86_64

Version: 1.1-3
Check: Rd line widths
Result: NOTE
    Rd file 'anova-methods.Rd':
     \examples lines wider than 100 characters:
     locust1 <- bild(move~(time+I(time^2))*feed*sex, data=locust, aggregate=feed, start=NULL, dependence="MC1")
     locust2 <- bild(move~(time+I(time^2))*feed, data=locust, aggregate=feed, start=NULL, dependence="MC1")
     locust3 <- bild(move~(time+I(time^2))*feed, data=locust, aggregate=feed, start=NULL, dependence="MC2")
    
    These lines will be truncated in the PDF manual.
Flavors: r-devel-linux-x86_64-debian-clang, r-devel-linux-x86_64-debian-gcc, r-devel-linux-x86_64-fedora-clang, r-devel-linux-x86_64-fedora-gcc, r-prerel-linux-x86_64, r-release-linux-x86_64