CRAN Package Check Results for Package bild

Last updated on 2014-10-25 08:48:53.

Flavor Version Tinstall Tcheck Ttotal Status Flags
r-devel-linux-x86_64-debian-clang 1.1-3 4.81 18.95 23.76 NOTE
r-devel-linux-x86_64-debian-gcc 1.1-3 4.85 18.74 23.59 NOTE
r-devel-linux-x86_64-fedora-clang 1.1-3 45.15 NOTE
r-devel-linux-x86_64-fedora-gcc 1.1-3 43.24 NOTE
r-devel-osx-x86_64-clang 1.1-3 45.55 OK
r-devel-windows-ix86+x86_64 1.1-3 35.00 33.00 68.00 OK
r-patched-linux-x86_64 1.1-3 4.76 19.41 24.17 NOTE
r-patched-solaris-sparc 1.1-3 281.20 OK
r-patched-solaris-x86 1.1-3 65.60 OK
r-release-linux-ix86 1.1-3 6.87 26.03 32.90 OK
r-release-linux-x86_64 1.1-3 4.84 19.34 24.18 NOTE
r-release-osx-x86_64-mavericks 1.1-3 OK
r-release-windows-ix86+x86_64 1.1-3 49.00 35.00 84.00 OK
r-oldrel-windows-ix86+x86_64 1.1-3 35.00 38.00 73.00 OK

Check Details

Version: 1.1-3
Check: top-level files
Result: NOTE
    Non-standard file/directory found at top level:
     ‘history.txt’
Flavors: r-devel-linux-x86_64-debian-clang, r-devel-linux-x86_64-debian-gcc, r-devel-linux-x86_64-fedora-clang, r-devel-linux-x86_64-fedora-gcc, r-patched-linux-x86_64, r-release-linux-x86_64

Version: 1.1-3
Check: Rd line widths
Result: NOTE
    Rd file 'anova-methods.Rd':
     \examples lines wider than 100 characters:
     locust1 <- bild(move~(time+I(time^2))*feed*sex, data=locust, aggregate=feed, start=NULL, dependence="MC1")
     locust2 <- bild(move~(time+I(time^2))*feed, data=locust, aggregate=feed, start=NULL, dependence="MC1")
     locust3 <- bild(move~(time+I(time^2))*feed, data=locust, aggregate=feed, start=NULL, dependence="MC2")
    
    These lines will be truncated in the PDF manual.
Flavors: r-devel-linux-x86_64-debian-clang, r-devel-linux-x86_64-debian-gcc, r-devel-linux-x86_64-fedora-clang, r-devel-linux-x86_64-fedora-gcc, r-patched-linux-x86_64, r-release-linux-x86_64