CRAN Package Check Results for Package bild

Last updated on 2014-08-20 08:47:38.

Flavor Version Tinstall Tcheck Ttotal Status Flags
r-devel-linux-x86_64-debian-clang 1.1-3 5.02 18.89 23.91 OK
r-devel-linux-x86_64-debian-gcc 1.1-3 4.69 17.80 22.49 OK
r-devel-linux-x86_64-fedora-clang 1.1-3 44.63 NOTE
r-devel-linux-x86_64-fedora-gcc 1.1-3 42.43 NOTE
r-devel-osx-x86_64-clang 1.1-3 43.75 OK
r-devel-windows-ix86+x86_64 1.1-3 36.00 34.00 70.00 OK
r-patched-linux-x86_64 1.1-3 4.75 18.88 23.62 OK
r-patched-solaris-sparc 1.1-3 281.20 OK
r-patched-solaris-x86 1.1-3 64.60 OK
r-release-linux-ix86 1.1-3 6.93 26.48 33.42 OK
r-release-linux-x86_64 1.1-3 4.95 18.90 23.85 OK
r-release-osx-x86_64-mavericks 1.1-3 OK
r-release-windows-ix86+x86_64 1.1-3 49.00 35.00 84.00 OK
r-oldrel-windows-ix86+x86_64 1.1-3 35.00 38.00 73.00 OK

Check Details

Version: 1.1-3
Check: top-level files
Result: NOTE
    Non-standard file/directory found at top level:
     ‘history.txt’
Flavors: r-devel-linux-x86_64-fedora-clang, r-devel-linux-x86_64-fedora-gcc

Version: 1.1-3
Check: Rd line widths
Result: NOTE
    Rd file 'anova-methods.Rd':
     \examples lines wider than 100 characters:
     locust1 <- bild(move~(time+I(time^2))*feed*sex, data=locust, aggregate=feed, start=NULL, dependence="MC1")
     locust2 <- bild(move~(time+I(time^2))*feed, data=locust, aggregate=feed, start=NULL, dependence="MC1")
     locust3 <- bild(move~(time+I(time^2))*feed, data=locust, aggregate=feed, start=NULL, dependence="MC2")
    
    These lines will be truncated in the PDF manual.
Flavors: r-devel-linux-x86_64-fedora-clang, r-devel-linux-x86_64-fedora-gcc