CRAN Package Check Results for Package bild

Last updated on 2014-04-23 07:54:55.

Flavor Version Tinstall Tcheck Ttotal Status Flags
r-devel-linux-x86_64-debian-clang 1.1-3 5.01 19.15 24.16 OK
r-devel-linux-x86_64-debian-gcc 1.1-3 4.83 19.57 24.40 OK
r-devel-linux-x86_64-fedora-clang 1.1-3 45.72 NOTE
r-devel-linux-x86_64-fedora-gcc 1.1-3 44.21 NOTE
r-devel-osx-x86_64-clang 1.1-3 41.31 OK
r-devel-osx-x86_64-gcc 1.1-3 OK
r-devel-windows-ix86+x86_64 1.1-3 35.00 34.00 69.00 OK
r-patched-linux-x86_64 1.1-3 4.93 19.37 24.30 OK
r-patched-solaris-sparc 1.1-3 267.20 OK
r-patched-solaris-x86 1.1-3 64.80 OK
r-release-linux-ix86 1.1-3 9.00 36.00 45.00 OK
r-release-linux-x86_64 1.1-3 4.75 19.26 24.02 OK
r-release-osx-x86_64-mavericks 1.1-3 OK
r-release-windows-ix86+x86_64 1.1-3 59.00 44.00 103.00 OK
r-oldrel-windows-ix86+x86_64 1.1-3 35.00 38.00 73.00 OK

Check Details

Version: 1.1-3
Check: top-level files
Result: NOTE
    Non-standard file/directory found at top level:
     ‘history.txt’
Flavors: r-devel-linux-x86_64-fedora-clang, r-devel-linux-x86_64-fedora-gcc

Version: 1.1-3
Check: Rd line widths
Result: NOTE
    Rd file 'anova-methods.Rd':
     \examples lines wider than 100 characters:
     locust1 <- bild(move~(time+I(time^2))*feed*sex, data=locust, aggregate=feed, start=NULL, dependence="MC1")
     locust2 <- bild(move~(time+I(time^2))*feed, data=locust, aggregate=feed, start=NULL, dependence="MC1")
     locust3 <- bild(move~(time+I(time^2))*feed, data=locust, aggregate=feed, start=NULL, dependence="MC2")
    
    These lines will be truncated in the PDF manual.
Flavors: r-devel-linux-x86_64-fedora-clang, r-devel-linux-x86_64-fedora-gcc