CRAN Package Check Results for Package bild

Last updated on 2015-08-30 05:47:42.

Flavor Version Tinstall Tcheck Ttotal Status Flags
r-devel-linux-x86_64-debian-clang 1.1-5 4.75 24.39 29.14 NOTE
r-devel-linux-x86_64-debian-gcc 1.1-5 4.70 25.00 29.69 NOTE
r-devel-linux-x86_64-fedora-clang 1.1-5 52.84 NOTE
r-devel-linux-x86_64-fedora-gcc 1.1-5 49.74 NOTE
r-devel-osx-x86_64-clang 1.1-5 46.80 OK
r-devel-windows-ix86+x86_64 1.1-5 48.00 108.00 156.00 NOTE
r-patched-linux-x86_64 1.1-5 4.98 24.67 29.65 OK
r-patched-solaris-sparc 1.1-5 377.30 OK
r-patched-solaris-x86 1.1-5 84.70 OK
r-release-linux-x86_64 1.1-5 4.93 25.21 30.14 OK
r-release-osx-x86_64-mavericks 1.1-5 OK
r-release-windows-ix86+x86_64 1.1-5 37.00 102.00 139.00 OK
r-oldrel-windows-ix86+x86_64 1.1-5 38.00 88.00 126.00 OK

Check Details

Version: 1.1-5
Check: R code for possible problems
Result: NOTE
    plot,bild-missing: no visible global function definition for
     ‘dev.interactive’
    plot,bild-missing: no visible global function definition for
     ‘devAskNewPage’
    plot,bild-missing: no visible global function definition for
     ‘extendrange’
    Undefined global functions or variables:
     dev.interactive devAskNewPage extendrange
    Consider adding
     importFrom("grDevices", "dev.interactive", "devAskNewPage",
     "extendrange")
    to your NAMESPACE.
Flavors: r-devel-linux-x86_64-debian-clang, r-devel-linux-x86_64-debian-gcc, r-devel-linux-x86_64-fedora-clang, r-devel-linux-x86_64-fedora-gcc, r-devel-windows-ix86+x86_64