CRAN Package Check Results for Package bild

Last updated on 2016-05-06 23:46:49.

Flavor Version Tinstall Tcheck Ttotal Status Flags
r-devel-linux-x86_64-debian-gcc 1.1-5 5.06 25.15 30.21 NOTE
r-devel-linux-x86_64-fedora-clang 1.1-5 55.02 NOTE
r-devel-linux-x86_64-fedora-gcc 1.1-5 50.97 NOTE
r-devel-osx-x86_64-clang 1.1-5 57.95 NOTE
r-devel-windows-ix86+x86_64 1.1-5 26.00 107.00 133.00 NOTE
r-patched-linux-x86_64 1.1-5 4.88 24.46 29.35 NOTE
r-patched-solaris-sparc 1.1-5 351.20 NOTE
r-patched-solaris-x86 1.1-5 79.20 NOTE
r-release-linux-x86_64 1.1-5 4.94 24.77 29.71 NOTE
r-release-osx-x86_64-mavericks 1.1-5 NOTE
r-release-windows-ix86+x86_64 1.1-5 26.00 107.00 133.00 NOTE
r-oldrel-windows-ix86+x86_64 1.1-5 41.00 84.00 125.00 OK

Check Details

Version: 1.1-5
Check: R code for possible problems
Result: NOTE
    plot,bild-missing: no visible global function definition for
     ‘dev.interactive’
    plot,bild-missing: no visible global function definition for
     ‘devAskNewPage’
    plot,bild-missing: no visible global function definition for
     ‘extendrange’
    Undefined global functions or variables:
     dev.interactive devAskNewPage extendrange
    Consider adding
     importFrom("grDevices", "dev.interactive", "devAskNewPage",
     "extendrange")
    to your NAMESPACE file.
Flavors: r-devel-linux-x86_64-debian-gcc, r-devel-linux-x86_64-fedora-clang, r-devel-linux-x86_64-fedora-gcc, r-devel-osx-x86_64-clang, r-devel-windows-ix86+x86_64, r-patched-linux-x86_64, r-patched-solaris-sparc, r-patched-solaris-x86, r-release-linux-x86_64, r-release-osx-x86_64-mavericks, r-release-windows-ix86+x86_64