CRAN Package Check Results for Package bild

Last updated on 2017-01-23 18:46:59.

Flavor Version Tinstall Tcheck Ttotal Status Flags
r-devel-linux-x86_64-debian-clang 1.1-5 5.49 35.67 41.16 NOTE
r-devel-linux-x86_64-debian-gcc 1.1-5 5.42 35.69 41.11 NOTE
r-devel-linux-x86_64-fedora-clang 1.1-5 68.98 NOTE --no-stop-on-test-error
r-devel-linux-x86_64-fedora-gcc 1.1-5 66.61 NOTE --no-stop-on-test-error
r-devel-macos-x86_64-clang 1.1-5 46.75 NOTE --no-stop-on-test-error
r-devel-windows-ix86+x86_64 1.1-5 30.00 106.00 136.00 NOTE
r-patched-linux-x86_64 1.1-5 4.90 32.06 36.95 NOTE
r-patched-solaris-sparc 1.1-5 364.40 NOTE
r-patched-solaris-x86 1.1-5 82.60 NOTE
r-release-linux-x86_64 1.1-5 4.89 32.66 37.55 NOTE
r-release-osx-x86_64-mavericks 1.1-5 NOTE
r-release-windows-ix86+x86_64 1.1-5 23.00 98.00 121.00 NOTE
r-oldrel-windows-ix86+x86_64 1.1-5 40.00 91.00 131.00 OK

Check Details

Version: 1.1-5
Check: R code for possible problems
Result: NOTE
    plot,bild-missing: no visible global function definition for
     ‘dev.interactive’
    plot,bild-missing: no visible global function definition for
     ‘devAskNewPage’
    plot,bild-missing: no visible global function definition for
     ‘extendrange’
    Undefined global functions or variables:
     dev.interactive devAskNewPage extendrange
    Consider adding
     importFrom("grDevices", "dev.interactive", "devAskNewPage",
     "extendrange")
    to your NAMESPACE file.
Flavors: r-devel-linux-x86_64-debian-clang, r-devel-linux-x86_64-debian-gcc, r-devel-windows-ix86+x86_64, r-patched-linux-x86_64, r-patched-solaris-sparc, r-patched-solaris-x86, r-release-linux-x86_64, r-release-osx-x86_64-mavericks, r-release-windows-ix86+x86_64

Version: 1.1-5
Flags: --no-stop-on-test-error
Check: R code for possible problems
Result: NOTE
    plot,bild-missing: no visible global function definition for
     ‘dev.interactive’
    plot,bild-missing: no visible global function definition for
     ‘devAskNewPage’
    plot,bild-missing: no visible global function definition for
     ‘extendrange’
    Undefined global functions or variables:
     dev.interactive devAskNewPage extendrange
    Consider adding
     importFrom("grDevices", "dev.interactive", "devAskNewPage",
     "extendrange")
    to your NAMESPACE file.
Flavors: r-devel-linux-x86_64-fedora-clang, r-devel-linux-x86_64-fedora-gcc, r-devel-macos-x86_64-clang