CRAN Package Check Results for Package bild

Last updated on 2017-04-24 10:47:08.

Flavor Version Tinstall Tcheck Ttotal Status Flags
r-devel-linux-x86_64-debian-clang 1.1-5 5.48 28.35 33.84 NOTE
r-devel-linux-x86_64-debian-gcc 1.1-5 5.49 27.96 33.44 NOTE
r-devel-linux-x86_64-fedora-clang 1.1-5 69.63 NOTE --no-stop-on-test-error
r-devel-linux-x86_64-fedora-gcc 1.1-5 68.89 NOTE --no-stop-on-test-error
r-devel-windows-ix86+x86_64 1.1-5 47.00 111.00 158.00 NOTE
r-patched-linux-x86_64 1.1-5 5.35 28.39 33.74 NOTE
r-patched-solaris-sparc 1.1-5 382.90 NOTE
r-patched-solaris-x86 1.1-5 93.30 NOTE
r-release-linux-x86_64 1.1-5 5.83 28.38 34.21 NOTE
r-release-windows-ix86+x86_64 1.1-5 42.00 107.00 149.00 NOTE
r-release-osx-x86_64 1.1-5 NOTE
r-oldrel-windows-ix86+x86_64 1.1-5 23.00 98.00 121.00 NOTE
r-oldrel-osx-x86_64 1.1-5 NOTE

Check Details

Version: 1.1-5
Check: R code for possible problems
Result: NOTE
    plot,bild-missing: no visible global function definition for
     ‘dev.interactive’
    plot,bild-missing: no visible global function definition for
     ‘devAskNewPage’
    plot,bild-missing: no visible global function definition for
     ‘extendrange’
    Undefined global functions or variables:
     dev.interactive devAskNewPage extendrange
    Consider adding
     importFrom("grDevices", "dev.interactive", "devAskNewPage",
     "extendrange")
    to your NAMESPACE file.
Flavors: r-devel-linux-x86_64-debian-clang, r-devel-linux-x86_64-debian-gcc, r-devel-windows-ix86+x86_64, r-patched-linux-x86_64, r-patched-solaris-sparc, r-patched-solaris-x86, r-release-linux-x86_64, r-release-windows-ix86+x86_64, r-release-osx-x86_64, r-oldrel-windows-ix86+x86_64, r-oldrel-osx-x86_64

Version: 1.1-5
Check: compiled code
Result: NOTE
    File ‘bild/libs/bild.so’:
     Found no calls to: ‘R_registerRoutines’, ‘R_useDynamicSymbols’
    
    It is good practice to register native routines and to disable symbol
    search.
    
    See ‘Writing portable packages’ in the ‘Writing R Extensions’ manual.
Flavors: r-devel-linux-x86_64-debian-clang, r-devel-linux-x86_64-debian-gcc, r-patched-linux-x86_64, r-release-linux-x86_64

Version: 1.1-5
Flags: --no-stop-on-test-error
Check: R code for possible problems
Result: NOTE
    plot,bild-missing: no visible global function definition for
     ‘dev.interactive’
    plot,bild-missing: no visible global function definition for
     ‘devAskNewPage’
    plot,bild-missing: no visible global function definition for
     ‘extendrange’
    Undefined global functions or variables:
     dev.interactive devAskNewPage extendrange
    Consider adding
     importFrom("grDevices", "dev.interactive", "devAskNewPage",
     "extendrange")
    to your NAMESPACE file.
Flavors: r-devel-linux-x86_64-fedora-clang, r-devel-linux-x86_64-fedora-gcc

Version: 1.1-5
Flags: --no-stop-on-test-error
Check: compiled code
Result: NOTE
    File ‘bild/libs/bild.so’:
     Found no calls to: ‘R_registerRoutines’, ‘R_useDynamicSymbols’
    
    It is good practice to register native routines and to disable symbol
    search.
    
    See ‘Writing portable packages’ in the ‘Writing R Extensions’ manual.
Flavors: r-devel-linux-x86_64-fedora-clang, r-devel-linux-x86_64-fedora-gcc