CRAN Package Check Results for Package bild

Last updated on 2017-02-19 23:47:59.

Flavor Version Tinstall Tcheck Ttotal Status Flags
r-devel-linux-x86_64-debian-clang 1.1-5 5.46 28.97 34.43 NOTE
r-devel-linux-x86_64-debian-gcc 1.1-5 5.34 28.26 33.61 NOTE
r-devel-linux-x86_64-fedora-clang 1.1-5 68.41 NOTE --no-stop-on-test-error
r-devel-linux-x86_64-fedora-gcc 1.1-5 67.35 NOTE --no-stop-on-test-error
r-devel-macos-x86_64-clang 1.1-5 47.83 NOTE --no-stop-on-test-error
r-devel-windows-ix86+x86_64 1.1-5 28.00 126.00 154.00 NOTE
r-patched-linux-x86_64 1.1-5 4.82 25.15 29.97 NOTE
r-patched-solaris-sparc 1.1-5 364.40 NOTE
r-patched-solaris-x86 1.1-5 73.30 NOTE
r-release-linux-x86_64 1.1-5 4.93 24.97 29.90 NOTE
r-release-osx-x86_64-mavericks 1.1-5 NOTE
r-release-windows-ix86+x86_64 1.1-5 23.00 98.00 121.00 NOTE
r-oldrel-windows-ix86+x86_64 1.1-5 40.00 91.00 131.00 OK

Check Details

Version: 1.1-5
Check: R code for possible problems
Result: NOTE
    plot,bild-missing: no visible global function definition for
     ‘dev.interactive’
    plot,bild-missing: no visible global function definition for
     ‘devAskNewPage’
    plot,bild-missing: no visible global function definition for
     ‘extendrange’
    Undefined global functions or variables:
     dev.interactive devAskNewPage extendrange
    Consider adding
     importFrom("grDevices", "dev.interactive", "devAskNewPage",
     "extendrange")
    to your NAMESPACE file.
Flavors: r-devel-linux-x86_64-debian-clang, r-devel-linux-x86_64-debian-gcc, r-devel-windows-ix86+x86_64, r-patched-linux-x86_64, r-patched-solaris-sparc, r-patched-solaris-x86, r-release-linux-x86_64, r-release-osx-x86_64-mavericks, r-release-windows-ix86+x86_64

Version: 1.1-5
Check: compiled code
Result: NOTE
    File ‘bild/libs/bild.so’:
     Found no calls to: ‘R_registerRoutines’, ‘R_useDynamicSymbols’
    
    It is good practice to register native routines and to disable symbol
    search.
    
    See ‘Writing portable packages’ in the ‘Writing R Extensions’ manual.
Flavors: r-devel-linux-x86_64-debian-clang, r-devel-linux-x86_64-debian-gcc

Version: 1.1-5
Flags: --no-stop-on-test-error
Check: R code for possible problems
Result: NOTE
    plot,bild-missing: no visible global function definition for
     ‘dev.interactive’
    plot,bild-missing: no visible global function definition for
     ‘devAskNewPage’
    plot,bild-missing: no visible global function definition for
     ‘extendrange’
    Undefined global functions or variables:
     dev.interactive devAskNewPage extendrange
    Consider adding
     importFrom("grDevices", "dev.interactive", "devAskNewPage",
     "extendrange")
    to your NAMESPACE file.
Flavors: r-devel-linux-x86_64-fedora-clang, r-devel-linux-x86_64-fedora-gcc, r-devel-macos-x86_64-clang

Version: 1.1-5
Flags: --no-stop-on-test-error
Check: compiled code
Result: NOTE
    File ‘bild/libs/bild.so’:
     Found no calls to: ‘R_registerRoutines’, ‘R_useDynamicSymbols’
    
    It is good practice to register native routines and to disable symbol
    search.
    
    See ‘Writing portable packages’ in the ‘Writing R Extensions’ manual.
Flavors: r-devel-linux-x86_64-fedora-clang, r-devel-linux-x86_64-fedora-gcc, r-devel-macos-x86_64-clang