CRAN Package Check Results for Package bild

Last updated on 2017-03-26 11:53:29.

Flavor Version Tinstall Tcheck Ttotal Status Flags
r-devel-linux-x86_64-debian-clang 1.1-5 5.55 28.40 33.95 NOTE
r-devel-linux-x86_64-debian-gcc 1.1-5 5.52 27.99 33.51 NOTE
r-devel-linux-x86_64-fedora-clang 1.1-5 78.19 NOTE --no-stop-on-test-error
r-devel-linux-x86_64-fedora-gcc 1.1-5 67.20 NOTE --no-stop-on-test-error
r-devel-macos-x86_64-clang 1.1-5 47.46 NOTE --no-stop-on-test-error
r-devel-windows-ix86+x86_64 1.1-5 46.00 103.00 149.00 NOTE
r-patched-linux-x86_64 1.1-5 5.26 28.43 33.70 NOTE
r-patched-solaris-sparc 1.1-5 382.90 NOTE
r-patched-solaris-x86 1.1-5 94.30 NOTE
r-release-linux-x86_64 1.1-5 4.95 25.39 30.34 NOTE
r-release-osx-x86_64-mavericks 1.1-5 NOTE
r-release-windows-ix86+x86_64 1.1-5 23.00 98.00 121.00 NOTE
r-oldrel-windows-ix86+x86_64 1.1-5 40.00 91.00 131.00 OK

Check Details

Version: 1.1-5
Check: R code for possible problems
Result: NOTE
    plot,bild-missing: no visible global function definition for
     ‘dev.interactive’
    plot,bild-missing: no visible global function definition for
     ‘devAskNewPage’
    plot,bild-missing: no visible global function definition for
     ‘extendrange’
    Undefined global functions or variables:
     dev.interactive devAskNewPage extendrange
    Consider adding
     importFrom("grDevices", "dev.interactive", "devAskNewPage",
     "extendrange")
    to your NAMESPACE file.
Flavors: r-devel-linux-x86_64-debian-clang, r-devel-linux-x86_64-debian-gcc, r-devel-windows-ix86+x86_64, r-patched-linux-x86_64, r-patched-solaris-sparc, r-patched-solaris-x86, r-release-linux-x86_64, r-release-osx-x86_64-mavericks, r-release-windows-ix86+x86_64

Version: 1.1-5
Check: compiled code
Result: NOTE
    File ‘bild/libs/bild.so’:
     Found no calls to: ‘R_registerRoutines’, ‘R_useDynamicSymbols’
    
    It is good practice to register native routines and to disable symbol
    search.
    
    See ‘Writing portable packages’ in the ‘Writing R Extensions’ manual.
Flavors: r-devel-linux-x86_64-debian-clang, r-devel-linux-x86_64-debian-gcc, r-patched-linux-x86_64

Version: 1.1-5
Flags: --no-stop-on-test-error
Check: R code for possible problems
Result: NOTE
    plot,bild-missing: no visible global function definition for
     ‘dev.interactive’
    plot,bild-missing: no visible global function definition for
     ‘devAskNewPage’
    plot,bild-missing: no visible global function definition for
     ‘extendrange’
    Undefined global functions or variables:
     dev.interactive devAskNewPage extendrange
    Consider adding
     importFrom("grDevices", "dev.interactive", "devAskNewPage",
     "extendrange")
    to your NAMESPACE file.
Flavors: r-devel-linux-x86_64-fedora-clang, r-devel-linux-x86_64-fedora-gcc, r-devel-macos-x86_64-clang

Version: 1.1-5
Flags: --no-stop-on-test-error
Check: compiled code
Result: NOTE
    File ‘bild/libs/bild.so’:
     Found no calls to: ‘R_registerRoutines’, ‘R_useDynamicSymbols’
    
    It is good practice to register native routines and to disable symbol
    search.
    
    See ‘Writing portable packages’ in the ‘Writing R Extensions’ manual.
Flavors: r-devel-linux-x86_64-fedora-clang, r-devel-linux-x86_64-fedora-gcc, r-devel-macos-x86_64-clang