CRAN Package Check Results for Package bild

Last updated on 2016-07-26 23:48:08.

Flavor Version Tinstall Tcheck Ttotal Status Flags
r-devel-linux-x86_64-debian-clang 1.1-5 6.13 36.19 42.32 NOTE
r-devel-linux-x86_64-debian-gcc 1.1-5 6.23 36.48 42.71 NOTE
r-devel-linux-x86_64-fedora-clang 1.1-5 51.82 NOTE
r-devel-linux-x86_64-fedora-gcc 1.1-5 48.94 NOTE
r-devel-osx-x86_64-clang 1.1-5 42.70 NOTE
r-devel-windows-ix86+x86_64 1.1-5 22.00 100.00 122.00 NOTE
r-patched-linux-x86_64 1.1-5 6.22 35.93 42.16 NOTE
r-patched-solaris-sparc 1.1-5 356.50 NOTE
r-patched-solaris-x86 1.1-5 75.20 NOTE
r-release-linux-x86_64 1.1-5 6.50 36.18 42.69 NOTE
r-release-osx-x86_64-mavericks 1.1-5 NOTE
r-release-windows-ix86+x86_64 1.1-5 26.00 107.00 133.00 NOTE
r-oldrel-windows-ix86+x86_64 1.1-5 41.00 84.00 125.00 OK

Check Details

Version: 1.1-5
Check: R code for possible problems
Result: NOTE
    plot,bild-missing: no visible global function definition for
     ‘dev.interactive’
    plot,bild-missing: no visible global function definition for
     ‘devAskNewPage’
    plot,bild-missing: no visible global function definition for
     ‘extendrange’
    Undefined global functions or variables:
     dev.interactive devAskNewPage extendrange
    Consider adding
     importFrom("grDevices", "dev.interactive", "devAskNewPage",
     "extendrange")
    to your NAMESPACE file.
Flavors: r-devel-linux-x86_64-debian-clang, r-devel-linux-x86_64-debian-gcc, r-devel-linux-x86_64-fedora-clang, r-devel-linux-x86_64-fedora-gcc, r-devel-osx-x86_64-clang, r-devel-windows-ix86+x86_64, r-patched-linux-x86_64, r-patched-solaris-sparc, r-patched-solaris-x86, r-release-linux-x86_64, r-release-osx-x86_64-mavericks, r-release-windows-ix86+x86_64