CRAN Package Check Results for Package bild

Last updated on 2016-08-24 09:46:54.

Flavor Version Tinstall Tcheck Ttotal Status Flags
r-devel-linux-x86_64-debian-clang 1.1-5 5.02 32.45 37.47 NOTE
r-devel-linux-x86_64-debian-gcc 1.1-5 5.14 32.68 37.82 NOTE
r-devel-linux-x86_64-fedora-clang 1.1-5 63.01 NOTE
r-devel-linux-x86_64-fedora-gcc 1.1-5 60.82 NOTE
r-devel-osx-x86_64-clang 1.1-5 42.73 NOTE
r-devel-windows-ix86+x86_64 1.1-5 37.00 119.00 156.00 NOTE
r-patched-linux-x86_64 1.1-5 4.84 32.29 37.13 NOTE
r-patched-solaris-sparc 1.1-5 356.50 NOTE
r-patched-solaris-x86 1.1-5 79.50 NOTE
r-release-linux-x86_64 1.1-5 5.07 32.97 38.03 NOTE
r-release-osx-x86_64-mavericks 1.1-5 NOTE
r-release-windows-ix86+x86_64 1.1-5 26.00 107.00 133.00 NOTE
r-oldrel-windows-ix86+x86_64 1.1-5 41.00 84.00 125.00 OK

Check Details

Version: 1.1-5
Check: R code for possible problems
Result: NOTE
    plot,bild-missing: no visible global function definition for
     ‘dev.interactive’
    plot,bild-missing: no visible global function definition for
     ‘devAskNewPage’
    plot,bild-missing: no visible global function definition for
     ‘extendrange’
    Undefined global functions or variables:
     dev.interactive devAskNewPage extendrange
    Consider adding
     importFrom("grDevices", "dev.interactive", "devAskNewPage",
     "extendrange")
    to your NAMESPACE file.
Flavors: r-devel-linux-x86_64-debian-clang, r-devel-linux-x86_64-debian-gcc, r-devel-linux-x86_64-fedora-clang, r-devel-linux-x86_64-fedora-gcc, r-devel-osx-x86_64-clang, r-devel-windows-ix86+x86_64, r-patched-linux-x86_64, r-patched-solaris-sparc, r-patched-solaris-x86, r-release-linux-x86_64, r-release-osx-x86_64-mavericks, r-release-windows-ix86+x86_64