CRAN Package Check Results for Package bild

Last updated on 2016-02-09 21:46:56.

Flavor Version Tinstall Tcheck Ttotal Status Flags
r-devel-linux-x86_64-debian-gcc 1.1-5 5.02 24.34 29.36 NOTE
r-devel-linux-x86_64-fedora-clang 1.1-5 51.90 NOTE
r-devel-linux-x86_64-fedora-gcc 1.1-5 49.05 NOTE
r-devel-osx-x86_64-clang 1.1-5 57.03 NOTE
r-devel-windows-ix86+x86_64 1.1-5 51.00 110.00 161.00 NOTE
r-patched-linux-x86_64 1.1-5 5.12 25.13 30.25 OK
r-patched-solaris-sparc 1.1-5 355.80 OK
r-patched-solaris-x86 1.1-5 76.10 OK
r-release-linux-x86_64 1.1-5 4.96 24.90 29.86 OK
r-release-osx-x86_64-mavericks 1.1-5 OK
r-release-windows-ix86+x86_64 1.1-5 41.00 84.00 125.00 OK
r-oldrel-windows-ix86+x86_64 1.1-5 38.00 88.00 126.00 OK

Check Details

Version: 1.1-5
Check: R code for possible problems
Result: NOTE
    plot,bild-missing: no visible global function definition for
     ‘dev.interactive’
    plot,bild-missing: no visible global function definition for
     ‘devAskNewPage’
    plot,bild-missing: no visible global function definition for
     ‘extendrange’
    Undefined global functions or variables:
     dev.interactive devAskNewPage extendrange
    Consider adding
     importFrom("grDevices", "dev.interactive", "devAskNewPage",
     "extendrange")
    to your NAMESPACE file.
Flavors: r-devel-linux-x86_64-debian-gcc, r-devel-linux-x86_64-fedora-clang, r-devel-linux-x86_64-fedora-gcc, r-devel-osx-x86_64-clang, r-devel-windows-ix86+x86_64