CRAN Package Check Results for Package bild

Last updated on 2016-09-27 20:46:55.

Flavor Version Tinstall Tcheck Ttotal Status Flags
r-devel-linux-x86_64-debian-clang 1.1-5 5.20 32.84 38.03 NOTE
r-devel-linux-x86_64-debian-gcc 1.1-5 5.55 32.75 38.29 NOTE
r-devel-linux-x86_64-fedora-clang 1.1-5 62.43 NOTE
r-devel-linux-x86_64-fedora-gcc 1.1-5 59.82 NOTE
r-devel-macos-x86_64-clang 1.1-5 42.20 NOTE
r-devel-windows-ix86+x86_64 1.1-5 43.00 120.00 163.00 NOTE
r-patched-linux-x86_64 1.1-5 5.39 32.22 37.61 NOTE
r-patched-solaris-sparc 1.1-5 356.50 NOTE
r-patched-solaris-x86 1.1-5 78.30 NOTE
r-release-linux-x86_64 1.1-5 5.07 33.64 38.71 NOTE
r-release-osx-x86_64-mavericks 1.1-5 NOTE
r-release-windows-ix86+x86_64 1.1-5 23.00 89.00 112.00 NOTE
r-oldrel-windows-ix86+x86_64 1.1-5 41.00 84.00 125.00 OK

Check Details

Version: 1.1-5
Check: R code for possible problems
Result: NOTE
    plot,bild-missing: no visible global function definition for
     ‘dev.interactive’
    plot,bild-missing: no visible global function definition for
     ‘devAskNewPage’
    plot,bild-missing: no visible global function definition for
     ‘extendrange’
    Undefined global functions or variables:
     dev.interactive devAskNewPage extendrange
    Consider adding
     importFrom("grDevices", "dev.interactive", "devAskNewPage",
     "extendrange")
    to your NAMESPACE file.
Flavors: r-devel-linux-x86_64-debian-clang, r-devel-linux-x86_64-debian-gcc, r-devel-linux-x86_64-fedora-clang, r-devel-linux-x86_64-fedora-gcc, r-devel-macos-x86_64-clang, r-devel-windows-ix86+x86_64, r-patched-linux-x86_64, r-patched-solaris-sparc, r-patched-solaris-x86, r-release-linux-x86_64, r-release-osx-x86_64-mavericks, r-release-windows-ix86+x86_64