CRAN Package Check Results for Package binMto

Last updated on 2015-01-26 11:48:45.

Flavor Version Tinstall Tcheck Ttotal Status Flags
r-devel-linux-x86_64-debian-clang 0.0-6 0.59 15.94 16.53 OK
r-devel-linux-x86_64-debian-gcc 0.0-6 0.59 15.74 16.33 OK
r-devel-linux-x86_64-fedora-clang 0.0-6 34.00 NOTE
r-devel-linux-x86_64-fedora-gcc 0.0-6 33.00 NOTE
r-devel-osx-x86_64-clang 0.0-6 42.67 NOTE
r-devel-windows-ix86+x86_64 0.0-6 3.00 28.00 31.00 OK
r-patched-linux-x86_64 0.0-6 0.73 16.89 17.62 OK
r-patched-solaris-sparc 0.0-6 215.80 OK
r-patched-solaris-x86 0.0-6 45.70 OK
r-release-linux-ix86 0.0-6 0.90 22.58 23.48 OK
r-release-linux-x86_64 0.0-6 0.68 16.50 17.18 OK
r-release-osx-x86_64-mavericks 0.0-6 OK
r-release-windows-ix86+x86_64 0.0-6 3.00 25.00 28.00 OK
r-oldrel-windows-ix86+x86_64 0.0-6 3.00 26.00 29.00 OK

Check Details

Version: 0.0-6
Check: S3 generic/method consistency
Result: NOTE
    Found the following apparent S3 methods exported but not registered:
     binMto.default binMto.formula
    See section ‘Registering S3 methods’ in the ‘Writing R Extensions’
    manual.
Flavors: r-devel-linux-x86_64-fedora-clang, r-devel-linux-x86_64-fedora-gcc, r-devel-osx-x86_64-clang