CRAN Package Check Results for Package binMto

Last updated on 2015-05-25 03:47:33.

Flavor Version Tinstall Tcheck Ttotal Status Flags
r-devel-linux-x86_64-debian-clang 0.0-6 0.58 16.08 16.66 NOTE
r-devel-linux-x86_64-debian-gcc 0.0-6 0.58 15.24 15.82 NOTE
r-devel-linux-x86_64-fedora-clang 0.0-6 30.41 NOTE
r-devel-linux-x86_64-fedora-gcc 0.0-6 28.46 NOTE
r-devel-osx-x86_64-clang 0.0-6 30.85 NOTE
r-devel-windows-ix86+x86_64 0.0-6 2.00 26.00 28.00 OK
r-patched-linux-x86_64 0.0-6 0.66 15.24 15.90 NOTE
r-patched-solaris-sparc 0.0-6 180.60 NOTE
r-patched-solaris-x86 0.0-6 41.60 NOTE
r-release-linux-x86_64 0.0-6 0.58 16.63 17.21 NOTE
r-release-osx-x86_64-mavericks 0.0-6 OK
r-release-osx-x86_64-snowleopard 0.0-6 OK
r-release-windows-ix86+x86_64 0.0-6 2.00 29.00 31.00 OK
r-oldrel-windows-ix86+x86_64 0.0-6 3.00 29.00 32.00 OK

Check Details

Version: 0.0-6
Check: S3 generic/method consistency
Result: NOTE
    Found the following apparent S3 methods exported but not registered:
     binMto.default binMto.formula
    See section ‘Registering S3 methods’ in the ‘Writing R Extensions’
    manual.
Flavors: r-devel-linux-x86_64-debian-clang, r-devel-linux-x86_64-debian-gcc, r-devel-linux-x86_64-fedora-clang, r-devel-linux-x86_64-fedora-gcc, r-devel-osx-x86_64-clang, r-patched-linux-x86_64, r-patched-solaris-sparc, r-patched-solaris-x86, r-release-linux-x86_64