CRAN Package Check Results for Package binMto

Last updated on 2015-08-29 03:48:39.

Flavor Version Tinstall Tcheck Ttotal Status Flags
r-devel-linux-x86_64-debian-clang 0.0-6 0.53 18.13 18.66 NOTE
r-devel-linux-x86_64-debian-gcc 0.0-6 0.64 17.17 17.80 NOTE
r-devel-linux-x86_64-fedora-clang 0.0-6 33.36 NOTE
r-devel-linux-x86_64-fedora-gcc 0.0-6 31.74 NOTE
r-devel-osx-x86_64-clang 0.0-6 30.37 NOTE
r-devel-windows-ix86+x86_64 0.0-6 3.00 43.00 46.00 NOTE
r-patched-linux-x86_64 0.0-6 0.61 18.18 18.79 NOTE
r-patched-solaris-sparc 0.0-6 187.40 NOTE
r-patched-solaris-x86 0.0-6 48.10 NOTE
r-release-linux-x86_64 0.0-6 0.57 18.02 18.59 NOTE
r-release-osx-x86_64-mavericks 0.0-6 OK
r-release-windows-ix86+x86_64 0.0-6 2.00 39.00 41.00 OK
r-oldrel-windows-ix86+x86_64 0.0-6 5.00 30.00 35.00 OK

Check Details

Version: 0.0-6
Check: S3 generic/method consistency
Result: NOTE
    Found the following apparent S3 methods exported but not registered:
     binMto.default binMto.formula
    See section ‘Registering S3 methods’ in the ‘Writing R Extensions’
    manual.
Flavors: r-devel-linux-x86_64-debian-clang, r-devel-linux-x86_64-debian-gcc, r-devel-linux-x86_64-fedora-clang, r-devel-linux-x86_64-fedora-gcc, r-devel-osx-x86_64-clang, r-patched-linux-x86_64, r-patched-solaris-sparc, r-patched-solaris-x86, r-release-linux-x86_64

Version: 0.0-6
Check: R code for possible problems
Result: NOTE
    Mtoquant: no visible global function definition for ‘qnorm’
    NHS: no visible global function definition for ‘qnorm’
    NHS : WilsonScore: no visible global function definition for ‘qnorm’
    binMto.formula: no visible global function definition for ‘model.frame’
    plot.binMto: no visible global function definition for ‘plot.new’
    plot.binMto: no visible global function definition for ‘par’
    plot.binMto: no visible global function definition for ‘strwidth’
    plot.binMto: no visible global function definition for ‘axis’
    plot.binMto: no visible global function definition for ‘box’
    plot.binMto: no visible global function definition for ‘segments’
    plot.binMto: no visible global function definition for ‘points’
    plot.binMto: no visible global function definition for ‘abline’
    simPowerI: no visible global function definition for ‘rbinom’
    Undefined global functions or variables:
     abline axis box model.frame par plot.new points qnorm rbinom segments
     strwidth
    Consider adding
     importFrom("graphics", "abline", "axis", "box", "par", "plot.new",
     "points", "segments", "strwidth")
     importFrom("stats", "model.frame", "qnorm", "rbinom")
    to your NAMESPACE.
Flavors: r-devel-linux-x86_64-debian-clang, r-devel-linux-x86_64-debian-gcc, r-devel-linux-x86_64-fedora-clang, r-devel-linux-x86_64-fedora-gcc, r-devel-windows-ix86+x86_64