CRAN Package Check Results for Package binMto

Last updated on 2015-07-30 13:47:18.

Flavor Version Tinstall Tcheck Ttotal Status Flags
r-devel-linux-x86_64-debian-clang 0.0-6 0.58 18.70 19.28 NOTE
r-devel-linux-x86_64-debian-gcc 0.0-6 0.54 18.41 18.95 NOTE
r-devel-linux-x86_64-fedora-clang 0.0-6 34.01 NOTE
r-devel-linux-x86_64-fedora-gcc 0.0-6 33.53 NOTE
r-devel-osx-x86_64-clang 0.0-6 31.18 NOTE
r-devel-windows-ix86+x86_64 0.0-6 2.00 28.00 30.00 NOTE
r-patched-linux-x86_64 0.0-6 0.61 17.81 18.42 NOTE
r-patched-solaris-sparc 0.0-6 187.40 NOTE
r-patched-solaris-x86 0.0-6 47.20 NOTE
r-release-linux-x86_64 0.0-6 0.56 18.01 18.57 NOTE
r-release-osx-x86_64-mavericks 0.0-6 OK
r-release-windows-ix86+x86_64 0.0-6 6.00 28.00 34.00 OK
r-oldrel-windows-ix86+x86_64 0.0-6 5.00 30.00 35.00 OK

Check Details

Version: 0.0-6
Check: S3 generic/method consistency
Result: NOTE
    Found the following apparent S3 methods exported but not registered:
     binMto.default binMto.formula
    See section ‘Registering S3 methods’ in the ‘Writing R Extensions’
    manual.
Flavors: r-devel-linux-x86_64-debian-clang, r-devel-linux-x86_64-debian-gcc, r-devel-linux-x86_64-fedora-clang, r-devel-linux-x86_64-fedora-gcc, r-devel-osx-x86_64-clang, r-patched-linux-x86_64, r-patched-solaris-sparc, r-patched-solaris-x86, r-release-linux-x86_64

Version: 0.0-6
Check: R code for possible problems
Result: NOTE
    Mtoquant: no visible global function definition for ‘qnorm’
    NHS: no visible global function definition for ‘qnorm’
    NHS : WilsonScore: no visible global function definition for ‘qnorm’
    binMto.formula: no visible global function definition for ‘model.frame’
    plot.binMto: no visible global function definition for ‘plot.new’
    plot.binMto: no visible global function definition for ‘par’
    plot.binMto: no visible global function definition for ‘strwidth’
    plot.binMto: no visible global function definition for ‘axis’
    plot.binMto: no visible global function definition for ‘box’
    plot.binMto: no visible global function definition for ‘segments’
    plot.binMto: no visible global function definition for ‘points’
    plot.binMto: no visible global function definition for ‘abline’
    simPowerI: no visible global function definition for ‘rbinom’
    Undefined global functions or variables:
     abline axis box model.frame par plot.new points qnorm rbinom segments
     strwidth
    Consider adding
     importFrom("graphics", "abline", "axis", "box", "par", "plot.new",
     "points", "segments", "strwidth")
     importFrom("stats", "model.frame", "qnorm", "rbinom")
    to your NAMESPACE.
Flavors: r-devel-linux-x86_64-debian-clang, r-devel-linux-x86_64-debian-gcc, r-devel-linux-x86_64-fedora-clang, r-devel-linux-x86_64-fedora-gcc, r-devel-windows-ix86+x86_64