CRAN Package Check Results for Package binMto

Last updated on 2015-04-02 03:48:48.

Flavor Version Tinstall Tcheck Ttotal Status Flags
r-devel-linux-x86_64-debian-clang 0.0-6 0.62 15.56 16.17 NOTE
r-devel-linux-x86_64-debian-gcc 0.0-6 0.70 15.62 16.32 NOTE
r-devel-linux-x86_64-fedora-clang 0.0-6 30.41 NOTE
r-devel-linux-x86_64-fedora-gcc 0.0-6 29.64 NOTE
r-devel-osx-x86_64-clang 0.0-6 34.42 NOTE
r-prerel-windows-ix86+x86_64 0.0-6 3.00 24.00 27.00 OK
r-prerel-linux-x86_64 0.0-6 0.57 15.29 15.86 NOTE
r-prerel-solaris-sparc 0.0-6 191.90 OK
r-prerel-solaris-x86 0.0-6 41.10 OK
r-release-linux-x86_64 0.0-6 0.60 16.66 17.26 OK
r-release-osx-x86_64-mavericks 0.0-6 OK
r-release-windows-ix86+x86_64 0.0-6 3.00 29.00 32.00 OK
r-oldrel-windows-ix86+x86_64 0.0-6 3.00 26.00 29.00 OK

Check Details

Version: 0.0-6
Check: S3 generic/method consistency
Result: NOTE
    Found the following apparent S3 methods exported but not registered:
     binMto.default binMto.formula
    See section ‘Registering S3 methods’ in the ‘Writing R Extensions’
    manual.
Flavors: r-devel-linux-x86_64-debian-clang, r-devel-linux-x86_64-debian-gcc, r-devel-linux-x86_64-fedora-clang, r-devel-linux-x86_64-fedora-gcc, r-devel-osx-x86_64-clang, r-prerel-linux-x86_64