CRAN Package Check Results for Package binaryGP

Last updated on 2022-12-03 23:01:23 CET.

Flavor Version Tinstall Tcheck Ttotal Status Flags
r-devel-linux-x86_64-debian-clang 0.2 46.76 39.31 86.07 NOTE
r-devel-linux-x86_64-debian-gcc 0.2 40.09 30.57 70.66 NOTE
r-devel-linux-x86_64-fedora-clang 0.2 144.20 NOTE
r-devel-linux-x86_64-fedora-gcc 0.2 124.13 NOTE
r-devel-windows-x86_64 0.2 47.00 85.00 132.00 NOTE
r-patched-linux-x86_64 0.2 42.70 36.60 79.30 NOTE
r-release-linux-x86_64 0.2 33.72 36.61 70.33 NOTE
r-release-macos-arm64 0.2 34.00 NOTE
r-release-macos-x86_64 0.2 52.00 NOTE
r-release-windows-x86_64 0.2 51.00 90.00 141.00 NOTE
r-oldrel-macos-arm64 0.2 37.00 NOTE
r-oldrel-macos-x86_64 0.2 61.00 NOTE
r-oldrel-windows-ix86+x86_64 0.2 123.00 90.00 213.00 NOTE

Check Details

Version: 0.2
Check: LazyData
Result: NOTE
     'LazyData' is specified without a 'data' directory
Flavors: r-devel-linux-x86_64-debian-clang, r-devel-linux-x86_64-debian-gcc, r-devel-linux-x86_64-fedora-clang, r-devel-linux-x86_64-fedora-gcc, r-devel-windows-x86_64, r-patched-linux-x86_64, r-release-linux-x86_64, r-release-macos-arm64, r-release-macos-x86_64, r-release-windows-x86_64, r-oldrel-macos-arm64, r-oldrel-macos-x86_64, r-oldrel-windows-ix86+x86_64