CRAN Package Check Results for Package binaryGP

Last updated on 2023-12-05 02:55:09 CET.

Flavor Version Tinstall Tcheck Ttotal Status Flags
r-devel-linux-x86_64-debian-clang 0.2 51.95 37.86 89.81 NOTE
r-devel-linux-x86_64-debian-gcc 0.2 32.76 29.16 61.92 NOTE
r-devel-linux-x86_64-fedora-clang 0.2 132.51 NOTE
r-devel-linux-x86_64-fedora-gcc 0.2 123.96 NOTE
r-devel-windows-x86_64 0.2 43.00 68.00 111.00 NOTE
r-patched-linux-x86_64 0.2 35.22 37.31 72.53 NOTE
r-release-linux-x86_64 0.2 37.43 37.26 74.69 NOTE
r-release-macos-arm64 0.2 37.00 NOTE
r-release-macos-x86_64 0.2 61.00 NOTE
r-release-windows-x86_64 0.2 53.00 75.00 128.00 NOTE
r-oldrel-macos-arm64 0.2 34.00 NOTE
r-oldrel-macos-x86_64 0.2 52.00 NOTE
r-oldrel-windows-x86_64 0.2 51.00 76.00 127.00 NOTE

Check Details

Version: 0.2
Check: LazyData
Result: NOTE 'LazyData' is specified without a 'data' directory Flavors: r-devel-linux-x86_64-debian-clang, r-devel-linux-x86_64-debian-gcc, r-devel-linux-x86_64-fedora-clang, r-devel-linux-x86_64-fedora-gcc, r-devel-windows-x86_64, r-patched-linux-x86_64, r-release-linux-x86_64, r-release-macos-arm64, r-release-macos-x86_64, r-release-windows-x86_64, r-oldrel-macos-arm64, r-oldrel-macos-x86_64, r-oldrel-windows-x86_64