CRAN Package Check Results for Package bindata

Last updated on 2015-09-02 00:47:31.

Flavor Version Tinstall Tcheck Ttotal Status Flags
r-devel-linux-x86_64-debian-clang 0.9-19 0.54 11.76 12.30 NOTE
r-devel-linux-x86_64-debian-gcc 0.9-19 0.60 11.54 12.14 NOTE
r-devel-linux-x86_64-fedora-clang 0.9-19 24.44 NOTE
r-devel-linux-x86_64-fedora-gcc 0.9-19 22.31 NOTE
r-devel-osx-x86_64-clang 0.9-19 19.29 OK
r-devel-windows-ix86+x86_64 0.9-19 5.00 31.00 36.00 NOTE
r-patched-linux-x86_64 0.9-19 0.61 12.18 12.78 OK
r-patched-solaris-sparc 0.9-19 124.20 OK
r-patched-solaris-x86 0.9-19 33.50 OK
r-release-linux-x86_64 0.9-19 0.62 12.26 12.88 OK
r-release-osx-x86_64-mavericks 0.9-19 OK
r-release-windows-ix86+x86_64 0.9-19 3.00 23.00 26.00 OK
r-oldrel-windows-ix86+x86_64 0.9-19 5.00 26.00 31.00 OK

Check Details

Version: 0.9-19
Check: R code for possible problems
Result: NOTE
    commonprob2sigma: no visible global function definition for ‘approxfun’
    rmvbin: no visible global function definition for ‘qnorm’
    simul.commonprob: no visible global function definition for ‘qnorm’
    Undefined global functions or variables:
     approxfun qnorm
    Consider adding
     importFrom("stats", "approxfun", "qnorm")
    to your NAMESPACE.
Flavors: r-devel-linux-x86_64-debian-clang, r-devel-linux-x86_64-debian-gcc, r-devel-linux-x86_64-fedora-clang, r-devel-linux-x86_64-fedora-gcc, r-devel-windows-ix86+x86_64