CRAN Package Check Results for Package bindata

Last updated on 2017-01-19 12:48:52.

Flavor Version Tinstall Tcheck Ttotal Status Flags
r-devel-linux-x86_64-debian-clang 0.9-19 0.78 14.73 15.51 NOTE
r-devel-linux-x86_64-debian-gcc 0.9-19 0.76 14.40 15.16 NOTE
r-devel-linux-x86_64-fedora-clang 0.9-19 25.93 NOTE --no-stop-on-test-error
r-devel-linux-x86_64-fedora-gcc 0.9-19 25.03 NOTE --no-stop-on-test-error
r-devel-macos-x86_64-clang 0.9-19 20.51 NOTE --no-stop-on-test-error
r-devel-windows-ix86+x86_64 0.9-19 3.00 30.00 33.00 NOTE
r-patched-linux-x86_64 0.9-19 0.64 12.72 13.35 NOTE
r-patched-solaris-sparc 0.9-19 129.10 NOTE
r-patched-solaris-x86 0.9-19 29.10 NOTE
r-release-linux-x86_64 0.9-19 0.76 12.20 12.97 NOTE
r-release-osx-x86_64-mavericks 0.9-19 NOTE
r-release-windows-ix86+x86_64 0.9-19 3.00 37.00 40.00 NOTE
r-oldrel-windows-ix86+x86_64 0.9-19 4.00 36.00 40.00 OK

Check Details

Version: 0.9-19
Check: R code for possible problems
Result: NOTE
    commonprob2sigma: no visible global function definition for ‘approxfun’
    rmvbin: no visible global function definition for ‘qnorm’
    simul.commonprob: no visible global function definition for ‘qnorm’
    Undefined global functions or variables:
     approxfun qnorm
    Consider adding
     importFrom("stats", "approxfun", "qnorm")
    to your NAMESPACE file.
Flavors: r-devel-linux-x86_64-debian-clang, r-devel-linux-x86_64-debian-gcc, r-devel-windows-ix86+x86_64, r-patched-linux-x86_64, r-patched-solaris-sparc, r-patched-solaris-x86, r-release-linux-x86_64, r-release-osx-x86_64-mavericks, r-release-windows-ix86+x86_64

Version: 0.9-19
Flags: --no-stop-on-test-error
Check: R code for possible problems
Result: NOTE
    commonprob2sigma: no visible global function definition for ‘approxfun’
    rmvbin: no visible global function definition for ‘qnorm’
    simul.commonprob: no visible global function definition for ‘qnorm’
    Undefined global functions or variables:
     approxfun qnorm
    Consider adding
     importFrom("stats", "approxfun", "qnorm")
    to your NAMESPACE file.
Flavors: r-devel-linux-x86_64-fedora-clang, r-devel-linux-x86_64-fedora-gcc, r-devel-macos-x86_64-clang