CRAN Package Check Results for Package bindata

Last updated on 2017-10-21 22:46:30.

Flavor Version Tinstall Tcheck Ttotal Status Flags
r-devel-linux-x86_64-debian-clang 0.9-19 0.58 14.73 15.31 NOTE
r-devel-linux-x86_64-debian-gcc 0.9-19 0.79 16.84 17.64 NOTE
r-devel-linux-x86_64-fedora-clang 0.9-19 27.81 NOTE
r-devel-linux-x86_64-fedora-gcc 0.9-19 26.51 NOTE
r-devel-windows-ix86+x86_64 0.9-19 3.00 43.00 46.00 NOTE
r-patched-linux-x86_64 0.9-19 0.70 15.83 16.53 NOTE
r-patched-solaris-x86 0.9-19 36.70 NOTE
r-release-linux-x86_64 0.9-19 0.64 15.30 15.94 NOTE
r-release-windows-ix86+x86_64 0.9-19 3.00 43.00 46.00 NOTE
r-release-osx-x86_64 0.9-19 NOTE
r-oldrel-windows-ix86+x86_64 0.9-19 2.00 36.00 38.00 NOTE
r-oldrel-osx-x86_64 0.9-19 NOTE

Check Details

Version: 0.9-19
Check: R code for possible problems
Result: NOTE
    commonprob2sigma: no visible global function definition for ‘approxfun’
    rmvbin: no visible global function definition for ‘qnorm’
    simul.commonprob: no visible global function definition for ‘qnorm’
    Undefined global functions or variables:
     approxfun qnorm
    Consider adding
     importFrom("stats", "approxfun", "qnorm")
    to your NAMESPACE file.
Flavors: r-devel-linux-x86_64-debian-clang, r-devel-linux-x86_64-debian-gcc, r-devel-linux-x86_64-fedora-clang, r-devel-linux-x86_64-fedora-gcc, r-devel-windows-ix86+x86_64, r-patched-linux-x86_64, r-patched-solaris-x86, r-release-linux-x86_64, r-release-windows-ix86+x86_64, r-release-osx-x86_64, r-oldrel-windows-ix86+x86_64, r-oldrel-osx-x86_64