CRAN Package Check Results for Package bindata

Last updated on 2017-05-24 11:49:35.

Flavor Version Tinstall Tcheck Ttotal Status Flags
r-devel-linux-x86_64-debian-clang 0.9-19 0.68 15.13 15.81 NOTE
r-devel-linux-x86_64-debian-gcc 0.9-19 0.66 15.29 15.95 NOTE
r-devel-linux-x86_64-fedora-clang 0.9-19 26.82 NOTE --no-stop-on-test-error
r-devel-linux-x86_64-fedora-gcc 0.9-19 25.70 NOTE --no-stop-on-test-error
r-devel-windows-ix86+x86_64 0.9-19 2.00 39.00 41.00 NOTE
r-patched-linux-x86_64 0.9-19 0.62 14.77 15.39 NOTE
r-patched-solaris-sparc 0.9-19 145.20 NOTE
r-patched-solaris-x86 0.9-19 33.50 NOTE
r-release-linux-x86_64 0.9-19 0.66 16.72 17.38 NOTE
r-release-windows-ix86+x86_64 0.9-19 3.00 68.00 71.00 NOTE
r-release-osx-x86_64 0.9-19 NOTE
r-oldrel-windows-ix86+x86_64 0.9-19 3.00 35.00 38.00 NOTE
r-oldrel-osx-x86_64 0.9-19 NOTE

Check Details

Version: 0.9-19
Check: R code for possible problems
Result: NOTE
    commonprob2sigma: no visible global function definition for ‘approxfun’
    rmvbin: no visible global function definition for ‘qnorm’
    simul.commonprob: no visible global function definition for ‘qnorm’
    Undefined global functions or variables:
     approxfun qnorm
    Consider adding
     importFrom("stats", "approxfun", "qnorm")
    to your NAMESPACE file.
Flavors: r-devel-linux-x86_64-debian-clang, r-devel-linux-x86_64-debian-gcc, r-devel-windows-ix86+x86_64, r-patched-linux-x86_64, r-patched-solaris-sparc, r-patched-solaris-x86, r-release-linux-x86_64, r-release-windows-ix86+x86_64, r-release-osx-x86_64, r-oldrel-windows-ix86+x86_64, r-oldrel-osx-x86_64

Version: 0.9-19
Flags: --no-stop-on-test-error
Check: R code for possible problems
Result: NOTE
    commonprob2sigma: no visible global function definition for ‘approxfun’
    rmvbin: no visible global function definition for ‘qnorm’
    simul.commonprob: no visible global function definition for ‘qnorm’
    Undefined global functions or variables:
     approxfun qnorm
    Consider adding
     importFrom("stats", "approxfun", "qnorm")
    to your NAMESPACE file.
Flavors: r-devel-linux-x86_64-fedora-clang, r-devel-linux-x86_64-fedora-gcc