CRAN Package Check Results for Package bindata

Last updated on 2016-12-08 18:46:49.

Flavor Version Tinstall Tcheck Ttotal Status Flags
r-devel-linux-x86_64-debian-clang 0.9-19 0.72 14.84 15.57 NOTE
r-devel-linux-x86_64-debian-gcc 0.9-19 0.67 14.65 15.32 NOTE
r-devel-linux-x86_64-fedora-clang 0.9-19 26.83 NOTE --no-stop-on-test-error
r-devel-linux-x86_64-fedora-gcc 0.9-19 26.02 NOTE --no-stop-on-test-error
r-devel-macos-x86_64-clang 0.9-19 20.88 NOTE
r-devel-windows-ix86+x86_64 0.9-19 3.00 45.00 48.00 NOTE
r-patched-linux-x86_64 0.9-19 0.76 12.29 13.05 NOTE
r-patched-solaris-sparc 0.9-19 123.80 NOTE
r-patched-solaris-x86 0.9-19 28.50 NOTE
r-release-linux-x86_64 0.9-19 0.76 12.39 13.14 NOTE
r-release-osx-x86_64-mavericks 0.9-19 NOTE
r-release-windows-ix86+x86_64 0.9-19 3.00 27.00 30.00 NOTE
r-oldrel-windows-ix86+x86_64 0.9-19 3.00 26.00 29.00 OK

Check Details

Version: 0.9-19
Check: R code for possible problems
Result: NOTE
    commonprob2sigma: no visible global function definition for ‘approxfun’
    rmvbin: no visible global function definition for ‘qnorm’
    simul.commonprob: no visible global function definition for ‘qnorm’
    Undefined global functions or variables:
     approxfun qnorm
    Consider adding
     importFrom("stats", "approxfun", "qnorm")
    to your NAMESPACE file.
Flavors: r-devel-linux-x86_64-debian-clang, r-devel-linux-x86_64-debian-gcc, r-devel-macos-x86_64-clang, r-devel-windows-ix86+x86_64, r-patched-linux-x86_64, r-patched-solaris-sparc, r-patched-solaris-x86, r-release-linux-x86_64, r-release-osx-x86_64-mavericks, r-release-windows-ix86+x86_64

Version: 0.9-19
Flags: --no-stop-on-test-error
Check: R code for possible problems
Result: NOTE
    commonprob2sigma: no visible global function definition for ‘approxfun’
    rmvbin: no visible global function definition for ‘qnorm’
    simul.commonprob: no visible global function definition for ‘qnorm’
    Undefined global functions or variables:
     approxfun qnorm
    Consider adding
     importFrom("stats", "approxfun", "qnorm")
    to your NAMESPACE file.
Flavors: r-devel-linux-x86_64-fedora-clang, r-devel-linux-x86_64-fedora-gcc