CRAN Package Check Results for Package bindata

Last updated on 2015-07-07 03:47:30.

Flavor Version Tinstall Tcheck Ttotal Status Flags
r-devel-linux-x86_64-debian-clang 0.9-19 0.70 11.19 11.88 NOTE
r-devel-linux-x86_64-debian-gcc 0.9-19 0.74 11.02 11.76 NOTE
r-devel-linux-x86_64-fedora-clang 0.9-19 22.82 NOTE
r-devel-linux-x86_64-fedora-gcc 0.9-19 20.63 NOTE
r-devel-osx-x86_64-clang 0.9-19 20.26 OK
r-devel-windows-ix86+x86_64 0.9-19 5.00 33.00 38.00 NOTE
r-patched-linux-x86_64 0.9-19 0.60 11.69 12.29 OK
r-patched-solaris-sparc 0.9-19 115.20 OK
r-patched-solaris-x86 0.9-19 31.00 OK
r-release-linux-x86_64 0.9-19 0.77 11.24 12.02 OK
r-release-osx-x86_64-mavericks 0.9-19 OK
r-release-windows-ix86+x86_64 0.9-19 3.00 19.00 22.00 OK
r-oldrel-windows-ix86+x86_64 0.9-19 4.00 35.00 39.00 OK

Check Details

Version: 0.9-19
Check: R code for possible problems
Result: NOTE
    commonprob2sigma: no visible global function definition for ‘approxfun’
    rmvbin: no visible global function definition for ‘qnorm’
    simul.commonprob: no visible global function definition for ‘qnorm’
    Undefined global functions or variables:
     approxfun qnorm
Flavors: r-devel-linux-x86_64-debian-clang, r-devel-linux-x86_64-debian-gcc, r-devel-linux-x86_64-fedora-clang, r-devel-linux-x86_64-fedora-gcc, r-devel-windows-ix86+x86_64