CRAN Package Check Results for Package bindata

Last updated on 2017-06-22 19:46:47.

Flavor Version Tinstall Tcheck Ttotal Status Flags
r-devel-linux-x86_64-debian-clang 0.9-19 0.66 15.51 16.17 NOTE
r-devel-linux-x86_64-debian-gcc 0.9-19 0.94 15.47 16.41 NOTE
r-devel-linux-x86_64-fedora-clang 0.9-19 26.65 NOTE
r-devel-linux-x86_64-fedora-gcc 0.9-19 25.55 NOTE
r-devel-windows-ix86+x86_64 0.9-19 3.00 39.00 42.00 NOTE
r-patched-linux-x86_64 0.9-19 0.66 15.01 15.67 NOTE
r-patched-solaris-sparc 0.9-19 145.20 NOTE
r-patched-solaris-x86 0.9-19 33.80 NOTE
r-release-linux-x86_64 0.9-19 0.78 15.01 15.79 NOTE
r-release-windows-ix86+x86_64 0.9-19 6.00 41.00 47.00 NOTE
r-release-osx-x86_64 0.9-19 NOTE
r-oldrel-windows-ix86+x86_64 0.9-19 3.00 28.00 31.00 NOTE
r-oldrel-osx-x86_64 0.9-19 NOTE

Check Details

Version: 0.9-19
Check: R code for possible problems
Result: NOTE
    commonprob2sigma: no visible global function definition for ‘approxfun’
    rmvbin: no visible global function definition for ‘qnorm’
    simul.commonprob: no visible global function definition for ‘qnorm’
    Undefined global functions or variables:
     approxfun qnorm
    Consider adding
     importFrom("stats", "approxfun", "qnorm")
    to your NAMESPACE file.
Flavors: r-devel-linux-x86_64-debian-clang, r-devel-linux-x86_64-debian-gcc, r-devel-linux-x86_64-fedora-clang, r-devel-linux-x86_64-fedora-gcc, r-devel-windows-ix86+x86_64, r-patched-linux-x86_64, r-patched-solaris-sparc, r-patched-solaris-x86, r-release-linux-x86_64, r-release-windows-ix86+x86_64, r-release-osx-x86_64, r-oldrel-windows-ix86+x86_64, r-oldrel-osx-x86_64