CRAN Package Check Results for Package bindata

Last updated on 2016-08-28 09:50:24.

Flavor Version Tinstall Tcheck Ttotal Status Flags
r-devel-linux-x86_64-debian-clang 0.9-19 0.62 12.39 13.01 NOTE
r-devel-linux-x86_64-debian-gcc 0.9-19 0.59 12.16 12.75 NOTE
r-devel-linux-x86_64-fedora-clang 0.9-19 22.44 NOTE
r-devel-linux-x86_64-fedora-gcc 0.9-19 22.19 NOTE
r-devel-osx-x86_64-clang 0.9-19 17.25 NOTE
r-devel-windows-ix86+x86_64 0.9-19 3.00 49.00 52.00 NOTE
r-patched-linux-x86_64 0.9-19 0.70 12.33 13.04 NOTE
r-patched-solaris-sparc 0.9-19 123.80 NOTE
r-patched-solaris-x86 0.9-19 29.40 NOTE
r-release-linux-x86_64 0.9-19 0.76 12.76 13.52 NOTE
r-release-osx-x86_64-mavericks 0.9-19 NOTE
r-release-windows-ix86+x86_64 0.9-19 3.00 29.00 32.00 NOTE
r-oldrel-windows-ix86+x86_64 0.9-19 2.00 45.00 47.00 OK

Check Details

Version: 0.9-19
Check: R code for possible problems
Result: NOTE
    commonprob2sigma: no visible global function definition for ‘approxfun’
    rmvbin: no visible global function definition for ‘qnorm’
    simul.commonprob: no visible global function definition for ‘qnorm’
    Undefined global functions or variables:
     approxfun qnorm
    Consider adding
     importFrom("stats", "approxfun", "qnorm")
    to your NAMESPACE file.
Flavors: r-devel-linux-x86_64-debian-clang, r-devel-linux-x86_64-debian-gcc, r-devel-linux-x86_64-fedora-clang, r-devel-linux-x86_64-fedora-gcc, r-devel-osx-x86_64-clang, r-devel-windows-ix86+x86_64, r-patched-linux-x86_64, r-patched-solaris-sparc, r-patched-solaris-x86, r-release-linux-x86_64, r-release-osx-x86_64-mavericks, r-release-windows-ix86+x86_64