CRAN Package Check Results for Package bindata

Last updated on 2016-02-08 06:47:08.

Flavor Version Tinstall Tcheck Ttotal Status Flags
r-devel-linux-x86_64-debian-gcc 0.9-19 0.61 11.31 11.92 NOTE
r-devel-linux-x86_64-fedora-clang 0.9-19 22.35 NOTE
r-devel-linux-x86_64-fedora-gcc 0.9-19 20.75 NOTE
r-devel-osx-x86_64-clang 0.9-19 22.16 NOTE
r-devel-windows-ix86+x86_64 0.9-19 5.00 32.00 37.00 NOTE
r-patched-linux-x86_64 0.9-19 0.64 11.95 12.59 OK
r-patched-solaris-sparc 0.9-19 125.50 OK
r-patched-solaris-x86 0.9-19 29.00 OK
r-release-linux-x86_64 0.9-19 0.71 11.83 12.54 OK
r-release-osx-x86_64-mavericks 0.9-19 OK
r-release-windows-ix86+x86_64 0.9-19 3.00 33.00 36.00 OK
r-oldrel-windows-ix86+x86_64 0.9-19 5.00 33.00 38.00 OK

Check Details

Version: 0.9-19
Check: R code for possible problems
Result: NOTE
    commonprob2sigma: no visible global function definition for ‘approxfun’
    rmvbin: no visible global function definition for ‘qnorm’
    simul.commonprob: no visible global function definition for ‘qnorm’
    Undefined global functions or variables:
     approxfun qnorm
    Consider adding
     importFrom("stats", "approxfun", "qnorm")
    to your NAMESPACE file.
Flavors: r-devel-linux-x86_64-debian-gcc, r-devel-linux-x86_64-fedora-clang, r-devel-linux-x86_64-fedora-gcc, r-devel-osx-x86_64-clang, r-devel-windows-ix86+x86_64