CRAN Package Check Results for Package bindata

Last updated on 2020-10-01 02:52:50 CEST.

Flavor Version Tinstall Tcheck Ttotal Status Flags
r-devel-linux-x86_64-debian-clang 0.9-19 2.09 25.71 27.80 NOTE
r-devel-linux-x86_64-debian-gcc 0.9-19 1.89 20.59 22.48 NOTE
r-devel-linux-x86_64-fedora-clang 0.9-19 42.58 NOTE
r-devel-linux-x86_64-fedora-gcc 0.9-19 33.70 NOTE
r-devel-windows-ix86+x86_64 0.9-19 5.00 39.00 44.00 NOTE
r-patched-linux-x86_64 0.9-19 2.29 25.07 27.36 NOTE
r-patched-solaris-x86 0.9-19 48.50 NOTE
r-release-linux-x86_64 0.9-19 2.42 25.19 27.61 NOTE
r-release-macos-x86_64 0.9-19 NOTE
r-release-windows-ix86+x86_64 0.9-19 15.00 39.00 54.00 NOTE
r-oldrel-macos-x86_64 0.9-19 NOTE
r-oldrel-windows-ix86+x86_64 0.9-19 6.00 41.00 47.00 NOTE

Check Details

Version: 0.9-19
Check: R code for possible problems
Result: NOTE
    commonprob2sigma: no visible global function definition for 'approxfun'
    rmvbin: no visible global function definition for 'qnorm'
    simul.commonprob: no visible global function definition for 'qnorm'
    Undefined global functions or variables:
     approxfun qnorm
    Consider adding
     importFrom("stats", "approxfun", "qnorm")
    to your NAMESPACE file.
Flavors: r-devel-linux-x86_64-debian-clang, r-devel-linux-x86_64-debian-gcc, r-devel-linux-x86_64-fedora-clang, r-devel-linux-x86_64-fedora-gcc, r-devel-windows-ix86+x86_64, r-patched-linux-x86_64, r-patched-solaris-x86, r-release-linux-x86_64, r-release-macos-x86_64, r-release-windows-ix86+x86_64, r-oldrel-macos-x86_64, r-oldrel-windows-ix86+x86_64