CRAN Package Check Results for Package bindata

Last updated on 2017-08-21 09:47:48.

Flavor Version Tinstall Tcheck Ttotal Status Flags
r-devel-linux-x86_64-debian-clang 0.9-19 0.62 16.21 16.83 NOTE
r-devel-linux-x86_64-debian-gcc 0.9-19 0.71 16.46 17.17 NOTE
r-devel-linux-x86_64-fedora-clang 0.9-19 28.31 NOTE
r-devel-linux-x86_64-fedora-gcc 0.9-19 25.98 NOTE
r-devel-windows-ix86+x86_64 0.9-19 2.00 29.00 31.00 NOTE
r-patched-linux-x86_64 0.9-19 0.63 15.51 16.15 NOTE
r-patched-solaris-x86 0.9-19 35.20 NOTE
r-release-linux-x86_64 0.9-19 0.72 15.37 16.09 NOTE
r-release-windows-ix86+x86_64 0.9-19 3.00 29.00 32.00 NOTE
r-release-osx-x86_64 0.9-19 NOTE
r-oldrel-windows-ix86+x86_64 0.9-19 2.00 29.00 31.00 NOTE
r-oldrel-osx-x86_64 0.9-19 NOTE

Check Details

Version: 0.9-19
Check: R code for possible problems
Result: NOTE
    commonprob2sigma: no visible global function definition for ‘approxfun’
    rmvbin: no visible global function definition for ‘qnorm’
    simul.commonprob: no visible global function definition for ‘qnorm’
    Undefined global functions or variables:
     approxfun qnorm
    Consider adding
     importFrom("stats", "approxfun", "qnorm")
    to your NAMESPACE file.
Flavors: r-devel-linux-x86_64-debian-clang, r-devel-linux-x86_64-debian-gcc, r-devel-linux-x86_64-fedora-clang, r-devel-linux-x86_64-fedora-gcc, r-devel-windows-ix86+x86_64, r-patched-linux-x86_64, r-patched-solaris-x86, r-release-linux-x86_64, r-release-windows-ix86+x86_64, r-release-osx-x86_64, r-oldrel-windows-ix86+x86_64, r-oldrel-osx-x86_64