CRAN Package Check Results for Package bindata

Last updated on 2017-03-28 23:50:12.

Flavor Version Tinstall Tcheck Ttotal Status Flags
r-devel-linux-x86_64-debian-clang 0.9-19 0.77 15.00 15.77 NOTE
r-devel-linux-x86_64-debian-gcc 0.9-19 0.76 15.18 15.94 NOTE
r-devel-linux-x86_64-fedora-clang 0.9-19 30.56 NOTE --no-stop-on-test-error
r-devel-linux-x86_64-fedora-gcc 0.9-19 25.67 NOTE --no-stop-on-test-error
r-devel-macos-x86_64-clang 0.9-19 20.47 NOTE --no-stop-on-test-error
r-devel-windows-ix86+x86_64 0.9-19 2.00 29.00 31.00 NOTE
r-patched-linux-x86_64 0.9-19 0.74 14.87 15.61 NOTE
r-patched-solaris-sparc 0.9-19 145.20 NOTE
r-patched-solaris-x86 0.9-19 33.90 NOTE
r-release-linux-x86_64 0.9-19 0.80 12.43 13.23 NOTE
r-release-osx-x86_64-mavericks 0.9-19 NOTE
r-release-windows-ix86+x86_64 0.9-19 3.00 30.00 33.00 NOTE
r-oldrel-windows-ix86+x86_64 0.9-19 3.00 35.00 38.00 OK

Check Details

Version: 0.9-19
Check: R code for possible problems
Result: NOTE
    commonprob2sigma: no visible global function definition for ‘approxfun’
    rmvbin: no visible global function definition for ‘qnorm’
    simul.commonprob: no visible global function definition for ‘qnorm’
    Undefined global functions or variables:
     approxfun qnorm
    Consider adding
     importFrom("stats", "approxfun", "qnorm")
    to your NAMESPACE file.
Flavors: r-devel-linux-x86_64-debian-clang, r-devel-linux-x86_64-debian-gcc, r-devel-windows-ix86+x86_64, r-patched-linux-x86_64, r-patched-solaris-sparc, r-patched-solaris-x86, r-release-linux-x86_64, r-release-osx-x86_64-mavericks, r-release-windows-ix86+x86_64

Version: 0.9-19
Flags: --no-stop-on-test-error
Check: R code for possible problems
Result: NOTE
    commonprob2sigma: no visible global function definition for ‘approxfun’
    rmvbin: no visible global function definition for ‘qnorm’
    simul.commonprob: no visible global function definition for ‘qnorm’
    Undefined global functions or variables:
     approxfun qnorm
    Consider adding
     importFrom("stats", "approxfun", "qnorm")
    to your NAMESPACE file.
Flavors: r-devel-linux-x86_64-fedora-clang, r-devel-linux-x86_64-fedora-gcc, r-devel-macos-x86_64-clang