CRAN Package Check Results for Package bindata

Last updated on 2015-08-03 14:47:16.

Flavor Version Tinstall Tcheck Ttotal Status Flags
r-devel-linux-x86_64-debian-clang 0.9-19 0.70 12.12 12.82 NOTE
r-devel-linux-x86_64-debian-gcc 0.9-19 0.57 11.95 12.52 NOTE
r-devel-linux-x86_64-fedora-clang 0.9-19 24.31 NOTE
r-devel-linux-x86_64-fedora-gcc 0.9-19 24.06 NOTE
r-devel-osx-x86_64-clang 0.9-19 21.30 OK
r-devel-windows-ix86+x86_64 0.9-19 3.00 21.00 24.00 NOTE
r-patched-linux-x86_64 0.9-19 0.61 12.23 12.84 OK
r-patched-solaris-sparc 0.9-19 124.20 OK
r-patched-solaris-x86 0.9-19 32.70 OK
r-release-linux-x86_64 0.9-19 0.61 12.73 13.34 OK
r-release-osx-x86_64-mavericks 0.9-19 OK
r-release-windows-ix86+x86_64 0.9-19 3.00 31.00 34.00 OK
r-oldrel-windows-ix86+x86_64 0.9-19 4.00 25.00 29.00 OK

Check Details

Version: 0.9-19
Check: R code for possible problems
Result: NOTE
    commonprob2sigma: no visible global function definition for ‘approxfun’
    rmvbin: no visible global function definition for ‘qnorm’
    simul.commonprob: no visible global function definition for ‘qnorm’
    Undefined global functions or variables:
     approxfun qnorm
    Consider adding
     importFrom("stats", "approxfun", "qnorm")
    to your NAMESPACE.
Flavors: r-devel-linux-x86_64-debian-clang, r-devel-linux-x86_64-debian-gcc, r-devel-linux-x86_64-fedora-clang, r-devel-linux-x86_64-fedora-gcc, r-devel-windows-ix86+x86_64