CRAN Package Check Results for Package binhf

Last updated on 2015-08-01 14:50:46.

Flavor Version Tinstall Tcheck Ttotal Status Flags
r-devel-linux-x86_64-debian-clang 1.0-1 0.88 18.62 19.50 NOTE
r-devel-linux-x86_64-debian-gcc 1.0-1 0.82 17.70 18.52 NOTE
r-devel-linux-x86_64-fedora-clang 1.0-1 35.86 NOTE
r-devel-linux-x86_64-fedora-gcc 1.0-1 35.39 NOTE
r-devel-osx-x86_64-clang 1.0-1 34.29 NOTE
r-devel-windows-ix86+x86_64 1.0-1 8.00 47.00 55.00 NOTE
r-patched-linux-x86_64 1.0-1 0.90 18.52 19.42 NOTE
r-patched-solaris-sparc 1.0-1 241.10 NOTE
r-patched-solaris-x86 1.0-1 52.60 NOTE
r-release-linux-x86_64 1.0-1 0.92 18.26 19.18 NOTE
r-release-osx-x86_64-mavericks 1.0-1 NOTE
r-release-windows-ix86+x86_64 1.0-1 5.00 50.00 55.00 NOTE
r-oldrel-windows-ix86+x86_64 1.0-1 6.00 38.00 44.00 NOTE

Check Details

Version: 1.0-1
Check: DESCRIPTION meta-information
Result: NOTE
    Malformed Description field: should contain one or more complete sentences.
Flavors: r-devel-linux-x86_64-debian-clang, r-devel-linux-x86_64-debian-gcc, r-devel-linux-x86_64-fedora-clang, r-devel-linux-x86_64-fedora-gcc, r-devel-osx-x86_64-clang, r-devel-windows-ix86+x86_64, r-patched-linux-x86_64, r-patched-solaris-sparc, r-patched-solaris-x86, r-release-linux-x86_64, r-release-osx-x86_64-mavericks, r-release-windows-ix86+x86_64

Version: 1.0-1
Check: R code for possible problems
Result: NOTE
    afgen: no visible global function definition for ‘rbinom’
    ebayesthresh.wavelet.wd: no visible global function definition for
     ‘mad’
    ebayesthresh.wavelet.wd: no visible global function definition for
     ‘ebayesthresh’
    hfdenoise: no visible global function definition for ‘rbinom’
    hfdenoise: no visible global function definition for ‘plot’
    hfdenoise: no visible global function definition for
     ‘ebayesthresh.wavelet’
    ht: no visible global function definition for ‘na.omit’
    ht: no visible global function definition for ‘filter’
    madmad: no visible global function definition for ‘mad’
    negloglik.laplace: no visible global function definition for ‘wfromt’
    negloglik.laplace: no visible global function definition for
     ‘beta.laplace’
    plotest: no visible global function definition for ‘plot’
    plotest: no visible global function definition for ‘lines’
    propest.wav: no visible global function definition for ‘rbinom’
    qqnormy: no visible global function definition for ‘qqnorm’
    qqstuff: no visible global function definition for ‘rbinom’
    qqstuff: no visible global function definition for ‘qnorm’
    qqstuff: no visible global function definition for ‘plot’
    qqstuff: no visible global function definition for ‘points’
    qqstuff: no visible global function definition for ‘abline’
    statgen: no visible binding for global variable ‘var’
    statgen: no visible global function definition for ‘ks.test’
    statgen: no visible global function definition for ‘persp’
    statgen: no visible global function definition for ‘contour’
    statgen: no visible global function definition for ‘plot’
    statgen: no visible global function definition for ‘lines’
    wandafromx: no visible global function definition for ‘optim’
    wandafromx: no visible global function definition for ‘nlminb’
    wandafromx: no visible global function definition for ‘wfromt’
    Undefined global functions or variables:
     abline beta.laplace contour ebayesthresh ebayesthresh.wavelet filter
     ks.test lines mad na.omit nlminb optim persp plot points qnorm qqnorm
     rbinom var wfromt
    Consider adding
     importFrom("graphics", "abline", "contour", "lines", "persp", "plot",
     "points")
     importFrom("stats", "filter", "ks.test", "mad", "na.omit", "nlminb",
     "optim", "qnorm", "qqnorm", "rbinom", "var")
    to your NAMESPACE.
Flavors: r-devel-linux-x86_64-debian-clang, r-devel-linux-x86_64-debian-gcc, r-devel-linux-x86_64-fedora-clang, r-devel-linux-x86_64-fedora-gcc, r-devel-windows-ix86+x86_64

Version: 1.0-1
Check: R code for possible problems
Result: NOTE
    ebayesthresh.wavelet.wd: no visible global function definition for
     ‘ebayesthresh’
    hfdenoise: no visible global function definition for
     ‘ebayesthresh.wavelet’
    negloglik.laplace: no visible global function definition for ‘wfromt’
    negloglik.laplace: no visible global function definition for
     ‘beta.laplace’
    wandafromx: no visible global function definition for ‘wfromt’
    Undefined global functions or variables:
     beta.laplace ebayesthresh ebayesthresh.wavelet wfromt
Flavor: r-devel-osx-x86_64-clang

Version: 1.0-1
Check: R code for possible problems
Result: NOTE
    ebayesthresh.wavelet.wd: no visible global function definition for
     ‘ebayesthresh’
    hfdenoise: no visible global function definition for
     ‘ebayesthresh.wavelet’
    negloglik.laplace: no visible global function definition for ‘wfromt’
    negloglik.laplace: no visible global function definition for
     ‘beta.laplace’
    wandafromx: no visible global function definition for ‘wfromt’
Flavors: r-patched-linux-x86_64, r-patched-solaris-sparc, r-patched-solaris-x86, r-release-linux-x86_64, r-release-osx-x86_64-mavericks, r-release-windows-ix86+x86_64, r-oldrel-windows-ix86+x86_64