CRAN Package Check Results for Package binhf

Last updated on 2015-01-29 23:48:10.

Flavor Version Tinstall Tcheck Ttotal Status Flags
r-devel-linux-x86_64-debian-clang 1.0-1 0.93 19.26 20.19 NOTE
r-devel-linux-x86_64-debian-gcc 1.0-1 0.89 18.97 19.86 NOTE
r-devel-linux-x86_64-fedora-clang 1.0-1 40.26 NOTE
r-devel-linux-x86_64-fedora-gcc 1.0-1 39.51 NOTE
r-devel-osx-x86_64-clang 1.0-1 55.18 NOTE
r-devel-windows-ix86+x86_64 1.0-1 5.00 28.00 33.00 NOTE
r-patched-linux-x86_64 1.0-1 1.00 21.44 22.44 NOTE
r-patched-solaris-sparc 1.0-1 281.10 NOTE
r-patched-solaris-x86 1.0-1 59.20 NOTE
r-release-linux-ix86 1.0-1 1.34 30.55 31.90 NOTE
r-release-linux-x86_64 1.0-1 0.98 21.32 22.30 NOTE
r-release-osx-x86_64-mavericks 1.0-1 NOTE
r-release-osx-x86_64-snowleopard 1.0-1 OK
r-release-windows-ix86+x86_64 1.0-1 5.00 34.00 39.00 NOTE
r-oldrel-windows-ix86+x86_64 1.0-1 5.00 39.00 44.00 OK

Check Details

Version: 1.0-1
Check: R code for possible problems
Result: NOTE
    ebayesthresh.wavelet.wd: no visible global function definition for
     ‘ebayesthresh’
    hfdenoise: no visible global function definition for
     ‘ebayesthresh.wavelet’
    negloglik.laplace: no visible global function definition for ‘wfromt’
    negloglik.laplace: no visible global function definition for
     ‘beta.laplace’
    wandafromx: no visible global function definition for ‘wfromt’
Flavors: r-devel-linux-x86_64-debian-clang, r-devel-linux-x86_64-debian-gcc, r-devel-linux-x86_64-fedora-clang, r-devel-linux-x86_64-fedora-gcc, r-devel-osx-x86_64-clang, r-devel-windows-ix86+x86_64, r-patched-linux-x86_64, r-patched-solaris-sparc, r-patched-solaris-x86, r-release-linux-ix86, r-release-linux-x86_64, r-release-osx-x86_64-mavericks, r-release-windows-ix86+x86_64