CRAN Package Check Results for Package binhf

Last updated on 2015-03-30 03:49:06.

Flavor Version Tinstall Tcheck Ttotal Status Flags
r-devel-linux-x86_64-debian-clang 1.0-1 0.91 18.70 19.61 NOTE
r-devel-linux-x86_64-debian-gcc 1.0-1 0.85 18.70 19.54 NOTE
r-devel-linux-x86_64-fedora-clang 1.0-1 38.59 NOTE
r-devel-linux-x86_64-fedora-gcc 1.0-1 36.50 NOTE
r-devel-osx-x86_64-clang 1.0-1 42.45 NOTE
r-prerel-windows-ix86+x86_64 1.0-1 4.00 30.00 34.00 NOTE
r-prerel-linux-x86_64 1.0-1 0.87 18.55 19.42 NOTE
r-prerel-solaris-sparc 1.0-1 245.00 NOTE
r-prerel-solaris-x86 1.0-1 52.20 NOTE
r-release-linux-x86_64 1.0-1 1.06 20.97 22.02 NOTE
r-release-osx-x86_64-mavericks 1.0-1 NOTE
r-release-osx-x86_64-snowleopard 1.0-1 OK
r-release-windows-ix86+x86_64 1.0-1 5.00 36.00 41.00 NOTE
r-oldrel-windows-ix86+x86_64 1.0-1 5.00 37.00 42.00 OK

Check Details

Version: 1.0-1
Check: DESCRIPTION meta-information
Result: NOTE
    Malformed Description field: should contain one or more complete sentences.
Flavors: r-devel-linux-x86_64-debian-clang, r-devel-linux-x86_64-debian-gcc, r-devel-linux-x86_64-fedora-clang, r-devel-linux-x86_64-fedora-gcc, r-devel-osx-x86_64-clang, r-prerel-windows-ix86+x86_64, r-prerel-linux-x86_64, r-prerel-solaris-sparc, r-prerel-solaris-x86

Version: 1.0-1
Check: R code for possible problems
Result: NOTE
    ebayesthresh.wavelet.wd: no visible global function definition for
     ‘ebayesthresh’
    hfdenoise: no visible global function definition for
     ‘ebayesthresh.wavelet’
    negloglik.laplace: no visible global function definition for ‘wfromt’
    negloglik.laplace: no visible global function definition for
     ‘beta.laplace’
    wandafromx: no visible global function definition for ‘wfromt’
Flavors: r-devel-linux-x86_64-debian-clang, r-devel-linux-x86_64-debian-gcc, r-devel-linux-x86_64-fedora-clang, r-devel-linux-x86_64-fedora-gcc, r-devel-osx-x86_64-clang, r-prerel-windows-ix86+x86_64, r-prerel-linux-x86_64, r-prerel-solaris-sparc, r-prerel-solaris-x86, r-release-linux-x86_64, r-release-osx-x86_64-mavericks, r-release-windows-ix86+x86_64