CRAN Package Check Results for Package binhf

Last updated on 2015-05-26 08:47:48.

Flavor Version Tinstall Tcheck Ttotal Status Flags
r-devel-linux-x86_64-debian-clang 1.0-1 0.87 19.12 19.99 NOTE
r-devel-linux-x86_64-debian-gcc 1.0-1 1.10 18.60 19.70 NOTE
r-devel-linux-x86_64-fedora-clang 1.0-1 37.09 NOTE
r-devel-linux-x86_64-fedora-gcc 1.0-1 35.03 NOTE
r-devel-osx-x86_64-clang 1.0-1 38.62 NOTE
r-devel-windows-ix86+x86_64 1.0-1 4.00 31.00 35.00 NOTE
r-patched-linux-x86_64 1.0-1 1.11 18.49 19.60 NOTE
r-patched-solaris-sparc 1.0-1 225.50 NOTE
r-patched-solaris-x86 1.0-1 53.10 NOTE
r-release-linux-x86_64 1.0-1 0.92 18.46 19.38 NOTE
r-release-osx-x86_64-mavericks 1.0-1 NOTE
r-release-osx-x86_64-snowleopard 1.0-1 NOTE
r-release-windows-ix86+x86_64 1.0-1 3.00 31.00 34.00 NOTE
r-oldrel-windows-ix86+x86_64 1.0-1 6.00 63.00 69.00 NOTE

Check Details

Version: 1.0-1
Check: DESCRIPTION meta-information
Result: NOTE
    Malformed Description field: should contain one or more complete sentences.
Flavors: r-devel-linux-x86_64-debian-clang, r-devel-linux-x86_64-debian-gcc, r-devel-linux-x86_64-fedora-clang, r-devel-linux-x86_64-fedora-gcc, r-devel-osx-x86_64-clang, r-devel-windows-ix86+x86_64, r-patched-linux-x86_64, r-patched-solaris-sparc, r-patched-solaris-x86, r-release-linux-x86_64, r-release-osx-x86_64-mavericks, r-release-osx-x86_64-snowleopard, r-release-windows-ix86+x86_64

Version: 1.0-1
Check: R code for possible problems
Result: NOTE
    ebayesthresh.wavelet.wd: no visible global function definition for
     ‘ebayesthresh’
    hfdenoise: no visible global function definition for
     ‘ebayesthresh.wavelet’
    negloglik.laplace: no visible global function definition for ‘wfromt’
    negloglik.laplace: no visible global function definition for
     ‘beta.laplace’
    wandafromx: no visible global function definition for ‘wfromt’
Flavors: r-devel-linux-x86_64-debian-clang, r-devel-linux-x86_64-debian-gcc, r-devel-linux-x86_64-fedora-clang, r-devel-linux-x86_64-fedora-gcc, r-devel-osx-x86_64-clang, r-devel-windows-ix86+x86_64, r-patched-linux-x86_64, r-patched-solaris-sparc, r-patched-solaris-x86, r-release-linux-x86_64, r-release-osx-x86_64-mavericks, r-release-osx-x86_64-snowleopard, r-release-windows-ix86+x86_64, r-oldrel-windows-ix86+x86_64