CRAN Package Check Results for Package binhf

Last updated on 2014-09-22 10:14:58.

Flavor Version Tinstall Tcheck Ttotal Status Flags
r-devel-linux-x86_64-debian-clang 1.0-1 1.12 20.60 21.72 NOTE
r-devel-linux-x86_64-debian-gcc 1.0-1 0.89 19.50 20.39 NOTE
r-devel-linux-x86_64-fedora-clang 1.0-1 40.61 NOTE
r-devel-linux-x86_64-fedora-gcc 1.0-1 39.07 NOTE
r-devel-osx-x86_64-clang 1.0-1 39.43 NOTE
r-devel-windows-ix86+x86_64 1.0-1 5.00 32.00 37.00 NOTE
r-patched-linux-x86_64 1.0-1 1.08 20.80 21.88 OK
r-patched-solaris-sparc 1.0-1 251.80 OK
r-patched-solaris-x86 1.0-1 56.10 OK
r-release-linux-ix86 1.0-1 1.38 31.57 32.96 OK
r-release-linux-x86_64 1.0-1 1.06 20.83 21.89 OK
r-release-osx-x86_64-mavericks 1.0-1 OK
r-release-osx-x86_64-snowleopard 1.0-1 OK
r-release-windows-ix86+x86_64 1.0-1 4.00 34.00 38.00 OK
r-oldrel-windows-ix86+x86_64 1.0-1 4.00 35.00 39.00 OK

Check Details

Version: 1.0-1
Check: R code for possible problems
Result: NOTE
    ebayesthresh.wavelet.wd: no visible global function definition for
     ‘ebayesthresh’
    hfdenoise: no visible global function definition for
     ‘ebayesthresh.wavelet’
    negloglik.laplace: no visible global function definition for ‘wfromt’
    negloglik.laplace: no visible global function definition for
     ‘beta.laplace’
    wandafromx: no visible global function definition for ‘wfromt’
Flavors: r-devel-linux-x86_64-debian-clang, r-devel-linux-x86_64-debian-gcc, r-devel-linux-x86_64-fedora-clang, r-devel-linux-x86_64-fedora-gcc, r-devel-osx-x86_64-clang, r-devel-windows-ix86+x86_64