CRAN Package Check Results for Package binhf

Last updated on 2015-04-18 03:50:10.

Flavor Version Tinstall Tcheck Ttotal Status Flags
r-devel-linux-x86_64-debian-clang 1.0-1 0.91 18.82 19.74 NOTE
r-devel-linux-x86_64-debian-gcc 1.0-1 1.10 18.46 19.55 NOTE
r-devel-linux-x86_64-fedora-clang 1.0-1 37.70 NOTE
r-devel-linux-x86_64-fedora-gcc 1.0-1 35.57 NOTE
r-devel-osx-x86_64-clang 1.0-1 38.72 NOTE
r-prerel-windows-ix86+x86_64 1.0-1 6.00 32.00 38.00 NOTE
r-prerel-linux-x86_64 1.0-1 0.86 18.71 19.57 NOTE
r-prerel-solaris-sparc 1.0-1 245.00 NOTE
r-prerel-solaris-x86 1.0-1 52.10 NOTE
r-release-linux-x86_64 1.0-1 1.35 21.71 23.06 NOTE
r-release-osx-x86_64-mavericks 1.0-1 NOTE
r-release-osx-x86_64-snowleopard 1.0-1 OK
r-release-windows-ix86+x86_64 1.0-1 5.00 44.00 49.00 NOTE
r-oldrel-windows-ix86+x86_64 1.0-1 5.00 44.00 49.00 OK

Check Details

Version: 1.0-1
Check: DESCRIPTION meta-information
Result: NOTE
    Malformed Description field: should contain one or more complete sentences.
Flavors: r-devel-linux-x86_64-debian-clang, r-devel-linux-x86_64-debian-gcc, r-devel-linux-x86_64-fedora-clang, r-devel-linux-x86_64-fedora-gcc, r-devel-osx-x86_64-clang, r-prerel-windows-ix86+x86_64, r-prerel-linux-x86_64, r-prerel-solaris-sparc, r-prerel-solaris-x86

Version: 1.0-1
Check: R code for possible problems
Result: NOTE
    ebayesthresh.wavelet.wd: no visible global function definition for
     ‘ebayesthresh’
    hfdenoise: no visible global function definition for
     ‘ebayesthresh.wavelet’
    negloglik.laplace: no visible global function definition for ‘wfromt’
    negloglik.laplace: no visible global function definition for
     ‘beta.laplace’
    wandafromx: no visible global function definition for ‘wfromt’
Flavors: r-devel-linux-x86_64-debian-clang, r-devel-linux-x86_64-debian-gcc, r-devel-linux-x86_64-fedora-clang, r-devel-linux-x86_64-fedora-gcc, r-devel-osx-x86_64-clang, r-prerel-windows-ix86+x86_64, r-prerel-linux-x86_64, r-prerel-solaris-sparc, r-prerel-solaris-x86, r-release-linux-x86_64, r-release-osx-x86_64-mavericks, r-release-windows-ix86+x86_64