CRAN Package Check Results for Package binhf

Last updated on 2014-10-23 10:48:00.

Flavor Version Tinstall Tcheck Ttotal Status Flags
r-devel-linux-x86_64-debian-clang 1.0-1 1.26 20.59 21.85 NOTE
r-devel-linux-x86_64-debian-gcc 1.0-1 1.34 20.74 22.08 NOTE
r-devel-linux-x86_64-fedora-clang 1.0-1 42.57 NOTE
r-devel-linux-x86_64-fedora-gcc 1.0-1 44.09 NOTE
r-devel-osx-x86_64-clang 1.0-1 43.13 NOTE
r-devel-windows-ix86+x86_64 1.0-1 4.00 31.00 35.00 NOTE
r-patched-linux-x86_64 1.0-1 0.98 21.55 22.53 NOTE
r-patched-solaris-sparc 1.0-1 253.50 NOTE
r-patched-solaris-x86 1.0-1 57.70 NOTE
r-release-linux-ix86 1.0-1 1.38 31.55 32.93 OK
r-release-linux-x86_64 1.0-1 1.00 20.80 21.79 OK
r-release-osx-x86_64-mavericks 1.0-1 OK
r-release-osx-x86_64-snowleopard 1.0-1 OK
r-release-windows-ix86+x86_64 1.0-1 4.00 33.00 37.00 OK
r-oldrel-windows-ix86+x86_64 1.0-1 5.00 35.00 40.00 OK

Check Details

Version: 1.0-1
Check: R code for possible problems
Result: NOTE
    ebayesthresh.wavelet.wd: no visible global function definition for
     ‘ebayesthresh’
    hfdenoise: no visible global function definition for
     ‘ebayesthresh.wavelet’
    negloglik.laplace: no visible global function definition for ‘wfromt’
    negloglik.laplace: no visible global function definition for
     ‘beta.laplace’
    wandafromx: no visible global function definition for ‘wfromt’
Flavors: r-devel-linux-x86_64-debian-clang, r-devel-linux-x86_64-debian-gcc, r-devel-linux-x86_64-fedora-clang, r-devel-linux-x86_64-fedora-gcc, r-devel-osx-x86_64-clang, r-devel-windows-ix86+x86_64, r-patched-linux-x86_64, r-patched-solaris-sparc, r-patched-solaris-x86