CRAN Package Check Results for Package binhf

Last updated on 2014-12-19 08:48:27.

Flavor Version Tinstall Tcheck Ttotal Status Flags
r-devel-linux-x86_64-debian-clang 1.0-1 0.98 20.96 21.94 NOTE
r-devel-linux-x86_64-debian-gcc 1.0-1 1.24 20.58 21.82 NOTE
r-devel-linux-x86_64-fedora-clang 1.0-1 43.86 NOTE
r-devel-linux-x86_64-fedora-gcc 1.0-1 42.91 NOTE
r-devel-osx-x86_64-clang 1.0-1 43.06 NOTE
r-devel-windows-ix86+x86_64 1.0-1 6.00 36.00 42.00 NOTE
r-patched-linux-x86_64 1.0-1 1.38 20.88 22.26 NOTE
r-patched-solaris-sparc 1.0-1 253.50 NOTE
r-patched-solaris-x86 1.0-1 58.50 NOTE
r-release-linux-ix86 1.0-1 1.34 30.99 32.33 NOTE
r-release-linux-x86_64 1.0-1 0.96 22.67 23.63 NOTE
r-release-osx-x86_64-mavericks 1.0-1 OK
r-release-osx-x86_64-snowleopard 1.0-1 OK
r-release-windows-ix86+x86_64 1.0-1 4.00 37.00 41.00 NOTE
r-oldrel-windows-ix86+x86_64 1.0-1 5.00 36.00 41.00 OK

Check Details

Version: 1.0-1
Check: R code for possible problems
Result: NOTE
    ebayesthresh.wavelet.wd: no visible global function definition for
     ‘ebayesthresh’
    hfdenoise: no visible global function definition for
     ‘ebayesthresh.wavelet’
    negloglik.laplace: no visible global function definition for ‘wfromt’
    negloglik.laplace: no visible global function definition for
     ‘beta.laplace’
    wandafromx: no visible global function definition for ‘wfromt’
Flavors: r-devel-linux-x86_64-debian-clang, r-devel-linux-x86_64-debian-gcc, r-devel-linux-x86_64-fedora-clang, r-devel-linux-x86_64-fedora-gcc, r-devel-osx-x86_64-clang, r-devel-windows-ix86+x86_64, r-patched-linux-x86_64, r-patched-solaris-sparc, r-patched-solaris-x86, r-release-linux-ix86, r-release-linux-x86_64, r-release-windows-ix86+x86_64