CRAN Package Check Results for Package binhf

Last updated on 2014-11-28 12:46:42.

Flavor Version Tinstall Tcheck Ttotal Status Flags
r-devel-linux-x86_64-debian-clang 1.0-1 0.96 21.49 22.45 NOTE
r-devel-linux-x86_64-debian-gcc 1.0-1 0.97 20.96 21.92 NOTE
r-devel-linux-x86_64-fedora-clang 1.0-1 44.68 NOTE
r-devel-linux-x86_64-fedora-gcc 1.0-1 46.17 NOTE
r-devel-osx-x86_64-clang 1.0-1 42.76 NOTE
r-devel-windows-ix86+x86_64 1.0-1 4.00 34.00 38.00 NOTE
r-patched-linux-x86_64 1.0-1 0.98 21.37 22.35 NOTE
r-patched-solaris-sparc 1.0-1 253.50 NOTE
r-patched-solaris-x86 1.0-1 58.90 NOTE
r-release-linux-ix86 1.0-1 1.34 31.22 32.56 NOTE
r-release-linux-x86_64 1.0-1 0.96 21.24 22.21 NOTE
r-release-osx-x86_64-mavericks 1.0-1 OK
r-release-osx-x86_64-snowleopard 1.0-1 OK
r-release-windows-ix86+x86_64 1.0-1 5.00 39.00 44.00 NOTE
r-oldrel-windows-ix86+x86_64 1.0-1 4.00 36.00 40.00 OK

Check Details

Version: 1.0-1
Check: R code for possible problems
Result: NOTE
    ebayesthresh.wavelet.wd: no visible global function definition for
     ‘ebayesthresh’
    hfdenoise: no visible global function definition for
     ‘ebayesthresh.wavelet’
    negloglik.laplace: no visible global function definition for ‘wfromt’
    negloglik.laplace: no visible global function definition for
     ‘beta.laplace’
    wandafromx: no visible global function definition for ‘wfromt’
Flavors: r-devel-linux-x86_64-debian-clang, r-devel-linux-x86_64-debian-gcc, r-devel-linux-x86_64-fedora-clang, r-devel-linux-x86_64-fedora-gcc, r-devel-osx-x86_64-clang, r-devel-windows-ix86+x86_64, r-patched-linux-x86_64, r-patched-solaris-sparc, r-patched-solaris-x86, r-release-linux-ix86, r-release-linux-x86_64, r-release-windows-ix86+x86_64