CRAN Package Check Results for Package binneR

Last updated on 2019-03-20 08:48:20 CET.

Flavor Version Tinstall Tcheck Ttotal Status Flags
r-devel-linux-x86_64-debian-clang 2.0.10 9.59 92.89 102.48 NOTE
r-devel-linux-x86_64-debian-gcc 2.0.10 8.82 69.44 78.26 NOTE
r-devel-linux-x86_64-fedora-clang 2.0.11 123.64 NOTE
r-devel-linux-x86_64-fedora-gcc 2.0.11 116.11 NOTE
r-devel-windows-ix86+x86_64 2.0.11 19.00 6.00 25.00 ERROR
r-patched-linux-x86_64 2.0.10 7.11 86.77 93.88 NOTE
r-release-linux-x86_64 2.0.10 7.17 85.18 92.35 NOTE
r-release-windows-ix86+x86_64 2.0.10 10.00 118.00 128.00 NOTE
r-release-osx-x86_64 2.0.10 ERROR
r-oldrel-windows-ix86+x86_64 2.0.11 3.00 5.00 8.00 ERROR
r-oldrel-osx-x86_64 2.0.10 NOTE

Check Details

Version: 2.0.10
Check: package dependencies
Result: NOTE
    Package suggested but not available for checking: 'metaboData'
Flavors: r-devel-linux-x86_64-debian-clang, r-devel-linux-x86_64-debian-gcc, r-patched-linux-x86_64, r-release-linux-x86_64, r-release-windows-ix86+x86_64, r-oldrel-osx-x86_64

Version: 2.0.11
Check: package dependencies
Result: NOTE
    Package suggested but not available for checking: ‘metaboData’
Flavors: r-devel-linux-x86_64-fedora-clang, r-devel-linux-x86_64-fedora-gcc, r-devel-windows-ix86+x86_64, r-oldrel-windows-ix86+x86_64

Version: 2.0.11
Check: whether package can be installed
Result: ERROR
    Installation failed.
Flavors: r-devel-windows-ix86+x86_64, r-oldrel-windows-ix86+x86_64

Version: 2.0.10
Check: package dependencies
Result: ERROR
    Package required but not available: ‘mzR’
    
    Package suggested but not available for checking: ‘metaboData’
    
    See section ‘The DESCRIPTION file’ in the ‘Writing R Extensions’
    manual.
Flavor: r-release-osx-x86_64