CRAN Package Check Results for Package binom

Last updated on 2014-04-25 05:47:12.

Flavor Version Tinstall Tcheck Ttotal Status Flags
r-devel-linux-x86_64-debian-clang 1.1-1 1.09 20.64 21.73 OK
r-devel-linux-x86_64-debian-gcc 1.1-1 1.08 20.84 21.92 OK
r-devel-linux-x86_64-fedora-clang 1.1-1 45.39 OK
r-devel-linux-x86_64-fedora-gcc 1.1-1 41.52 OK
r-devel-osx-x86_64-clang 1.1-1 37.56 OK
r-devel-osx-x86_64-gcc 1.1-1 ERROR
r-devel-windows-ix86+x86_64 1.1-1 5.00 39.00 44.00 OK
r-patched-linux-x86_64 1.1-1 1.08 20.65 21.73 OK
r-patched-solaris-sparc 1.1-1 235.80 OK
r-patched-solaris-x86 1.1-1 56.80 OK
r-release-linux-ix86 1.1-1 2.00 38.00 40.00 OK
r-release-linux-x86_64 1.1-1 1.09 21.39 22.48 OK
r-release-osx-x86_64-mavericks 1.1-1 WARN
r-release-osx-x86_64-snowleopard 1.1-1 OK
r-release-windows-ix86+x86_64 1.1-1 5.00 44.00 49.00 OK
r-oldrel-windows-ix86+x86_64 1.1-1 7.00 41.00 48.00 OK

Check Details

Version: 1.1-1
Check: package dependencies
Result: NOTE
    Package suggested but not available for checking: ‘ggplot2’
Flavor: r-devel-osx-x86_64-gcc

Version: 1.1-1
Check: R code for possible problems
Result: NOTE
    binom.bayes.densityplot: no visible global function definition for
     ‘ggplot’
    binom.bayes.densityplot: no visible global function definition for
     ‘aes_string’
    binom.bayes.densityplot: no visible global function definition for
     ‘geom_polygon’
    binom.bayes.densityplot: no visible global function definition for
     ‘facet_wrap’
    binom.bayes.densityplot: no visible global function definition for
     ‘xlim’
    binom.bayes.densityplot: no visible global function definition for
     ‘xlab’
    binom.bayes.densityplot: no visible global function definition for
     ‘ylim’
    binom.bayes.densityplot: no visible global function definition for
     ‘ylab’
    binom.bayes.densityplot: no visible global function definition for
     ‘theme_bw’
Flavor: r-devel-osx-x86_64-gcc

Version: 1.1-1
Check: examples
Result: ERROR
    Running examples in ‘binom-Ex.R’ failed
    The error most likely occurred in:
    
    > ### Name: binom.bayes
    > ### Title: Binomial confidence intervals using Bayesian inference
    > ### Aliases: binom.bayes binom.bayes.densityplot
    > ### Keywords: univar htest models
    >
    > ### ** Examples
    >
    > # Example using highest probability density.
    > hpd <- binom.bayes(
    + x = 0:10, n = 10, type = "highest", conf.level = 0.8, tol = 1e-9)
    > print(hpd)
     method x n shape1 shape2 mean lower upper sig
    1 bayes 0 10 0.5 10.5 0.04545455 0.000000000 0.0769566 0.2
    2 bayes 1 10 1.5 9.5 0.13636364 0.003771457 0.2145408 0.2
    3 bayes 2 10 2.5 8.5 0.22727273 0.053633312 0.3494770 0.2
    4 bayes 3 10 3.5 7.5 0.31818182 0.127646004 0.4728042 0.2
    5 bayes 4 10 4.5 6.5 0.40909091 0.214091147 0.5858428 0.2
    6 bayes 5 10 5.5 5.5 0.50000000 0.309892028 0.6901080 0.2
    7 bayes 6 10 6.5 4.5 0.59090909 0.414157185 0.7859089 0.2
    8 bayes 7 10 7.5 3.5 0.68181818 0.527195809 0.8723540 0.2
    9 bayes 8 10 8.5 2.5 0.77272727 0.650522982 0.9463667 0.2
    10 bayes 9 10 9.5 1.5 0.86363636 0.785459228 0.9962285 0.2
    11 bayes 10 10 10.5 0.5 0.95454545 0.923043403 1.0000000 0.2
    > binom.bayes.densityplot(hpd)
    Loading required package: ggplot2
    Warning in library(package, lib.loc = lib.loc, character.only = TRUE, logical.return = TRUE, :
     there is no package called ‘ggplot2’
    Error: require(ggplot2) is not TRUE
    Execution halted
Flavor: r-devel-osx-x86_64-gcc

Version: 1.1-1
Check: PDF version of manual
Result: WARNING
    LaTeX errors when creating PDF version.
    This typically indicates Rd problems.
    LaTeX errors found:
    ! LaTeX Error: File `upquote.sty' not found.
    
    Type X to quit or <RETURN> to proceed,
    or enter new name. (Default extension: sty)
    
    3dc1742/Rd2.tex:8: ==> Fatal error occurred, no output PDF file produced!
Flavor: r-release-osx-x86_64-mavericks