CRAN Package Check Results for Package binom

Last updated on 2015-04-19 11:51:01.

Flavor Version Tinstall Tcheck Ttotal Status Flags
r-devel-linux-x86_64-debian-clang 1.1-1 1.06 19.40 20.46 NOTE
r-devel-linux-x86_64-debian-gcc 1.1-1 1.00 19.01 20.00 NOTE
r-devel-linux-x86_64-fedora-clang 1.1-1 39.84 NOTE
r-devel-linux-x86_64-fedora-gcc 1.1-1 37.84 NOTE
r-devel-osx-x86_64-clang 1.1-1 39.52 NOTE
r-devel-windows-ix86+x86_64 1.1-1 8.00 40.00 48.00 NOTE
r-patched-linux-x86_64 1.1-1 0.99 19.10 20.08 NOTE
r-patched-solaris-sparc 1.1-1 232.70 NOTE
r-patched-solaris-x86 1.1-1 46.90 NOTE
r-release-linux-x86_64 1.1-1 0.99 19.07 20.06 NOTE
r-release-osx-x86_64-mavericks 1.1-1 NOTE
r-release-osx-x86_64-snowleopard 1.1-1 ERROR
r-release-windows-ix86+x86_64 1.1-1 4.00 37.00 41.00 NOTE
r-oldrel-windows-ix86+x86_64 1.1-1 5.00 50.00 55.00 NOTE

Check Details

Version: 1.1-1
Check: DESCRIPTION meta-information
Result: NOTE
    Malformed Description field: should contain one or more complete sentences.
Flavors: r-devel-linux-x86_64-debian-clang, r-devel-linux-x86_64-debian-gcc, r-devel-linux-x86_64-fedora-clang, r-devel-linux-x86_64-fedora-gcc, r-devel-osx-x86_64-clang, r-devel-windows-ix86+x86_64, r-patched-linux-x86_64, r-patched-solaris-sparc, r-patched-solaris-x86, r-release-linux-x86_64, r-release-osx-x86_64-mavericks, r-release-osx-x86_64-snowleopard, r-release-windows-ix86+x86_64

Version: 1.1-1
Check: dependencies in R code
Result: NOTE
    'library' or 'require' calls in package code:
     ‘ggplot2’ ‘lattice’ ‘polynom’ ‘tcltk’
     Please use :: or requireNamespace() instead.
     See section 'Suggested packages' in the 'Writing R Extensions' manual.
Flavors: r-devel-linux-x86_64-debian-clang, r-devel-linux-x86_64-debian-gcc, r-devel-linux-x86_64-fedora-clang, r-devel-linux-x86_64-fedora-gcc, r-devel-osx-x86_64-clang, r-devel-windows-ix86+x86_64, r-patched-linux-x86_64, r-patched-solaris-sparc, r-patched-solaris-x86, r-release-linux-x86_64, r-release-osx-x86_64-mavericks, r-release-osx-x86_64-snowleopard, r-release-windows-ix86+x86_64, r-oldrel-windows-ix86+x86_64

Version: 1.1-1
Check: R code for possible problems
Result: NOTE
    binom.bayes.densityplot: no visible global function definition for
     ‘ggplot’
    binom.bayes.densityplot: no visible global function definition for
     ‘aes_string’
    binom.bayes.densityplot: no visible global function definition for
     ‘geom_polygon’
    binom.bayes.densityplot: no visible global function definition for
     ‘facet_wrap’
    binom.bayes.densityplot: no visible global function definition for
     ‘xlim’
    binom.bayes.densityplot: no visible global function definition for
     ‘xlab’
    binom.bayes.densityplot: no visible global function definition for
     ‘ylim’
    binom.bayes.densityplot: no visible global function definition for
     ‘ylab’
    binom.bayes.densityplot: no visible global function definition for
     ‘theme_bw’
    binom.profile: no visible global function definition for ‘xyplot’
    binom.profile : <anonymous>: no visible global function definition for
     ‘panel.xyplot’
    binom.profile : <anonymous>: no visible global function definition for
     ‘llines’
    binom.profile : <anonymous>: no visible global function definition for
     ‘ltext’
    integrate.poly: no visible global function definition for ‘polynomial’
    integrate.poly: no visible global function definition for ‘integral’
    panel.binom.lrt: no visible global function definition for
     ‘panel.xyplot’
    panel.binom.lrt: no visible global function definition for
     ‘current.panel.limits’
    panel.binom.lrt: no visible global function definition for ‘llines’
    panel.binom.lrt: no visible global function definition for ‘ltext’
    panel.binom.lrt: no visible global function definition for ‘lpoints’
    panel.binom.plot.levelplot: no visible global function definition for
     ‘panel.levelplot’
    panel.binom.plot.levelplot: no visible global function definition for
     ‘lpolygon’
    panel.binom.plot.xyplot: no visible global function definition for
     ‘panel.abline’
    panel.binom.plot.xyplot: no visible global function definition for
     ‘panel.xyplot’
    tkbinom.power: no visible global function definition for
     ‘trellis.par.set’
    tkbinom.power: no visible global function definition for ‘col.whitebg’
    tkbinom.power : <local>: no visible global function definition for
     ‘tclVar’
    tkbinom.power : <local>: no visible binding for global variable
     ‘tclVar’
    tkbinom.power : <local>: no visible global function definition for
     ‘trellis.par.get’
    tkbinom.power : <local> : replot: no visible global function definition
     for ‘tclObj’
    tkbinom.power : <local> : replot: no visible global function definition
     for ‘xyplot’
    tkbinom.power : <local> : replot : <anonymous>: no visible global
     function definition for ‘llines’
    tkbinom.power : <local> : replot : <anonymous>: no visible global
     function definition for ‘panel.abline’
    tkbinom.power : <local> : replot : <anonymous>: no visible global
     function definition for ‘tclObj’
    tkbinom.power : <local> : replot.maybe: no visible global function
     definition for ‘tclObj’
    tkbinom.power : <local>: no visible global function definition for
     ‘tktoplevel’
    tkbinom.power : <local>: no visible global function definition for
     ‘tkwm.title’
    tkbinom.power : <local>: no visible global function definition for
     ‘tkframe’
    tkbinom.power : <local>: no visible global function definition for
     ‘tkpack’
    tkbinom.power : <local>: no visible global function definition for
     ‘tklabel’
    tkbinom.power : <local>: no visible global function definition for
     ‘tkradiobutton’
    tkbinom.power : <local>: no visible global function definition for
     ‘tkcheckbutton’
    tkbinom.power : <local>: no visible global function definition for
     ‘tkscale’
    tkbinom.power : <local>: no visible global function definition for
     ‘tkbutton’
    tkbinom.power : <local> : <anonymous>: no visible global function
     definition for ‘tkdestroy’
    tkbinom.power2: no visible global function definition for
     ‘trellis.par.set’
    tkbinom.power2: no visible global function definition for ‘col.whitebg’
    tkbinom.power2 : <local>: no visible global function definition for
     ‘tclVar’
    tkbinom.power2 : <local>: no visible binding for global variable
     ‘tclVar’
    tkbinom.power2 : <local> : replot: no visible global function
     definition for ‘tclObj’
    tkbinom.power2 : <local> : replot.maybe: no visible global function
     definition for ‘tclObj’
    tkbinom.power2 : <local>: no visible global function definition for
     ‘tktoplevel’
    tkbinom.power2 : <local>: no visible global function definition for
     ‘tkwm.title’
    tkbinom.power2 : <local>: no visible global function definition for
     ‘tkframe’
    tkbinom.power2 : <local>: no visible global function definition for
     ‘tkpack’
    tkbinom.power2 : <local>: no visible global function definition for
     ‘tklabel’
    tkbinom.power2 : <local>: no visible global function definition for
     ‘tkradiobutton’
    tkbinom.power2 : <local>: no visible global function definition for
     ‘tkcheckbutton’
    tkbinom.power2 : <local>: no visible global function definition for
     ‘tkscale’
    tkbinom.power2 : <local>: no visible global function definition for
     ‘tkbutton’
    tkbinom.power2 : <local> : <anonymous>: no visible global function
     definition for ‘tkdestroy’
Flavors: r-devel-linux-x86_64-debian-clang, r-devel-linux-x86_64-debian-gcc, r-devel-linux-x86_64-fedora-clang, r-devel-linux-x86_64-fedora-gcc, r-devel-osx-x86_64-clang, r-devel-windows-ix86+x86_64, r-patched-linux-x86_64, r-patched-solaris-sparc, r-patched-solaris-x86, r-release-linux-x86_64, r-release-osx-x86_64-mavericks, r-release-osx-x86_64-snowleopard, r-release-windows-ix86+x86_64, r-oldrel-windows-ix86+x86_64

Version: 1.1-1
Check: package dependencies
Result: NOTE
    Package suggested but not available for checking: ‘ggplot2’
Flavor: r-release-osx-x86_64-snowleopard

Version: 1.1-1
Check: examples
Result: ERROR
    Running examples in ‘binom-Ex.R’ failed
    The error most likely occurred in:
    
    > ### Name: binom.bayes
    > ### Title: Binomial confidence intervals using Bayesian inference
    > ### Aliases: binom.bayes binom.bayes.densityplot
    > ### Keywords: univar htest models
    >
    > ### ** Examples
    >
    > # Example using highest probability density.
    > hpd <- binom.bayes(
    + x = 0:10, n = 10, type = "highest", conf.level = 0.8, tol = 1e-9)
    > print(hpd)
     method x n shape1 shape2 mean lower upper sig
    1 bayes 0 10 0.5 10.5 0.04545455 0.000000000 0.0769566 0.2
    2 bayes 1 10 1.5 9.5 0.13636364 0.003771457 0.2145408 0.2
    3 bayes 2 10 2.5 8.5 0.22727273 0.053633312 0.3494770 0.2
    4 bayes 3 10 3.5 7.5 0.31818182 0.127646004 0.4728042 0.2
    5 bayes 4 10 4.5 6.5 0.40909091 0.214091147 0.5858428 0.2
    6 bayes 5 10 5.5 5.5 0.50000000 0.309892028 0.6901080 0.2
    7 bayes 6 10 6.5 4.5 0.59090909 0.414157185 0.7859089 0.2
    8 bayes 7 10 7.5 3.5 0.68181818 0.527195809 0.8723540 0.2
    9 bayes 8 10 8.5 2.5 0.77272727 0.650522982 0.9463667 0.2
    10 bayes 9 10 9.5 1.5 0.86363636 0.785459228 0.9962285 0.2
    11 bayes 10 10 10.5 0.5 0.95454545 0.923043403 1.0000000 0.2
    > binom.bayes.densityplot(hpd)
    Loading required package: ggplot2
    Warning in library(package, lib.loc = lib.loc, character.only = TRUE, logical.return = TRUE, :
     there is no package called ‘ggplot2’
    Error: require(ggplot2) is not TRUE
    Execution halted
Flavor: r-release-osx-x86_64-snowleopard