CRAN Package Check Results for Package binom

Last updated on 2015-08-28 21:46:33.

Flavor Version Tinstall Tcheck Ttotal Status Flags
r-devel-linux-x86_64-debian-clang 1.1-1 0.91 18.61 19.52 NOTE
r-devel-linux-x86_64-debian-gcc 1.1-1 0.94 18.44 19.38 NOTE
r-devel-linux-x86_64-fedora-clang 1.1-1 38.07 NOTE
r-devel-linux-x86_64-fedora-gcc 1.1-1 35.36 NOTE
r-devel-osx-x86_64-clang 1.1-1 32.66 NOTE
r-devel-windows-ix86+x86_64 1.1-1 11.00 42.00 53.00 NOTE
r-patched-linux-x86_64 1.1-1 1.08 19.31 20.39 NOTE
r-patched-solaris-sparc 1.1-1 225.60 NOTE
r-patched-solaris-x86 1.1-1 47.30 NOTE
r-release-linux-x86_64 1.1-1 1.04 19.32 20.36 NOTE
r-release-osx-x86_64-mavericks 1.1-1 NOTE
r-release-windows-ix86+x86_64 1.1-1 8.00 43.00 51.00 NOTE
r-oldrel-windows-ix86+x86_64 1.1-1 10.00 48.00 58.00 NOTE

Check Details

Version: 1.1-1
Check: DESCRIPTION meta-information
Result: NOTE
    Malformed Description field: should contain one or more complete sentences.
Flavors: r-devel-linux-x86_64-debian-clang, r-devel-linux-x86_64-debian-gcc, r-devel-linux-x86_64-fedora-clang, r-devel-linux-x86_64-fedora-gcc, r-devel-osx-x86_64-clang, r-devel-windows-ix86+x86_64, r-patched-linux-x86_64, r-patched-solaris-sparc, r-patched-solaris-x86, r-release-linux-x86_64, r-release-osx-x86_64-mavericks, r-release-windows-ix86+x86_64

Version: 1.1-1
Check: dependencies in R code
Result: NOTE
    'library' or 'require' calls in package code:
     ‘ggplot2’ ‘lattice’ ‘polynom’ ‘tcltk’
     Please use :: or requireNamespace() instead.
     See section 'Suggested packages' in the 'Writing R Extensions' manual.
Flavors: r-devel-linux-x86_64-debian-clang, r-devel-linux-x86_64-debian-gcc, r-devel-linux-x86_64-fedora-clang, r-devel-linux-x86_64-fedora-gcc, r-devel-osx-x86_64-clang, r-devel-windows-ix86+x86_64, r-patched-linux-x86_64, r-patched-solaris-sparc, r-patched-solaris-x86, r-release-linux-x86_64, r-release-osx-x86_64-mavericks, r-release-windows-ix86+x86_64, r-oldrel-windows-ix86+x86_64

Version: 1.1-1
Check: R code for possible problems
Result: NOTE
    binom.bayes: no visible global function definition for ‘qbeta’
    binom.bayes: no visible global function definition for ‘pbeta’
    binom.bayes.densityplot: no visible global function definition for
     ‘ggplot’
    binom.bayes.densityplot: no visible global function definition for
     ‘aes_string’
    binom.bayes.densityplot: no visible global function definition for
     ‘geom_polygon’
    binom.bayes.densityplot: no visible global function definition for
     ‘facet_wrap’
    binom.bayes.densityplot: no visible global function definition for
     ‘xlim’
    binom.bayes.densityplot: no visible global function definition for
     ‘xlab’
    binom.bayes.densityplot: no visible global function definition for
     ‘ylim’
    binom.bayes.densityplot: no visible global function definition for
     ‘ylab’
    binom.bayes.densityplot: no visible global function definition for
     ‘theme_bw’
    binom.confint: no visible global function definition for ‘qnorm’
    binom.confint: no visible global function definition for ‘qbeta’
    binom.confint: no visible global function definition for ‘pnorm’
    binom.coverage: no visible global function definition for ‘find’
    binom.coverage: no visible global function definition for ‘aggregate’
    binom.length : expect.length: no visible global function definition for
     ‘dbinom’
    binom.lrt: no visible global function definition for ‘qnorm’
    binom.optim: no visible global function definition for ‘binomial’
    binom.optim: no visible global function definition for ‘optim’
    binom.plot : E.pn: no visible global function definition for ‘dbinom’
    binom.plot: no visible global function definition for ‘heat.colors’
    binom.plot: no visible global function definition for ‘aggregate’
    binom.power: no visible global function definition for ‘qnorm’
    binom.power: no visible global function definition for ‘pnorm’
    binom.power: no visible global function definition for ‘pbeta’
    binom.profile: no visible global function definition for ‘binomial’
    binom.profile: no visible global function definition for ‘qnorm’
    binom.profile: no visible global function definition for ‘spline’
    binom.profile: no visible global function definition for ‘approx’
    binom.profile: no visible global function definition for ‘xyplot’
    binom.profile : <anonymous>: no visible global function definition for
     ‘spline’
    binom.profile : <anonymous>: no visible global function definition for
     ‘panel.xyplot’
    binom.profile : <anonymous>: no visible global function definition for
     ‘qnorm’
    binom.profile : <anonymous>: no visible global function definition for
     ‘llines’
    binom.profile : <anonymous>: no visible global function definition for
     ‘ltext’
    binom.sim: no visible global function definition for ‘rbinom’
    build.density.data: no visible global function definition for ‘dbeta’
    build.density.data: no visible global function definition for ‘reorder’
    cloglog.sample.size : compute.power: no visible global function
     definition for ‘pnorm’
    cloglog.sample.size : compute.delta: no visible global function
     definition for ‘pnorm’
    cloglog.sample.size : compute.delta: no visible global function
     definition for ‘uniroot’
    cloglog.sample.size: no visible global function definition for ‘qnorm’
    integrate.poly: no visible global function definition for ‘polynomial’
    integrate.poly: no visible global function definition for ‘predict’
    integrate.poly: no visible global function definition for ‘integral’
    integrate.poly : pbeta2: no visible binding for global variable ‘pbeta’
    panel.binom.lrt: no visible global function definition for ‘spline’
    panel.binom.lrt: no visible global function definition for
     ‘panel.xyplot’
    panel.binom.lrt: no visible global function definition for
     ‘current.panel.limits’
    panel.binom.lrt: no visible global function definition for ‘llines’
    panel.binom.lrt: no visible global function definition for ‘ltext’
    panel.binom.lrt: no visible global function definition for ‘lpoints’
    panel.binom.lrt: no visible global function definition for ‘qnorm’
    panel.binom.plot.levelplot: no visible global function definition for
     ‘panel.levelplot’
    panel.binom.plot.levelplot: no visible global function definition for
     ‘lpolygon’
    panel.binom.plot.xyplot: no visible global function definition for
     ‘panel.abline’
    panel.binom.plot.xyplot: no visible global function definition for
     ‘panel.xyplot’
    tkbinom.power: no visible global function definition for
     ‘trellis.par.set’
    tkbinom.power: no visible global function definition for ‘col.whitebg’
    tkbinom.power : <local>: no visible global function definition for
     ‘tclVar’
    tkbinom.power : <local>: no visible binding for global variable
     ‘tclVar’
    tkbinom.power : <local>: no visible global function definition for
     ‘trellis.par.get’
    tkbinom.power : <local> : replot: no visible global function definition
     for ‘tclObj’
    tkbinom.power : <local> : replot: no visible global function definition
     for ‘xyplot’
    tkbinom.power : <local> : replot : <anonymous>: no visible global
     function definition for ‘llines’
    tkbinom.power : <local> : replot : <anonymous>: no visible global
     function definition for ‘panel.abline’
    tkbinom.power : <local> : replot : <anonymous>: no visible global
     function definition for ‘tclObj’
    tkbinom.power : <local> : replot.maybe: no visible global function
     definition for ‘tclObj’
    tkbinom.power : <local>: no visible global function definition for
     ‘tktoplevel’
    tkbinom.power : <local>: no visible global function definition for
     ‘tkwm.title’
    tkbinom.power : <local>: no visible global function definition for
     ‘tkframe’
    tkbinom.power : <local>: no visible global function definition for
     ‘tkpack’
    tkbinom.power : <local>: no visible global function definition for
     ‘tklabel’
    tkbinom.power : <local>: no visible global function definition for
     ‘tkradiobutton’
    tkbinom.power : <local>: no visible global function definition for
     ‘tkcheckbutton’
    tkbinom.power : <local>: no visible global function definition for
     ‘tkscale’
    tkbinom.power : <local>: no visible global function definition for
     ‘tkbutton’
    tkbinom.power : <local> : <anonymous>: no visible global function
     definition for ‘tkdestroy’
    tkbinom.power2: no visible global function definition for
     ‘trellis.par.set’
    tkbinom.power2: no visible global function definition for ‘col.whitebg’
    tkbinom.power2 : <local>: no visible global function definition for
     ‘tclVar’
    tkbinom.power2 : <local>: no visible binding for global variable
     ‘tclVar’
    tkbinom.power2 : <local> : replot: no visible global function
     definition for ‘tclObj’
    tkbinom.power2 : <local> : replot: no visible global function
     definition for ‘plot’
    tkbinom.power2 : <local> : replot: no visible global function
     definition for ‘axis’
    tkbinom.power2 : <local> : replot: no visible global function
     definition for ‘box’
    tkbinom.power2 : <local> : replot: no visible global function
     definition for ‘lines’
    tkbinom.power2 : <local> : replot: no visible global function
     definition for ‘abline’
    tkbinom.power2 : <local> : replot: no visible global function
     definition for ‘legend’
    tkbinom.power2 : <local> : replot.maybe: no visible global function
     definition for ‘tclObj’
    tkbinom.power2 : <local>: no visible global function definition for
     ‘tktoplevel’
    tkbinom.power2 : <local>: no visible global function definition for
     ‘tkwm.title’
    tkbinom.power2 : <local>: no visible global function definition for
     ‘tkframe’
    tkbinom.power2 : <local>: no visible global function definition for
     ‘tkpack’
    tkbinom.power2 : <local>: no visible global function definition for
     ‘tklabel’
    tkbinom.power2 : <local>: no visible global function definition for
     ‘tkradiobutton’
    tkbinom.power2 : <local>: no visible global function definition for
     ‘tkcheckbutton’
    tkbinom.power2 : <local>: no visible global function definition for
     ‘tkscale’
    tkbinom.power2 : <local>: no visible global function definition for
     ‘tkbutton’
    tkbinom.power2 : <local> : <anonymous>: no visible global function
     definition for ‘tkdestroy’
    var.probit: no visible global function definition for ‘qnorm’
    var.probit: no visible global function definition for ‘dnorm’
    Undefined global functions or variables:
     abline aes_string aggregate approx axis binomial box col.whitebg
     current.panel.limits dbeta dbinom dnorm facet_wrap find geom_polygon
     ggplot heat.colors integral legend lines llines lpoints lpolygon
     ltext optim panel.abline panel.levelplot panel.xyplot pbeta plot
     pnorm polynomial predict qbeta qnorm rbinom reorder spline tclObj
     tclVar theme_bw tkbutton tkcheckbutton tkdestroy tkframe tklabel
     tkpack tkradiobutton tkscale tktoplevel tkwm.title trellis.par.get
     trellis.par.set uniroot xlab xlim xyplot ylab ylim
    Consider adding
     importFrom("grDevices", "heat.colors")
     importFrom("graphics", "abline", "axis", "box", "legend", "lines",
     "plot")
     importFrom("stats", "aggregate", "approx", "binomial", "dbeta",
     "dbinom", "dnorm", "optim", "pbeta", "pnorm", "predict",
     "qbeta", "qnorm", "rbinom", "reorder", "spline", "uniroot")
     importFrom("utils", "find")
    to your NAMESPACE.
Flavors: r-devel-linux-x86_64-debian-clang, r-devel-linux-x86_64-debian-gcc, r-devel-linux-x86_64-fedora-clang, r-devel-linux-x86_64-fedora-gcc, r-devel-windows-ix86+x86_64

Version: 1.1-1
Check: R code for possible problems
Result: NOTE
    binom.bayes.densityplot: no visible global function definition for
     ‘ggplot’
    binom.bayes.densityplot: no visible global function definition for
     ‘aes_string’
    binom.bayes.densityplot: no visible global function definition for
     ‘geom_polygon’
    binom.bayes.densityplot: no visible global function definition for
     ‘facet_wrap’
    binom.bayes.densityplot: no visible global function definition for
     ‘xlim’
    binom.bayes.densityplot: no visible global function definition for
     ‘xlab’
    binom.bayes.densityplot: no visible global function definition for
     ‘ylim’
    binom.bayes.densityplot: no visible global function definition for
     ‘ylab’
    binom.bayes.densityplot: no visible global function definition for
     ‘theme_bw’
    binom.profile: no visible global function definition for ‘xyplot’
    binom.profile : <anonymous>: no visible global function definition for
     ‘panel.xyplot’
    binom.profile : <anonymous>: no visible global function definition for
     ‘llines’
    binom.profile : <anonymous>: no visible global function definition for
     ‘ltext’
    integrate.poly: no visible global function definition for ‘polynomial’
    integrate.poly: no visible global function definition for ‘integral’
    panel.binom.lrt: no visible global function definition for
     ‘panel.xyplot’
    panel.binom.lrt: no visible global function definition for
     ‘current.panel.limits’
    panel.binom.lrt: no visible global function definition for ‘llines’
    panel.binom.lrt: no visible global function definition for ‘ltext’
    panel.binom.lrt: no visible global function definition for ‘lpoints’
    panel.binom.plot.levelplot: no visible global function definition for
     ‘panel.levelplot’
    panel.binom.plot.levelplot: no visible global function definition for
     ‘lpolygon’
    panel.binom.plot.xyplot: no visible global function definition for
     ‘panel.abline’
    panel.binom.plot.xyplot: no visible global function definition for
     ‘panel.xyplot’
    tkbinom.power: no visible global function definition for
     ‘trellis.par.set’
    tkbinom.power: no visible global function definition for ‘col.whitebg’
    tkbinom.power : <local>: no visible global function definition for
     ‘tclVar’
    tkbinom.power : <local>: no visible binding for global variable
     ‘tclVar’
    tkbinom.power : <local>: no visible global function definition for
     ‘trellis.par.get’
    tkbinom.power : <local> : replot: no visible global function definition
     for ‘tclObj’
    tkbinom.power : <local> : replot: no visible global function definition
     for ‘xyplot’
    tkbinom.power : <local> : replot : <anonymous>: no visible global
     function definition for ‘llines’
    tkbinom.power : <local> : replot : <anonymous>: no visible global
     function definition for ‘panel.abline’
    tkbinom.power : <local> : replot : <anonymous>: no visible global
     function definition for ‘tclObj’
    tkbinom.power : <local> : replot.maybe: no visible global function
     definition for ‘tclObj’
    tkbinom.power : <local>: no visible global function definition for
     ‘tktoplevel’
    tkbinom.power : <local>: no visible global function definition for
     ‘tkwm.title’
    tkbinom.power : <local>: no visible global function definition for
     ‘tkframe’
    tkbinom.power : <local>: no visible global function definition for
     ‘tkpack’
    tkbinom.power : <local>: no visible global function definition for
     ‘tklabel’
    tkbinom.power : <local>: no visible global function definition for
     ‘tkradiobutton’
    tkbinom.power : <local>: no visible global function definition for
     ‘tkcheckbutton’
    tkbinom.power : <local>: no visible global function definition for
     ‘tkscale’
    tkbinom.power : <local>: no visible global function definition for
     ‘tkbutton’
    tkbinom.power : <local> : <anonymous>: no visible global function
     definition for ‘tkdestroy’
    tkbinom.power2: no visible global function definition for
     ‘trellis.par.set’
    tkbinom.power2: no visible global function definition for ‘col.whitebg’
    tkbinom.power2 : <local>: no visible global function definition for
     ‘tclVar’
    tkbinom.power2 : <local>: no visible binding for global variable
     ‘tclVar’
    tkbinom.power2 : <local> : replot: no visible global function
     definition for ‘tclObj’
    tkbinom.power2 : <local> : replot.maybe: no visible global function
     definition for ‘tclObj’
    tkbinom.power2 : <local>: no visible global function definition for
     ‘tktoplevel’
    tkbinom.power2 : <local>: no visible global function definition for
     ‘tkwm.title’
    tkbinom.power2 : <local>: no visible global function definition for
     ‘tkframe’
    tkbinom.power2 : <local>: no visible global function definition for
     ‘tkpack’
    tkbinom.power2 : <local>: no visible global function definition for
     ‘tklabel’
    tkbinom.power2 : <local>: no visible global function definition for
     ‘tkradiobutton’
    tkbinom.power2 : <local>: no visible global function definition for
     ‘tkcheckbutton’
    tkbinom.power2 : <local>: no visible global function definition for
     ‘tkscale’
    tkbinom.power2 : <local>: no visible global function definition for
     ‘tkbutton’
    tkbinom.power2 : <local> : <anonymous>: no visible global function
     definition for ‘tkdestroy’
    Undefined global functions or variables:
     aes_string col.whitebg current.panel.limits facet_wrap geom_polygon
     ggplot integral llines lpoints lpolygon ltext panel.abline
     panel.levelplot panel.xyplot polynomial tclObj tclVar theme_bw
     tkbutton tkcheckbutton tkdestroy tkframe tklabel tkpack tkradiobutton
     tkscale tktoplevel tkwm.title trellis.par.get trellis.par.set xlab
     xlim xyplot ylab ylim
Flavor: r-devel-osx-x86_64-clang

Version: 1.1-1
Check: R code for possible problems
Result: NOTE
    binom.bayes.densityplot: no visible global function definition for
     ‘ggplot’
    binom.bayes.densityplot: no visible global function definition for
     ‘aes_string’
    binom.bayes.densityplot: no visible global function definition for
     ‘geom_polygon’
    binom.bayes.densityplot: no visible global function definition for
     ‘facet_wrap’
    binom.bayes.densityplot: no visible global function definition for
     ‘xlim’
    binom.bayes.densityplot: no visible global function definition for
     ‘xlab’
    binom.bayes.densityplot: no visible global function definition for
     ‘ylim’
    binom.bayes.densityplot: no visible global function definition for
     ‘ylab’
    binom.bayes.densityplot: no visible global function definition for
     ‘theme_bw’
    binom.profile: no visible global function definition for ‘xyplot’
    binom.profile : <anonymous>: no visible global function definition for
     ‘panel.xyplot’
    binom.profile : <anonymous>: no visible global function definition for
     ‘llines’
    binom.profile : <anonymous>: no visible global function definition for
     ‘ltext’
    integrate.poly: no visible global function definition for ‘polynomial’
    integrate.poly: no visible global function definition for ‘integral’
    panel.binom.lrt: no visible global function definition for
     ‘panel.xyplot’
    panel.binom.lrt: no visible global function definition for
     ‘current.panel.limits’
    panel.binom.lrt: no visible global function definition for ‘llines’
    panel.binom.lrt: no visible global function definition for ‘ltext’
    panel.binom.lrt: no visible global function definition for ‘lpoints’
    panel.binom.plot.levelplot: no visible global function definition for
     ‘panel.levelplot’
    panel.binom.plot.levelplot: no visible global function definition for
     ‘lpolygon’
    panel.binom.plot.xyplot: no visible global function definition for
     ‘panel.abline’
    panel.binom.plot.xyplot: no visible global function definition for
     ‘panel.xyplot’
    tkbinom.power: no visible global function definition for
     ‘trellis.par.set’
    tkbinom.power: no visible global function definition for ‘col.whitebg’
    tkbinom.power : <local>: no visible global function definition for
     ‘tclVar’
    tkbinom.power : <local>: no visible binding for global variable
     ‘tclVar’
    tkbinom.power : <local>: no visible global function definition for
     ‘trellis.par.get’
    tkbinom.power : <local> : replot: no visible global function definition
     for ‘tclObj’
    tkbinom.power : <local> : replot: no visible global function definition
     for ‘xyplot’
    tkbinom.power : <local> : replot : <anonymous>: no visible global
     function definition for ‘llines’
    tkbinom.power : <local> : replot : <anonymous>: no visible global
     function definition for ‘panel.abline’
    tkbinom.power : <local> : replot : <anonymous>: no visible global
     function definition for ‘tclObj’
    tkbinom.power : <local> : replot.maybe: no visible global function
     definition for ‘tclObj’
    tkbinom.power : <local>: no visible global function definition for
     ‘tktoplevel’
    tkbinom.power : <local>: no visible global function definition for
     ‘tkwm.title’
    tkbinom.power : <local>: no visible global function definition for
     ‘tkframe’
    tkbinom.power : <local>: no visible global function definition for
     ‘tkpack’
    tkbinom.power : <local>: no visible global function definition for
     ‘tklabel’
    tkbinom.power : <local>: no visible global function definition for
     ‘tkradiobutton’
    tkbinom.power : <local>: no visible global function definition for
     ‘tkcheckbutton’
    tkbinom.power : <local>: no visible global function definition for
     ‘tkscale’
    tkbinom.power : <local>: no visible global function definition for
     ‘tkbutton’
    tkbinom.power : <local> : <anonymous>: no visible global function
     definition for ‘tkdestroy’
    tkbinom.power2: no visible global function definition for
     ‘trellis.par.set’
    tkbinom.power2: no visible global function definition for ‘col.whitebg’
    tkbinom.power2 : <local>: no visible global function definition for
     ‘tclVar’
    tkbinom.power2 : <local>: no visible binding for global variable
     ‘tclVar’
    tkbinom.power2 : <local> : replot: no visible global function
     definition for ‘tclObj’
    tkbinom.power2 : <local> : replot.maybe: no visible global function
     definition for ‘tclObj’
    tkbinom.power2 : <local>: no visible global function definition for
     ‘tktoplevel’
    tkbinom.power2 : <local>: no visible global function definition for
     ‘tkwm.title’
    tkbinom.power2 : <local>: no visible global function definition for
     ‘tkframe’
    tkbinom.power2 : <local>: no visible global function definition for
     ‘tkpack’
    tkbinom.power2 : <local>: no visible global function definition for
     ‘tklabel’
    tkbinom.power2 : <local>: no visible global function definition for
     ‘tkradiobutton’
    tkbinom.power2 : <local>: no visible global function definition for
     ‘tkcheckbutton’
    tkbinom.power2 : <local>: no visible global function definition for
     ‘tkscale’
    tkbinom.power2 : <local>: no visible global function definition for
     ‘tkbutton’
    tkbinom.power2 : <local> : <anonymous>: no visible global function
     definition for ‘tkdestroy’
Flavors: r-patched-linux-x86_64, r-patched-solaris-sparc, r-patched-solaris-x86, r-release-linux-x86_64, r-release-osx-x86_64-mavericks, r-release-windows-ix86+x86_64, r-oldrel-windows-ix86+x86_64