CRAN Package Check Results for Package binr

Last updated on 2024-02-28 04:16:18 CET.

Flavor Version Tinstall Tcheck Ttotal Status Flags
r-devel-linux-x86_64-debian-clang 1.1.1 2.53 25.40 27.93 NOTE
r-devel-linux-x86_64-debian-gcc 1.1.1 1.91 19.44 21.35 NOTE
r-devel-linux-x86_64-fedora-clang 1.1.1 34.03 NOTE
r-devel-linux-x86_64-fedora-gcc 1.1.1 34.70 NOTE
r-devel-windows-x86_64 1.1.1 4.00 44.00 48.00 OK
r-patched-linux-x86_64 1.1.1 2.34 24.69 27.03 OK
r-release-linux-x86_64 1.1.1 2.81 24.44 27.25 OK
r-release-macos-arm64 1.1.1 18.00 OK
r-release-macos-x86_64 1.1.1 23.00 OK
r-release-windows-x86_64 1.1.1 4.00 41.00 45.00 OK
r-oldrel-macos-arm64 1.1.1 16.00 OK
r-oldrel-windows-x86_64 1.1.1 13.00 51.00 64.00 OK

Check Details

Version: 1.1.1
Check: Rd files
Result: NOTE checkRd: (-1) bins.Rd:46: Lost braces in \itemize; \value handles \item{}{} directly checkRd: (-1) bins.Rd:47: Lost braces in \itemize; \value handles \item{}{} directly checkRd: (-1) bins.Rd:48: Lost braces in \itemize; \value handles \item{}{} directly checkRd: (-1) bins.Rd:49: Lost braces in \itemize; \value handles \item{}{} directly checkRd: (-1) bins.Rd:50: Lost braces in \itemize; \value handles \item{}{} directly checkRd: (-1) bins.Rd:51: Lost braces in \itemize; \value handles \item{}{} directly checkRd: (-1) bins.Rd:52: Lost braces in \itemize; \value handles \item{}{} directly checkRd: (-1) bins.Rd:53: Lost braces in \itemize; \value handles \item{}{} directly checkRd: (-1) bins.Rd:54: Lost braces in \itemize; \value handles \item{}{} directly checkRd: (-1) bins.Rd:55: Lost braces in \itemize; \value handles \item{}{} directly checkRd: (-1) bins.greedy.Rd:45: Lost braces in \itemize; \value handles \item{}{} directly checkRd: (-1) bins.greedy.Rd:46: Lost braces in \itemize; \value handles \item{}{} directly checkRd: (-1) bins.greedy.Rd:47: Lost braces in \itemize; \value handles \item{}{} directly checkRd: (-1) bins.greedy.Rd:48: Lost braces in \itemize; \value handles \item{}{} directly checkRd: (-1) bins.greedy.Rd:49: Lost braces in \itemize; \value handles \item{}{} directly checkRd: (-1) bins.optimize.Rd:54: Lost braces in \itemize; \value handles \item{}{} directly checkRd: (-1) bins.optimize.Rd:55: Lost braces in \itemize; \value handles \item{}{} directly checkRd: (-1) bins.optimize.Rd:56: Lost braces in \itemize; \value handles \item{}{} directly checkRd: (-1) bins.optimize.Rd:57: Lost braces in \itemize; \value handles \item{}{} directly checkRd: (-1) bins.optimize.Rd:58: Lost braces in \itemize; \value handles \item{}{} directly checkRd: (-1) bins.optimize.Rd:59: Lost braces in \itemize; \value handles \item{}{} directly checkRd: (-1) bins.optimize.Rd:60: Lost braces in \itemize; \value handles \item{}{} directly checkRd: (-1) bins.optimize.Rd:61: Lost braces in \itemize; \value handles \item{}{} directly checkRd: (-1) bins.optimize.Rd:62: Lost braces in \itemize; \value handles \item{}{} directly checkRd: (-1) bins.optimize.Rd:63: Lost braces in \itemize; \value handles \item{}{} directly Flavors: r-devel-linux-x86_64-debian-clang, r-devel-linux-x86_64-debian-gcc, r-devel-linux-x86_64-fedora-clang, r-devel-linux-x86_64-fedora-gcc