CRAN Package Check Results for Package binspp

Last updated on 2022-08-08 01:52:36 CEST.

Flavor Version Tinstall Tcheck Ttotal Status Flags
r-devel-linux-x86_64-debian-clang 0.1.20 96.37 140.30 236.67 OK
r-devel-linux-x86_64-debian-gcc 0.1.20 79.22 105.32 184.54 OK
r-devel-linux-x86_64-fedora-clang 0.1.20 320.19 OK
r-devel-linux-x86_64-fedora-gcc 0.1.20 303.98 OK
r-devel-windows-x86_64 0.1.20 83.00 186.00 269.00 OK
r-patched-linux-x86_64 0.1.20 70.88 131.86 202.74 OK
r-release-linux-x86_64 0.1.20 63.94 133.31 197.25 OK
r-release-macos-arm64 0.1.20 83.00 WARN
r-release-macos-x86_64 0.1.20 110.00 WARN
r-release-windows-x86_64 0.1.20 82.00 186.00 268.00 OK
r-oldrel-macos-arm64 0.1.20 80.00 WARN
r-oldrel-macos-x86_64 0.1.20 104.00 WARN
r-oldrel-windows-ix86+x86_64 0.1.20 234.00 261.00 495.00 OK

Additional issues

M1mac

Check Details

Version: 0.1.20
Check: installed package size
Result: NOTE
     installed size is 5.7Mb
     sub-directories of 1Mb or more:
     data 1.1Mb
     libs 4.4Mb
Flavors: r-release-macos-arm64, r-release-macos-x86_64, r-oldrel-macos-arm64, r-oldrel-macos-x86_64

Version: 0.1.20
Check: compiled code
Result: WARN
    File ‘binspp/libs/binspp.so’:
     Found ‘___assert_rtn’, possibly from ‘assert’ (C)
     Object: ‘par_updates.o’
    
    Compiled code should not call entry points which might terminate R nor
    write to stdout/stderr instead of to the console, nor use Fortran I/O
    nor system RNGs.
    
    See ‘Writing portable packages’ in the ‘Writing R Extensions’ manual.
Flavors: r-release-macos-arm64, r-release-macos-x86_64, r-oldrel-macos-arm64, r-oldrel-macos-x86_64