CRAN Package Check Results for Package binst

Last updated on 2022-09-27 15:55:01 CEST.

Flavor Version Tinstall Tcheck Ttotal Status Flags
r-devel-linux-x86_64-debian-clang 0.2.1 1.83 26.41 28.24 NOTE
r-devel-linux-x86_64-debian-gcc 0.2.1 1.72 20.59 22.31 NOTE
r-devel-linux-x86_64-fedora-clang 0.2.1 46.66 NOTE
r-devel-linux-x86_64-fedora-gcc 0.2.1 46.31 NOTE
r-devel-windows-x86_64 0.2.1 6.00 54.00 60.00 NOTE
r-patched-linux-x86_64 0.2.1 1.81 25.22 27.03 NOTE
r-release-linux-x86_64 0.2.1 1.34 25.99 27.33 NOTE
r-release-macos-arm64 0.2.1 17.00 NOTE
r-release-macos-x86_64 0.2.1 22.00 NOTE
r-release-windows-x86_64 0.2.1 9.00 50.00 59.00 NOTE
r-oldrel-macos-arm64 0.2.1 18.00 NOTE
r-oldrel-macos-x86_64 0.2.1 30.00 NOTE
r-oldrel-windows-ix86+x86_64 0.2.1 6.00 49.00 55.00 NOTE

Check Details

Version: 0.2.1
Check: LazyData
Result: NOTE
     'LazyData' is specified without a 'data' directory
Flavors: r-devel-linux-x86_64-debian-clang, r-devel-linux-x86_64-debian-gcc, r-devel-linux-x86_64-fedora-clang, r-devel-linux-x86_64-fedora-gcc, r-devel-windows-x86_64, r-patched-linux-x86_64, r-release-linux-x86_64, r-release-macos-arm64, r-release-macos-x86_64, r-release-windows-x86_64, r-oldrel-macos-arm64, r-oldrel-macos-x86_64, r-oldrel-windows-ix86+x86_64