CRAN Package Check Results for Package binst

Last updated on 2023-10-01 12:58:33 CEST.

Flavor Version Tinstall Tcheck Ttotal Status Flags
r-devel-linux-x86_64-debian-clang 0.2.1 2.12 25.19 27.31 NOTE
r-devel-linux-x86_64-debian-gcc 0.2.1 1.75 19.74 21.49 NOTE
r-devel-linux-x86_64-fedora-clang 0.2.1 34.49 NOTE
r-devel-linux-x86_64-fedora-gcc 0.2.1 33.10 NOTE
r-devel-windows-x86_64 0.2.1 3.00 42.00 45.00 NOTE
r-patched-linux-x86_64 0.2.1 2.34 24.61 26.95 NOTE
r-release-linux-x86_64 0.2.1 2.15 25.07 27.22 NOTE
r-release-macos-arm64 0.2.1 19.00 NOTE
r-release-macos-x86_64 0.2.1 22.00 NOTE
r-release-windows-x86_64 0.2.1 4.00 42.00 46.00 NOTE
r-oldrel-macos-arm64 0.2.1 19.00 NOTE
r-oldrel-macos-x86_64 0.2.1 22.00 NOTE
r-oldrel-windows-x86_64 0.2.1 4.00 46.00 50.00 NOTE

Check Details

Version: 0.2.1
Check: LazyData
Result: NOTE
     'LazyData' is specified without a 'data' directory
Flavors: r-devel-linux-x86_64-debian-clang, r-devel-linux-x86_64-debian-gcc, r-devel-linux-x86_64-fedora-clang, r-devel-linux-x86_64-fedora-gcc, r-devel-windows-x86_64, r-patched-linux-x86_64, r-release-linux-x86_64, r-release-macos-arm64, r-release-macos-x86_64, r-release-windows-x86_64, r-oldrel-macos-arm64, r-oldrel-macos-x86_64, r-oldrel-windows-x86_64