CRAN Package Check Results for Package biokNN

Last updated on 2021-12-07 19:49:39 CET.

Flavor Version Tinstall Tcheck Ttotal Status Flags
r-devel-linux-x86_64-debian-clang 0.1.0 5.08 63.24 68.32 OK
r-devel-linux-x86_64-debian-gcc 0.1.0 4.50 47.68 52.18 OK
r-devel-linux-x86_64-fedora-clang 0.1.0 83.86 NOTE
r-devel-linux-x86_64-fedora-gcc 0.1.0 70.37 NOTE
r-devel-windows-x86_64-new-UL 0.1.0 12.00 101.00 113.00 OK
r-devel-windows-x86_64-new-TK 0.1.0 NOTE
r-devel-windows-x86_64-old 0.1.0 11.00 77.00 88.00 OK
r-patched-linux-x86_64 0.1.0 4.94 58.38 63.32 OK
r-release-linux-x86_64 0.1.0 4.12 58.57 62.69 OK
r-release-macos-arm64 0.1.0 NOTE
r-release-macos-x86_64 0.1.0 NOTE
r-release-windows-ix86+x86_64 0.1.0 11.00 78.00 89.00 OK
r-oldrel-macos-x86_64 0.1.0 NOTE
r-oldrel-windows-ix86+x86_64 0.1.0 13.00 75.00 88.00 OK

Check Details

Version: 0.1.0
Check: dependencies in R code
Result: NOTE
    Namespaces in Imports field not imported from:
     ‘desc’ ‘lme4’ ‘mitml’
     All declared Imports should be used.
Flavors: r-devel-linux-x86_64-fedora-clang, r-devel-linux-x86_64-fedora-gcc, r-devel-windows-x86_64-new-TK, r-release-macos-arm64, r-release-macos-x86_64, r-oldrel-macos-x86_64