CRAN Package Check Results for Package biolink

Last updated on 2022-10-04 17:52:37 CEST.

Flavor Version Tinstall Tcheck Ttotal Status Flags
r-devel-linux-x86_64-debian-clang 0.1.7 4.76 50.21 54.97 NOTE
r-devel-linux-x86_64-debian-gcc 0.1.7 4.38 38.01 42.39 NOTE
r-devel-linux-x86_64-fedora-clang 0.1.7 80.06 NOTE
r-devel-linux-x86_64-fedora-gcc 0.1.7 77.54 NOTE
r-devel-windows-x86_64 0.1.7 14.00 76.00 90.00 NOTE
r-patched-linux-x86_64 0.1.7 4.83 47.71 52.54 NOTE
r-release-linux-x86_64 0.1.7 3.97 47.45 51.42 NOTE
r-release-macos-arm64 0.1.7 23.00 NOTE
r-release-macos-x86_64 0.1.7 31.00 NOTE
r-release-windows-x86_64 0.1.7 16.00 77.00 93.00 NOTE
r-oldrel-macos-arm64 0.1.7 30.00 NOTE
r-oldrel-macos-x86_64 0.1.7 38.00 NOTE
r-oldrel-windows-ix86+x86_64 0.1.7 12.00 77.00 89.00 NOTE

Check Details

Version: 0.1.7
Check: LazyData
Result: NOTE
     'LazyData' is specified without a 'data' directory
Flavors: r-devel-linux-x86_64-debian-clang, r-devel-linux-x86_64-debian-gcc, r-devel-linux-x86_64-fedora-clang, r-devel-linux-x86_64-fedora-gcc, r-devel-windows-x86_64, r-patched-linux-x86_64, r-release-linux-x86_64, r-release-macos-arm64, r-release-macos-x86_64, r-release-windows-x86_64, r-oldrel-macos-arm64, r-oldrel-macos-x86_64, r-oldrel-windows-ix86+x86_64