CRAN Package Check Results for Package biom

Last updated on 2014-04-25 05:47:12.

Flavor Version Tinstall Tcheck Ttotal Status Flags
r-devel-linux-x86_64-debian-clang 0.3.12 4.54 53.21 57.75 OK
r-devel-linux-x86_64-debian-gcc 0.3.12 4.13 52.18 56.32 OK
r-devel-linux-x86_64-fedora-clang 0.3.12 134.37 OK
r-devel-linux-x86_64-fedora-gcc 0.3.12 127.48 OK
r-devel-osx-x86_64-clang 0.3.12 96.81 OK
r-devel-osx-x86_64-gcc 0.3.12 NOTE
r-devel-windows-ix86+x86_64 0.3.12 11.00 77.00 88.00 OK
r-patched-linux-x86_64 0.3.12 4.12 51.58 55.70 OK
r-patched-solaris-sparc 0.3.12 701.20 OK
r-patched-solaris-x86 0.3.12 167.10 OK
r-release-linux-ix86 0.3.12 6.00 84.00 90.00 OK
r-release-linux-x86_64 0.3.12 4.33 53.37 57.70 OK
r-release-osx-x86_64-mavericks 0.3.12 WARN
r-release-osx-x86_64-snowleopard 0.3.12 OK
r-release-windows-ix86+x86_64 0.3.12 9.00 75.00 84.00 OK
r-oldrel-windows-ix86+x86_64 0.3.12 14.00 71.00 85.00 OK

Check Details

Version: 0.3.12
Check: package dependencies
Result: NOTE
    Package suggested but not available for checking: ‘knitr’
Flavor: r-devel-osx-x86_64-gcc

Version: 0.3.12
Check: Rd cross-references
Result: NOTE
    Package unavailable to check Rd xrefs: ‘foreach’
Flavors: r-devel-osx-x86_64-gcc, r-release-osx-x86_64-mavericks

Version: 0.3.12
Check: PDF version of manual
Result: WARNING
    LaTeX errors when creating PDF version.
    This typically indicates Rd problems.
    LaTeX errors found:
    ! LaTeX Error: File `upquote.sty' not found.
    
    Type X to quit or <RETURN> to proceed,
    or enter new name. (Default extension: sty)
    
    206b16/Rd2.tex:8: ==> Fatal error occurred, no output PDF file produced!
Flavor: r-release-osx-x86_64-mavericks