CRAN Package Check Results for Package biom

Last updated on 2015-03-03 09:49:30.

Flavor Version Tinstall Tcheck Ttotal Status Flags
r-devel-linux-x86_64-debian-clang 0.3.12 3.46 41.25 44.71 NOTE
r-devel-linux-x86_64-debian-gcc 0.3.12 3.06 39.50 42.56 NOTE
r-devel-linux-x86_64-fedora-clang 0.3.12 94.63 NOTE
r-devel-linux-x86_64-fedora-gcc 0.3.12 90.95 NOTE
r-devel-osx-x86_64-clang 0.3.12 78.72 NOTE
r-devel-windows-ix86+x86_64 0.3.12 14.00 82.00 96.00 NOTE
r-patched-linux-x86_64 0.3.12 5.33 53.34 58.67 OK
r-patched-solaris-sparc 0.3.12 719.90 OK
r-patched-solaris-x86 0.3.12 176.40 OK
r-release-linux-ix86 0.3.12 4.66 62.18 66.84 OK
r-release-linux-x86_64 0.3.12 3.90 51.99 55.89 OK
r-release-osx-x86_64-mavericks 0.3.12 OK
r-release-osx-x86_64-snowleopard 0.3.12 OK
r-release-windows-ix86+x86_64 0.3.12 16.00 109.00 125.00 OK
r-oldrel-windows-ix86+x86_64 0.3.12 11.00 73.00 84.00 OK

Check Details

Version: 0.3.12
Check: DESCRIPTION meta-information
Result: NOTE
    Malformed Title field: should not end in a period.
Flavors: r-devel-linux-x86_64-debian-clang, r-devel-linux-x86_64-debian-gcc, r-devel-linux-x86_64-fedora-clang, r-devel-linux-x86_64-fedora-gcc, r-devel-osx-x86_64-clang, r-devel-windows-ix86+x86_64