CRAN Package Check Results for Package biom

Last updated on 2015-07-07 17:47:26.

Flavor Version Tinstall Tcheck Ttotal Status Flags
r-devel-linux-x86_64-debian-clang 0.3.12 3.82 38.98 42.80 NOTE
r-devel-linux-x86_64-debian-gcc 0.3.12 3.14 38.43 41.58 NOTE
r-devel-linux-x86_64-fedora-clang 0.3.12 88.94 NOTE
r-devel-linux-x86_64-fedora-gcc 0.3.12 81.61 NOTE
r-devel-osx-x86_64-clang 0.3.12 69.95 NOTE
r-devel-windows-ix86+x86_64 0.3.12 12.00 61.00 73.00 NOTE
r-patched-linux-x86_64 0.3.12 2.90 37.82 40.72 NOTE
r-patched-solaris-sparc 0.3.12 540.00 NOTE
r-patched-solaris-x86 0.3.12 126.60 NOTE
r-release-linux-x86_64 0.3.12 3.06 38.78 41.83 NOTE
r-release-osx-x86_64-mavericks 0.3.12 NOTE
r-release-windows-ix86+x86_64 0.3.12 13.00 58.00 71.00 NOTE
r-oldrel-windows-ix86+x86_64 0.3.12 11.00 75.00 86.00 OK

Check Details

Version: 0.3.12
Check: DESCRIPTION meta-information
Result: NOTE
    Malformed Title field: should not end in a period.
Flavors: r-devel-linux-x86_64-debian-clang, r-devel-linux-x86_64-debian-gcc, r-devel-linux-x86_64-fedora-clang, r-devel-linux-x86_64-fedora-gcc, r-devel-osx-x86_64-clang, r-devel-windows-ix86+x86_64, r-patched-linux-x86_64, r-patched-solaris-sparc, r-patched-solaris-x86, r-release-linux-x86_64, r-release-osx-x86_64-mavericks, r-release-windows-ix86+x86_64