CRAN Package Check Results for Package biom

Last updated on 2015-05-28 00:46:54.

Flavor Version Tinstall Tcheck Ttotal Status Flags
r-devel-linux-x86_64-debian-clang 0.3.12 3.04 39.84 42.88 NOTE
r-devel-linux-x86_64-debian-gcc 0.3.12 3.93 38.66 42.59 NOTE
r-devel-linux-x86_64-fedora-clang 0.3.12 90.07 NOTE
r-devel-linux-x86_64-fedora-gcc 0.3.12 86.97 NOTE
r-devel-osx-x86_64-clang 0.3.12 74.20 NOTE
r-devel-windows-ix86+x86_64 0.3.12 9.00 62.00 71.00 NOTE
r-patched-linux-x86_64 0.3.12 2.96 38.46 41.42 NOTE
r-patched-solaris-sparc 0.3.12 540.00 NOTE
r-patched-solaris-x86 0.3.12 126.20 NOTE
r-release-linux-x86_64 0.3.12 4.30 40.73 45.03 NOTE
r-release-osx-x86_64-mavericks 0.3.12 NOTE
r-release-osx-x86_64-snowleopard 0.3.12 ERROR
r-release-windows-ix86+x86_64 0.3.12 10.00 61.00 71.00 NOTE
r-oldrel-windows-ix86+x86_64 0.3.12 11.00 72.00 83.00 OK

Check Details

Version: 0.3.12
Check: DESCRIPTION meta-information
Result: NOTE
    Malformed Title field: should not end in a period.
Flavors: r-devel-linux-x86_64-debian-clang, r-devel-linux-x86_64-debian-gcc, r-devel-linux-x86_64-fedora-clang, r-devel-linux-x86_64-fedora-gcc, r-devel-osx-x86_64-clang, r-devel-windows-ix86+x86_64, r-patched-linux-x86_64, r-patched-solaris-sparc, r-patched-solaris-x86, r-release-linux-x86_64, r-release-osx-x86_64-mavericks, r-release-windows-ix86+x86_64

Version: 0.3.12
Check: package dependencies
Result: ERROR
    Package suggested but not available for checking: ‘knitr’
    
    VignetteBuilder package required for checking but installed: ‘knitr’
    
    See section ‘The DESCRIPTION file’ in the ‘Writing R Extensions’
    manual.
Flavor: r-release-osx-x86_64-snowleopard