CRAN Package Check Results for Package biom

Last updated on 2015-09-03 19:47:05.

Flavor Version Tinstall Tcheck Ttotal Status Flags
r-devel-linux-x86_64-debian-clang 0.3.12 2.88 39.10 41.98 NOTE
r-devel-linux-x86_64-debian-gcc 0.3.12 2.91 37.38 40.29 NOTE
r-devel-linux-x86_64-fedora-clang 0.3.12 84.78 NOTE
r-devel-linux-x86_64-fedora-gcc 0.3.12 79.92 NOTE
r-devel-osx-x86_64-clang 0.3.12 69.79 NOTE
r-devel-windows-ix86+x86_64 0.3.12 12.00 67.00 79.00 NOTE
r-patched-linux-x86_64 0.3.12 3.19 39.28 42.46 NOTE
r-patched-solaris-sparc 0.3.12 553.70 NOTE
r-patched-solaris-x86 0.3.12 128.20 NOTE
r-release-linux-x86_64 0.3.12 3.05 40.10 43.14 NOTE
r-release-osx-x86_64-mavericks 0.3.12 NOTE
r-release-windows-ix86+x86_64 0.3.12 12.00 71.00 83.00 NOTE
r-oldrel-windows-ix86+x86_64 0.3.12 17.00 112.00 129.00 OK

Check Details

Version: 0.3.12
Check: DESCRIPTION meta-information
Result: NOTE
    Malformed Title field: should not end in a period.
Flavors: r-devel-linux-x86_64-debian-clang, r-devel-linux-x86_64-debian-gcc, r-devel-linux-x86_64-fedora-clang, r-devel-linux-x86_64-fedora-gcc, r-devel-osx-x86_64-clang, r-devel-windows-ix86+x86_64, r-patched-linux-x86_64, r-patched-solaris-sparc, r-patched-solaris-x86, r-release-linux-x86_64, r-release-osx-x86_64-mavericks, r-release-windows-ix86+x86_64