CRAN Package Check Results for Package biom

Last updated on 2016-09-29 00:47:01.

Flavor Version Tinstall Tcheck Ttotal Status Flags
r-devel-linux-x86_64-debian-clang 0.3.12 2.53 33.72 36.25 ERROR
r-devel-linux-x86_64-debian-gcc 0.3.12 2.59 32.98 35.57 ERROR
r-devel-linux-x86_64-fedora-clang 0.3.12 79.45 ERROR
r-devel-linux-x86_64-fedora-gcc 0.3.12 73.91 ERROR
r-devel-macos-x86_64-clang 0.3.12 60.12 ERROR
r-devel-windows-ix86+x86_64 0.3.12 7.00 84.00 91.00 ERROR
r-patched-linux-x86_64 0.3.12 2.79 33.42 36.21 ERROR
r-patched-solaris-sparc 0.3.12 488.30 ERROR
r-patched-solaris-x86 0.3.12 107.50 ERROR
r-release-linux-x86_64 0.3.12 2.66 34.03 36.69 ERROR
r-release-osx-x86_64-mavericks 0.3.12 ERROR
r-release-windows-ix86+x86_64 0.3.12 11.00 65.00 76.00 ERROR
r-oldrel-windows-ix86+x86_64 0.3.12 12.00 91.00 103.00 ERROR

Check Details

Version: 0.3.12
Check: DESCRIPTION meta-information
Result: NOTE
    Malformed Title field: should not end in a period.
Flavors: r-devel-linux-x86_64-debian-clang, r-devel-linux-x86_64-debian-gcc, r-devel-linux-x86_64-fedora-clang, r-devel-linux-x86_64-fedora-gcc, r-devel-macos-x86_64-clang, r-devel-windows-ix86+x86_64, r-patched-linux-x86_64, r-patched-solaris-sparc, r-patched-solaris-x86, r-release-linux-x86_64, r-release-osx-x86_64-mavericks, r-release-windows-ix86+x86_64, r-oldrel-windows-ix86+x86_64

Version: 0.3.12
Check: tests
Result: ERROR
    Running the tests in ‘tests/testthat-biom.R’ failed.
    Last 13 lines of output:
     ........................12......................................................................................
     Failed -------------------------------------------------------------------------
     1. Failure: show method output tests (@test-IO.R#69) ---------------------------
     `x1` produced no output
    
    
     2. Failure: show method output tests (@test-IO.R#70) ---------------------------
     `x4` produced no output
    
    
     DONE ===========================================================================
     Error: Test failures
     In addition: Warning message:
     Placing tests in `inst/tests/` is deprecated. Please use `tests/testthat/` instead
     Execution halted
Flavors: r-devel-linux-x86_64-debian-clang, r-devel-linux-x86_64-debian-gcc, r-devel-linux-x86_64-fedora-clang, r-devel-linux-x86_64-fedora-gcc, r-devel-macos-x86_64-clang, r-devel-windows-ix86+x86_64

Version: 0.3.12
Check: tests
Result: ERROR
    Running the tests in ‘tests/testthat-biom.R’ failed.
    Last 13 lines of output:
     1. Failure: show method output tests (@test-IO.R#69) ---------------------------
     `x1` produced no output
    
    
     2. Failure: show method output tests (@test-IO.R#70) ---------------------------
     `x4` produced no output
    
    
     DONE ===========================================================================
     Error: Test failures
     In addition: Warning message:
     Placing tests in `inst/tests/` is deprecated. Please use `tests/testthat/` instead
     Execution halted
Flavors: r-patched-linux-x86_64, r-patched-solaris-sparc, r-patched-solaris-x86, r-release-linux-x86_64, r-release-osx-x86_64-mavericks, r-release-windows-ix86+x86_64, r-oldrel-windows-ix86+x86_64