CRAN Package Check Results for Package biom

Last updated on 2015-04-02 08:49:25.

Flavor Version Tinstall Tcheck Ttotal Status Flags
r-devel-linux-x86_64-debian-clang 0.3.12 2.99 40.74 43.72 NOTE
r-devel-linux-x86_64-debian-gcc 0.3.12 3.32 40.76 44.08 NOTE
r-devel-linux-x86_64-fedora-clang 0.3.12 94.55 NOTE
r-devel-linux-x86_64-fedora-gcc 0.3.12 94.95 NOTE
r-devel-osx-x86_64-clang 0.3.12 85.96 NOTE
r-prerel-windows-ix86+x86_64 0.3.12 12.00 59.00 71.00 NOTE
r-prerel-linux-x86_64 0.3.12 2.96 40.25 43.21 NOTE
r-prerel-solaris-sparc 0.3.12 548.70 NOTE
r-prerel-solaris-x86 0.3.12 123.70 NOTE
r-release-linux-x86_64 0.3.12 3.98 52.54 56.52 OK
r-release-osx-x86_64-mavericks 0.3.12 OK
r-release-osx-x86_64-snowleopard 0.3.12 OK
r-release-windows-ix86+x86_64 0.3.12 11.00 80.00 91.00 OK
r-oldrel-windows-ix86+x86_64 0.3.12 12.00 76.00 88.00 OK

Check Details

Version: 0.3.12
Check: DESCRIPTION meta-information
Result: NOTE
    Malformed Title field: should not end in a period.
Flavors: r-devel-linux-x86_64-debian-clang, r-devel-linux-x86_64-debian-gcc, r-devel-linux-x86_64-fedora-clang, r-devel-linux-x86_64-fedora-gcc, r-devel-osx-x86_64-clang, r-prerel-windows-ix86+x86_64, r-prerel-linux-x86_64, r-prerel-solaris-sparc, r-prerel-solaris-x86