CRAN Package Check Results for Package biom

Last updated on 2016-07-31 04:51:30.

Flavor Version Tinstall Tcheck Ttotal Status Flags
r-devel-linux-x86_64-debian-clang 0.3.12 2.97 40.17 43.14 ERROR
r-devel-linux-x86_64-debian-gcc 0.3.12 3.05 39.97 43.02 ERROR
r-devel-linux-x86_64-fedora-clang 0.3.12 83.08 ERROR
r-devel-linux-x86_64-fedora-gcc 0.3.12 77.75 ERROR
r-devel-osx-x86_64-clang 0.3.12 66.46 ERROR
r-devel-windows-ix86+x86_64 0.3.12 8.00 66.00 74.00 ERROR
r-patched-linux-x86_64 0.3.12 2.86 37.43 40.29 ERROR
r-patched-solaris-sparc 0.3.12 488.30 ERROR
r-patched-solaris-x86 0.3.12 108.20 ERROR
r-release-linux-x86_64 0.3.12 3.28 42.21 45.49 ERROR
r-release-osx-x86_64-mavericks 0.3.12 ERROR
r-release-windows-ix86+x86_64 0.3.12 12.00 70.00 82.00 ERROR
r-oldrel-windows-ix86+x86_64 0.3.12 11.00 95.00 106.00 ERROR

Check Details

Version: 0.3.12
Check: DESCRIPTION meta-information
Result: NOTE
    Malformed Title field: should not end in a period.
Flavors: r-devel-linux-x86_64-debian-clang, r-devel-linux-x86_64-debian-gcc, r-devel-linux-x86_64-fedora-clang, r-devel-linux-x86_64-fedora-gcc, r-devel-osx-x86_64-clang, r-devel-windows-ix86+x86_64, r-patched-linux-x86_64, r-patched-solaris-sparc, r-patched-solaris-x86, r-release-linux-x86_64, r-release-osx-x86_64-mavericks, r-release-windows-ix86+x86_64, r-oldrel-windows-ix86+x86_64

Version: 0.3.12
Check: tests
Result: ERROR
    Running the tests in ‘tests/testthat-biom.R’ failed.
    Last 13 lines of output:
     ........................12......................................................................................
     Failed -------------------------------------------------------------------------
     1. Failure: show method output tests (@test-IO.R#69) ---------------------------
     `x1` produced no output
    
    
     2. Failure: show method output tests (@test-IO.R#70) ---------------------------
     `x4` produced no output
    
    
     DONE ===========================================================================
     Error: Test failures
     In addition: Warning message:
     Placing tests in `inst/tests/` is deprecated. Please use `tests/testthat/` instead
     Execution halted
Flavors: r-devel-linux-x86_64-debian-clang, r-devel-linux-x86_64-debian-gcc, r-devel-linux-x86_64-fedora-clang, r-devel-linux-x86_64-fedora-gcc, r-devel-osx-x86_64-clang, r-devel-windows-ix86+x86_64

Version: 0.3.12
Check: tests
Result: ERROR
    Running the tests in ‘tests/testthat-biom.R’ failed.
    Last 13 lines of output:
     1. Failure: show method output tests (@test-IO.R#69) ---------------------------
     `x1` produced no output
    
    
     2. Failure: show method output tests (@test-IO.R#70) ---------------------------
     `x4` produced no output
    
    
     DONE ===========================================================================
     Error: Test failures
     In addition: Warning message:
     Placing tests in `inst/tests/` is deprecated. Please use `tests/testthat/` instead
     Execution halted
Flavors: r-patched-linux-x86_64, r-patched-solaris-sparc, r-patched-solaris-x86, r-release-linux-x86_64, r-release-osx-x86_64-mavericks, r-release-windows-ix86+x86_64, r-oldrel-windows-ix86+x86_64