CRAN Package Check Results for Package biom

Last updated on 2016-08-29 21:48:59.

Flavor Version Tinstall Tcheck Ttotal Status Flags
r-devel-linux-x86_64-debian-clang 0.3.12 3.06 39.79 42.85 ERROR
r-devel-linux-x86_64-debian-gcc 0.3.12 2.56 34.29 36.85 ERROR
r-devel-linux-x86_64-fedora-clang 0.3.12 83.35 ERROR
r-devel-linux-x86_64-fedora-gcc 0.3.12 78.70 ERROR
r-devel-osx-x86_64-clang 0.3.12 66.25 ERROR
r-devel-windows-ix86+x86_64 0.3.12 11.00 68.00 79.00 ERROR
r-patched-linux-x86_64 0.3.12 2.83 37.66 40.49 ERROR
r-patched-solaris-sparc 0.3.12 488.30 ERROR
r-patched-solaris-x86 0.3.12 108.70 ERROR
r-release-linux-x86_64 0.3.12 2.52 33.56 36.08 ERROR
r-release-osx-x86_64-mavericks 0.3.12 ERROR
r-release-windows-ix86+x86_64 0.3.12 7.00 57.00 64.00 ERROR
r-oldrel-windows-ix86+x86_64 0.3.12 13.00 97.00 110.00 ERROR

Check Details

Version: 0.3.12
Check: DESCRIPTION meta-information
Result: NOTE
    Malformed Title field: should not end in a period.
Flavors: r-devel-linux-x86_64-debian-clang, r-devel-linux-x86_64-debian-gcc, r-devel-linux-x86_64-fedora-clang, r-devel-linux-x86_64-fedora-gcc, r-devel-osx-x86_64-clang, r-devel-windows-ix86+x86_64, r-patched-linux-x86_64, r-patched-solaris-sparc, r-patched-solaris-x86, r-release-linux-x86_64, r-release-osx-x86_64-mavericks, r-release-windows-ix86+x86_64, r-oldrel-windows-ix86+x86_64

Version: 0.3.12
Check: tests
Result: ERROR
    Running the tests in ‘tests/testthat-biom.R’ failed.
    Last 13 lines of output:
     ........................12......................................................................................
     Failed -------------------------------------------------------------------------
     1. Failure: show method output tests (@test-IO.R#69) ---------------------------
     `x1` produced no output
    
    
     2. Failure: show method output tests (@test-IO.R#70) ---------------------------
     `x4` produced no output
    
    
     DONE ===========================================================================
     Error: Test failures
     In addition: Warning message:
     Placing tests in `inst/tests/` is deprecated. Please use `tests/testthat/` instead
     Execution halted
Flavors: r-devel-linux-x86_64-debian-clang, r-devel-linux-x86_64-debian-gcc, r-devel-linux-x86_64-fedora-clang, r-devel-linux-x86_64-fedora-gcc, r-devel-osx-x86_64-clang, r-devel-windows-ix86+x86_64

Version: 0.3.12
Check: tests
Result: ERROR
    Running the tests in ‘tests/testthat-biom.R’ failed.
    Last 13 lines of output:
     1. Failure: show method output tests (@test-IO.R#69) ---------------------------
     `x1` produced no output
    
    
     2. Failure: show method output tests (@test-IO.R#70) ---------------------------
     `x4` produced no output
    
    
     DONE ===========================================================================
     Error: Test failures
     In addition: Warning message:
     Placing tests in `inst/tests/` is deprecated. Please use `tests/testthat/` instead
     Execution halted
Flavors: r-patched-linux-x86_64, r-patched-solaris-sparc, r-patched-solaris-x86, r-release-linux-x86_64, r-release-osx-x86_64-mavericks, r-release-windows-ix86+x86_64, r-oldrel-windows-ix86+x86_64