CRAN Package Check Results for Package biom

Last updated on 2016-12-06 06:47:35.

Flavor Version Tinstall Tcheck Ttotal Status Flags
r-devel-linux-x86_64-debian-clang 0.3.12 3.08 40.99 44.07 ERROR
r-devel-linux-x86_64-debian-gcc 0.3.12 2.88 40.69 43.57 ERROR
r-devel-linux-x86_64-fedora-clang 0.3.12 101.18 ERROR --no-stop-on-test-error
r-devel-linux-x86_64-fedora-gcc 0.3.12 97.42 ERROR --no-stop-on-test-error
r-devel-macos-x86_64-clang 0.3.12 74.53 ERROR --no-stop-on-test-error
r-devel-windows-ix86+x86_64 0.3.12 8.00 73.00 81.00 ERROR
r-patched-linux-x86_64 0.3.12 2.72 33.53 36.25 ERROR
r-patched-solaris-sparc 0.3.12 502.50 ERROR
r-patched-solaris-x86 0.3.12 108.00 ERROR
r-release-linux-x86_64 0.3.12 2.69 33.64 36.33 ERROR
r-release-osx-x86_64-mavericks 0.3.12 ERROR
r-release-windows-ix86+x86_64 0.3.12 11.00 66.00 77.00 ERROR
r-oldrel-windows-ix86+x86_64 0.3.12 11.00 66.00 77.00 ERROR

Check Details

Version: 0.3.12
Check: DESCRIPTION meta-information
Result: NOTE
    Malformed Title field: should not end in a period.
Flavors: r-devel-linux-x86_64-debian-clang, r-devel-linux-x86_64-debian-gcc, r-devel-windows-ix86+x86_64, r-patched-linux-x86_64, r-patched-solaris-sparc, r-patched-solaris-x86, r-release-linux-x86_64, r-release-osx-x86_64-mavericks, r-release-windows-ix86+x86_64, r-oldrel-windows-ix86+x86_64

Version: 0.3.12
Check: tests
Result: ERROR
    Running the tests in ‘tests/testthat-biom.R’ failed.
    Last 13 lines of output:
     ........................12......................................................................................
     Failed -------------------------------------------------------------------------
     1. Failure: show method output tests (@test-IO.R#69) ---------------------------
     `x1` produced no output
    
    
     2. Failure: show method output tests (@test-IO.R#70) ---------------------------
     `x4` produced no output
    
    
     DONE ===========================================================================
     Error: Test failures
     In addition: Warning message:
     Placing tests in `inst/tests/` is deprecated. Please use `tests/testthat/` instead
     Execution halted
Flavors: r-devel-linux-x86_64-debian-clang, r-devel-linux-x86_64-debian-gcc, r-devel-windows-ix86+x86_64

Version: 0.3.12
Flags: --no-stop-on-test-error
Check: DESCRIPTION meta-information
Result: NOTE
    Malformed Title field: should not end in a period.
Flavors: r-devel-linux-x86_64-fedora-clang, r-devel-linux-x86_64-fedora-gcc, r-devel-macos-x86_64-clang

Version: 0.3.12
Flags: --no-stop-on-test-error
Check: tests
Result: ERROR
     Running ‘testthat-biom.R’ [6s/16s]
    Running the tests in ‘tests/testthat-biom.R’ failed.
    Last 13 lines of output:
     ........................12......................................................................................
     Failed -------------------------------------------------------------------------
     1. Failure: show method output tests (@test-IO.R#69) ---------------------------
     `x1` produced no output
    
    
     2. Failure: show method output tests (@test-IO.R#70) ---------------------------
     `x4` produced no output
    
    
     DONE ===========================================================================
     Error: Test failures
     In addition: Warning message:
     Placing tests in `inst/tests/` is deprecated. Please use `tests/testthat/` instead
     Execution halted
Flavor: r-devel-linux-x86_64-fedora-clang

Version: 0.3.12
Flags: --no-stop-on-test-error
Check: tests
Result: ERROR
     Running ‘testthat-biom.R’ [5s/14s]
    Running the tests in ‘tests/testthat-biom.R’ failed.
    Last 13 lines of output:
     ........................12......................................................................................
     Failed -------------------------------------------------------------------------
     1. Failure: show method output tests (@test-IO.R#69) ---------------------------
     `x1` produced no output
    
    
     2. Failure: show method output tests (@test-IO.R#70) ---------------------------
     `x4` produced no output
    
    
     DONE ===========================================================================
     Error: Test failures
     In addition: Warning message:
     Placing tests in `inst/tests/` is deprecated. Please use `tests/testthat/` instead
     Execution halted
Flavor: r-devel-linux-x86_64-fedora-gcc

Version: 0.3.12
Flags: --no-stop-on-test-error
Check: tests
Result: ERROR
     Running ‘testthat-biom.R’
    Running the tests in ‘tests/testthat-biom.R’ failed.
    Last 13 lines of output:
     ........................12......................................................................................
     Failed -------------------------------------------------------------------------
     1. Failure: show method output tests (@test-IO.R#69) ---------------------------
     `x1` produced no output
    
    
     2. Failure: show method output tests (@test-IO.R#70) ---------------------------
     `x4` produced no output
    
    
     DONE ===========================================================================
     Error: Test failures
     In addition: Warning message:
     Placing tests in `inst/tests/` is deprecated. Please use `tests/testthat/` instead
     Execution halted
Flavor: r-devel-macos-x86_64-clang

Version: 0.3.12
Check: tests
Result: ERROR
    Running the tests in ‘tests/testthat-biom.R’ failed.
    Last 13 lines of output:
     1. Failure: show method output tests (@test-IO.R#69) ---------------------------
     `x1` produced no output
    
    
     2. Failure: show method output tests (@test-IO.R#70) ---------------------------
     `x4` produced no output
    
    
     DONE ===========================================================================
     Error: Test failures
     In addition: Warning message:
     Placing tests in `inst/tests/` is deprecated. Please use `tests/testthat/` instead
     Execution halted
Flavors: r-patched-linux-x86_64, r-release-linux-x86_64, r-release-osx-x86_64-mavericks, r-release-windows-ix86+x86_64, r-oldrel-windows-ix86+x86_64

Version: 0.3.12
Check: tests
Result: ERROR
     Running ‘testthat-biom.R’ [23s/23s]
    Running the tests in ‘tests/testthat-biom.R’ failed.
    Last 13 lines of output:
     1. Failure: show method output tests (@test-IO.R#69) ---------------------------
     `x1` produced no output
    
    
     2. Failure: show method output tests (@test-IO.R#70) ---------------------------
     `x4` produced no output
    
    
     DONE ===========================================================================
     Error: Test failures
     In addition: Warning message:
     Placing tests in `inst/tests/` is deprecated. Please use `tests/testthat/` instead
     Execution halted
Flavor: r-patched-solaris-sparc

Version: 0.3.12
Check: tests
Result: ERROR
     Running ‘testthat-biom.R’
    Running the tests in ‘tests/testthat-biom.R’ failed.
    Last 13 lines of output:
     1. Failure: show method output tests (@test-IO.R#69) ---------------------------
     `x1` produced no output
    
    
     2. Failure: show method output tests (@test-IO.R#70) ---------------------------
     `x4` produced no output
    
    
     DONE ===========================================================================
     Error: Test failures
     In addition: Warning message:
     Placing tests in `inst/tests/` is deprecated. Please use `tests/testthat/` instead
     Execution halted
Flavor: r-patched-solaris-x86