CRAN Package Check Results for Package biom

Last updated on 2016-05-05 14:47:27.

Flavor Version Tinstall Tcheck Ttotal Status Flags
r-devel-linux-x86_64-debian-gcc 0.3.12 2.95 37.67 40.62 ERROR
r-devel-linux-x86_64-fedora-clang 0.3.12 84.03 ERROR
r-devel-linux-x86_64-fedora-gcc 0.3.12 77.58 ERROR
r-devel-osx-x86_64-clang 0.3.12 85.67 ERROR
r-devel-windows-ix86+x86_64 0.3.12 7.00 67.00 74.00 ERROR
r-patched-linux-x86_64 0.3.12 2.88 37.52 40.40 ERROR
r-patched-solaris-sparc 0.3.12 487.70 ERROR
r-patched-solaris-x86 0.3.12 110.40 ERROR
r-release-linux-x86_64 0.3.12 2.86 37.18 40.04 ERROR
r-release-osx-x86_64-mavericks 0.3.12 NOTE
r-release-windows-ix86+x86_64 0.3.12 7.00 67.00 74.00 ERROR
r-oldrel-windows-ix86+x86_64 0.3.12 11.00 96.00 107.00 ERROR

Check Details

Version: 0.3.12
Check: DESCRIPTION meta-information
Result: NOTE
    Malformed Title field: should not end in a period.
Flavors: r-devel-linux-x86_64-debian-gcc, r-devel-linux-x86_64-fedora-clang, r-devel-linux-x86_64-fedora-gcc, r-devel-osx-x86_64-clang, r-devel-windows-ix86+x86_64, r-patched-linux-x86_64, r-patched-solaris-sparc, r-patched-solaris-x86, r-release-linux-x86_64, r-release-osx-x86_64-mavericks, r-release-windows-ix86+x86_64, r-oldrel-windows-ix86+x86_64

Version: 0.3.12
Check: tests
Result: ERROR
    Running the tests in ‘tests/testthat-biom.R’ failed.
    Last 13 lines of output:
     1. Failure: show method output tests (@test-IO.R#69) ---------------------------
     `x1` produced no output
    
    
     2. Failure: show method output tests (@test-IO.R#70) ---------------------------
     `x4` produced no output
    
    
     DONE ===========================================================================
     Error: Test failures
     In addition: Warning message:
     Placing tests in `inst/tests/` is deprecated. Please use `tests/testthat/` instead
     Execution halted
Flavors: r-devel-linux-x86_64-debian-gcc, r-devel-linux-x86_64-fedora-clang, r-devel-linux-x86_64-fedora-gcc, r-devel-osx-x86_64-clang, r-devel-windows-ix86+x86_64, r-patched-linux-x86_64, r-patched-solaris-sparc, r-patched-solaris-x86, r-release-linux-x86_64, r-release-windows-ix86+x86_64, r-oldrel-windows-ix86+x86_64