CRAN Package Check Results for Package biom

Last updated on 2016-02-09 01:47:57.

Flavor Version Tinstall Tcheck Ttotal Status Flags
r-devel-linux-x86_64-debian-gcc 0.3.12 2.93 38.05 40.97 NOTE
r-devel-linux-x86_64-fedora-clang 0.3.12 81.84 NOTE
r-devel-linux-x86_64-fedora-gcc 0.3.12 79.37 NOTE
r-devel-osx-x86_64-clang 0.3.12 85.14 NOTE
r-devel-windows-ix86+x86_64 0.3.12 12.00 91.00 103.00 NOTE
r-patched-linux-x86_64 0.3.12 3.21 40.08 43.29 NOTE
r-patched-solaris-sparc 0.3.12 528.40 NOTE
r-patched-solaris-x86 0.3.12 119.40 NOTE
r-release-linux-x86_64 0.3.12 3.48 40.07 43.55 NOTE
r-release-osx-x86_64-mavericks 0.3.12 NOTE
r-release-windows-ix86+x86_64 0.3.12 12.00 92.00 104.00 NOTE
r-oldrel-windows-ix86+x86_64 0.3.12 16.00 81.00 97.00 OK

Check Details

Version: 0.3.12
Check: DESCRIPTION meta-information
Result: NOTE
    Malformed Title field: should not end in a period.
Flavors: r-devel-linux-x86_64-debian-gcc, r-devel-linux-x86_64-fedora-clang, r-devel-linux-x86_64-fedora-gcc, r-devel-osx-x86_64-clang, r-devel-windows-ix86+x86_64, r-patched-linux-x86_64, r-patched-solaris-sparc, r-patched-solaris-x86, r-release-linux-x86_64, r-release-osx-x86_64-mavericks, r-release-windows-ix86+x86_64