CRAN Package Check Results for Package biom

Last updated on 2015-08-05 11:47:50.

Flavor Version Tinstall Tcheck Ttotal Status Flags
r-devel-linux-x86_64-debian-clang 0.3.12 3.06 39.27 42.33 NOTE
r-devel-linux-x86_64-debian-gcc 0.3.12 4.24 38.01 42.25 NOTE
r-devel-linux-x86_64-fedora-clang 0.3.12 91.53 NOTE
r-devel-linux-x86_64-fedora-gcc 0.3.12 89.36 NOTE
r-devel-osx-x86_64-clang 0.3.12 69.34 NOTE
r-devel-windows-ix86+x86_64 0.3.12 13.00 64.00 77.00 NOTE
r-patched-linux-x86_64 0.3.12 3.13 38.98 42.11 NOTE
r-patched-solaris-sparc 0.3.12 553.70 NOTE
r-patched-solaris-x86 0.3.12 127.00 NOTE
r-release-linux-x86_64 0.3.12 3.10 38.61 41.70 NOTE
r-release-osx-x86_64-mavericks 0.3.12 NOTE
r-release-windows-ix86+x86_64 0.3.12 13.00 67.00 80.00 NOTE
r-oldrel-windows-ix86+x86_64 0.3.12 17.00 74.00 91.00 OK

Check Details

Version: 0.3.12
Check: DESCRIPTION meta-information
Result: NOTE
    Malformed Title field: should not end in a period.
Flavors: r-devel-linux-x86_64-debian-clang, r-devel-linux-x86_64-debian-gcc, r-devel-linux-x86_64-fedora-clang, r-devel-linux-x86_64-fedora-gcc, r-devel-osx-x86_64-clang, r-devel-windows-ix86+x86_64, r-patched-linux-x86_64, r-patched-solaris-sparc, r-patched-solaris-x86, r-release-linux-x86_64, r-release-osx-x86_64-mavericks, r-release-windows-ix86+x86_64